{"id":963,"date":"2023-01-12T11:29:53","date_gmt":"2023-01-12T11:29:53","guid":{"rendered":"https:\/\/livinghome.vn\/thiet-bi\/?post_type=product&#038;p=963"},"modified":"2024-11-29T14:20:49","modified_gmt":"2024-11-29T07:20:49","slug":"may-rua-chen-kaff-kf-bisw12","status":"publish","type":"product","link":"https:\/\/livinghome.vn\/thiet-bi\/may-rua-chen-kaff-kf-bisw12\/","title":{"rendered":"M\u00e1y r\u1eeda ch\u00e9n Kaff KF-BISW12 \u00e2m to\u00e0n ph\u1ea7n th\u00e2n s\u01a1n t\u0129nh \u0111i\u1ec7n m\u00e0u \u0111en cao c\u1ea5p"},"content":{"rendered":"<h2>M\u00e1y r\u1eeda ch\u00e9n Kaff KF-BISW12 \u00e2m to\u00e0n ph\u1ea7n v\u1edbi s\u1ee9c ch\u1ee9a 12 b\u1ed9 \u0111\u1ed3 \u0103n Ch\u00e2u \u00c2u<\/h2>\n<figure id=\"attachment_52160\" aria-describedby=\"caption-attachment-52160\" style=\"width: 800px\" class=\"wp-caption alignnone\"><img loading=\"lazy\" decoding=\"async\" class=\"size-large wp-image-52160\" src=\"https:\/\/livinghome.vn\/thiet-bi\/wp-content\/uploads\/nha-bep\/kaff\/may-rua-chen\/may-rua-chen-kaff-kf-bisw12\/may-rua-chen-kaff-kf-bisw12-800x800.jpg\" alt=\"M\u00e1y r\u1eeda ch\u00e9n Kaff KF-BISW12\" width=\"800\" height=\"800\" title=\"\"><figcaption id=\"caption-attachment-52160\" class=\"wp-caption-text\">M\u00e1y r\u1eeda ch\u00e9n Kaff KF-BISW12<\/figcaption><\/figure>\n<p>Th\u00f4ng s\u1ed1 k\u1ef9 thu\u1eadt:<\/p>\n<ul>\n<li><a href=\"https:\/\/livinghome.vn\/thiet-bi\/may-rua-chen-bat\/\">M\u00e1y r\u1eeda ch\u00e9n \u00e2m to\u00e0n ph\u1ea7n<\/a><\/li>\n<li>Th\u00e2n s\u01a1n t\u0129nh \u0111i\u1ec7n m\u00e0u \u0111en cao c\u1ea5p<\/li>\n<li>S\u1ee9c ch\u1ee9a 14 b\u1ed9 \u0111\u1ed3 \u0103n Ch\u00e2u \u00c2u<\/li>\n<li>6 Ch\u01b0\u01a1ng tr\u00ecnh r\u1eeda t\u00edch h\u1ee3p: R\u1eeda k\u1ef9, r\u1eeda ti\u1ebft ki\u1ec7m, r\u1eeda 1h, r\u1eeda nhanh, r\u1eeda s\u01a1 b\u1ed9, r\u1eeda ch\u1edd l\u00ean \u0111\u1ebfn 24h<\/li>\n<li>Ch\u1ee9c n\u0103ng \u0111\u1eb7c bi\u1ec7t: t\u0103ng t\u1ed1c \u0111\u1ed9 r\u1eeda, r\u1eeda n\u1eeda t\u1ea3i<\/li>\n<li>Ch\u1ee9c n\u0103ng s\u1ea5y t\u0103ng c\u01b0\u1eddng (Tubor Fan)<\/li>\n<li>\u0110i\u1ec1u khi\u1ec3n \u0111i\u1ec7n t\u1eed, m\u00e0n h\u00ecnh led sang tr\u1ecdng<\/li>\n<li>Ch\u1ee9c n\u0103ng h\u1eb9n gi\u1edd<\/li>\n<li>\u0110\u1ed9 \u1ed3n c\u1ef1c th\u1ea5p maximum 40dB<\/li>\n<li>Ti\u00eau chu\u1ea9n ti\u1ebft ki\u1ec7m n\u0103ng l\u01b0\u1ee3ng Ch\u00e2u \u00c2u A+++(bi\u1ebfn t\u1ea7n t\u00edch h\u1ee3p)<\/li>\n<li>Ch\u1ee9c n\u0103ng kh\u00f3a m\u00e1y khi c\u00f3 s\u1ef1 c\u1ed1 ngo\u1ea1i c\u1ea3nh t\u00e1c \u0111\u1ed9ng (ng\u1eadp n\u01b0\u1edbc, va \u0111\u1eadp, y\u1ebfu \u0111i\u1ec7n, thi\u1ebfu n\u01b0\u1edbc\u2026)<\/li>\n<li>Ch\u1ed3ng r\u00f2 n\u01b0\u1edbc t\u1eeb m\u00e1y<\/li>\n<li>M\u1ee9c ti\u00eau th\u1ee5 \u0111i\u1ec7n n\u0103ng: 1.850Kwh\/l\u1ea7n r\u1eeda<\/li>\n<li>Nhi\u1ec7t \u0111\u1ed9 n\u01b0\u1edbc n\u00f3ng l\u00ean \u0111\u1ebfn 70 \u0111\u1ed9<\/li>\n<li>M\u1ee9c ti\u00eau th\u1ee5 n\u01b0\u1edbc: 10 l\u00edt\/l\u1ea7n r\u1eeda<\/li>\n<li>\u00c1p su\u1ea5t n\u01b0\u1edbc 0.4 \u0111\u1ebfn 10 Bar<\/li>\n<li>\u0110i\u1ec7n n\u0103ng \u0111\u1ea7u v\u00e0o: 220-240V\/50-60Hz<\/li>\n<li>Chi\u1ec1u d\u00e0i c\u00e1p \u0111i\u1ec7n 1.5m<\/li>\n<li>K\u00edch th\u01b0\u1edbc s\u1ea3n ph\u1ea9m: 810C x 600R x 600S mm<\/li>\n<\/ul>\n","protected":false},"excerpt":{"rendered":"<p>M\u00e1y r\u1eeda ch\u00e9n Kaff KF-BISW12 \u00e2m to\u00e0n ph\u1ea7n v\u1edbi s\u1ee9c ch\u1ee9a 12 b\u1ed9 \u0111\u1ed3 \u0103n Ch\u00e2u \u00c2u Th\u00f4ng s\u1ed1 k\u1ef9 thu\u1eadt: M\u00e1y r\u1eeda ch\u00e9n \u00e2m to\u00e0n ph\u1ea7n Th\u00e2n s\u01a1n t\u0129nh \u0111i\u1ec7n m\u00e0u \u0111en cao c\u1ea5p S\u1ee9c ch\u1ee9a 14 b\u1ed9 \u0111\u1ed3 \u0103n Ch\u00e2u \u00c2u 6 Ch\u01b0\u01a1ng tr\u00ecnh r\u1eeda t\u00edch h\u1ee3p: R\u1eeda k\u1ef9, r\u1eeda ti\u1ebft ki\u1ec7m, r\u1eeda [&#8230;]\n","protected":false},"featured_media":1032,"comment_status":"open","ping_status":"closed","template":"","meta":[],"product_brand":[],"product_cat":[607,92,820,829,828,867,164],"product_tag":[167,93,137,182],"class_list":{"0":"post-963","1":"product","2":"type-product","3":"status-publish","4":"has-post-thumbnail","6":"product_cat-may-rua-chen-bat-kaff","7":"product_cat-may-rua-chen-bat","8":"product_cat-may-rua-chen-bat-12-bo","9":"product_cat-may-rua-chen-bat-am-toan-phan","10":"product_cat-may-rua-chen-bat-am-tu","11":"product_cat-may-rua-chen-bat-chau-au","12":"product_cat-thuong-hieu-kaff","13":"product_tag-kaff","14":"product_tag-may-rua-chen","15":"product_tag-may-rua-chen-am-tu","16":"product_tag-may-rua-chen-kaff","18":"first","19":"instock","20":"sale","21":"shipping-taxable","22":"purchasable","23":"product-type-simple"},"_links":{"self":[{"href":"https:\/\/livinghome.vn\/thiet-bi\/wp-json\/wp\/v2\/product\/963","targetHints":{"allow":["GET"]}}],"collection":[{"href":"https:\/\/livinghome.vn\/thiet-bi\/wp-json\/wp\/v2\/product"}],"about":[{"href":"https:\/\/livinghome.vn\/thiet-bi\/wp-json\/wp\/v2\/types\/product"}],"replies":[{"embeddable":true,"href":"https:\/\/livinghome.vn\/thiet-bi\/wp-json\/wp\/v2\/comments?post=963"}],"wp:featuredmedia":[{"embeddable":true,"href":"https:\/\/livinghome.vn\/thiet-bi\/wp-json\/wp\/v2\/media\/1032"}],"wp:attachment":[{"href":"https:\/\/livinghome.vn\/thiet-bi\/wp-json\/wp\/v2\/media?parent=963"}],"wp:term":[{"taxonomy":"product_brand","embeddable":true,"href":"https:\/\/livinghome.vn\/thiet-bi\/wp-json\/wp\/v2\/product_brand?post=963"},{"taxonomy":"product_cat","embeddable":true,"href":"https:\/\/livinghome.vn\/thiet-bi\/wp-json\/wp\/v2\/product_cat?post=963"},{"taxonomy":"product_tag","embeddable":true,"href":"https:\/\/livinghome.vn\/thiet-bi\/wp-json\/wp\/v2\/product_tag?post=963"}],"curies":[{"name":"wp","href":"https:\/\/api.w.org\/{rel}","templated":true}]}}