{"id":924,"date":"2023-01-12T11:29:07","date_gmt":"2023-01-12T11:29:07","guid":{"rendered":"https:\/\/livinghome.vn\/thiet-bi\/?post_type=product&#038;p=924"},"modified":"2024-11-29T14:20:50","modified_gmt":"2024-11-29T07:20:50","slug":"lo-hap-ket-hop-nuong-kaff-kf-st56lxr","status":"publish","type":"product","link":"https:\/\/livinghome.vn\/thiet-bi\/lo-hap-ket-hop-nuong-kaff-kf-st56lxr\/","title":{"rendered":"L\u00f2 h\u1ea5p k\u1ebft h\u1ee3p n\u01b0\u1edbng Kaff KF-ST56LXR v\u1edbi 13 ch\u1ee9c n\u0103ng ti\u1ebft ki\u1ec7m n\u0103ng l\u01b0\u1ee3ng chu\u1ea9n Ch\u00e2u \u00c2u"},"content":{"rendered":"<h2>L\u00f2 h\u1ea5p k\u1ebft h\u1ee3p n\u01b0\u1edbng Kaff KF-ST56LXR \u0111i\u1ec1u khi\u1ec3n t\u1ef1 \u0111\u1ed9ng thi\u1ebft k\u1ebf k\u00ednh c\u1eeda 3 l\u1edbp c\u00e1ch nhi\u1ec7t t\u1ed1i \u01b0u<\/h2>\n<figure id=\"attachment_45472\" aria-describedby=\"caption-attachment-45472\" style=\"width: 800px\" class=\"wp-caption alignnone\"><img loading=\"lazy\" decoding=\"async\" class=\"size-large wp-image-45472\" src=\"https:\/\/livinghome.vn\/thiet-bi\/wp-content\/uploads\/nha-bep\/kaff\/lo-nuong\/lo-nuong-kaff-kf-st56lxr\/lo-nuong-kaff-kf-st56lxr-800x800.jpg\" alt=\"L\u00f2 h\u1ea5p k\u1ebft h\u1ee3p n\u01b0\u1edbng Kaff KF-ST56LXR\" width=\"800\" height=\"800\" title=\"\"><figcaption id=\"caption-attachment-45472\" class=\"wp-caption-text\">L\u00f2 h\u1ea5p k\u1ebft h\u1ee3p n\u01b0\u1edbng Kaff KF-ST56LXR<\/figcaption><\/figure>\n<p>Th\u00f4ng S\u1ed1 K\u1ef9 Thu\u1eadt:<\/p>\n<ul>\n<li><a href=\"https:\/\/livinghome.vn\/product-category\/nha-bep\/lo-nuong-am\/\">L\u00f2 h\u1ea5p k\u1ebft h\u1ee3p n\u01b0\u1edbng<\/a><\/li>\n<li>13 ch\u01b0\u01a1ng tr\u00ecnh t\u1ef1 \u0111\u1ed9ng: Steam, steam grill, convection and steam, convection, convection and grill, grill, convection and single \u2013 tube grill, single-tube grill, Ferment, Keep warm, Defrost, Sterilize, Descaling<\/li>\n<li>Dung t\u00edch: 56 l\u00edt<\/li>\n<li>\u0110i\u1ec1u khi\u1ec3n \u0111i\u1ec7n t\u1eed<\/li>\n<li>\u0110i\u1ec1u khi\u1ec3n hi\u1ec7n gi\u1edd \u0111i\u1ec7n t\u1eed<\/li>\n<li>K\u00ednh c\u1eeda 3 l\u1edbp c\u00e1ch nhi\u1ec7t t\u1ed1i \u01b0u<\/li>\n<li>\u0110\u00e8n chi\u1ebfu s\u00e1ng halogen trong l\u00f2<\/li>\n<li>Kho\u1ea3ng nhi\u1ec7t: 30-250 \u0111\u1ed9 C<\/li>\n<li>B\u1ec1 m\u1eb7t trong l\u00f2: ph\u1ee7 men anthracite<\/li>\n<li>T\u1ef1 \u0111\u1ed9ng t\u1eaft khi kh\u00f4ng s\u1eed d\u1ee5ng<\/li>\n<li>Ch\u1ee9c n\u0103ng t\u1ef1 l\u00e0m s\u1ea1ch b\u1eb1ng ph\u01b0\u01a1ng ph\u00e1p Ecolyse<\/li>\n<li>Ki\u1ec3m so\u00e1t nhi\u1ec7t<\/li>\n<li>C\u1eeda k\u00edn to\u00e0n ph\u1ea7n th\u00f4ng gi\u00f3 v\u00e0 d\u1ec5 d\u00e0ng v\u1ec7 sinh<\/li>\n<li>8 ch\u01b0\u01a1ng tr\u00ecnh g\u1ed3m 5 m\u1ee9c c\u00f4ng su\u1ea5t n\u01b0\u1edbng v\u00e0 4 ch\u01b0\u01a1ng tr\u00ecnh k\u1ebft h\u01a1p: \u0110\u1ed1i l\u01b0u, h\u1ea5p k\u1ebft h\u1ee3p n\u01b0\u1edbng<\/li>\n<li>Ti\u00eau chu\u1ea9n ti\u1ebft ki\u1ec7m n\u0103ng l\u01b0\u1ee3ng: A++ Ch\u00e2u \u00e2u<\/li>\n<li>Kh\u00f3a tr\u1ebb em<\/li>\n<li>M\u1ee9c c\u00f4ng su\u1ea5t th\u1ef1c 2100W<\/li>\n<li>Th\u1ec3 t\u00edch b\u00ecnh ch\u1ee9a n\u01b0\u1edbc 1.1 L\u00edt<\/li>\n<\/ul>\n<p>Ph\u1ee5 ki\u1ec7n ti\u00eau chu\u1ea9n:<\/p>\n<ul>\n<li>Khay n\u01b0\u1edbng nh\u1ecf<\/li>\n<li>Khay n\u01b0\u1edbng l\u1edbn<\/li>\n<li>N\u01b0\u1edbng qu\u1ea1t \u0111\u1ed1i l\u01b0u<\/li>\n<li>Khay an to\u00e0n<\/li>\n<li>\u0110i\u1ec7n n\u0103ng 220-240V 50HZ<\/li>\n<li>T\u1ed5ng c\u00f4ng su\u1ea5t 2100W<\/li>\n<li>K\u00edch th\u01b0\u1edbc s\u1ea3n ph\u1ea9m (R\u1ed9ng W x S\u00e2u D x Cao H): 595x550x455mm<\/li>\n<li>K\u00edch th\u01b0\u1edbc \u00e2m t\u1ee7 (R\u1ed9ng W x S\u00e2u D x Cao H): 560\u00d7580(Min)x460mm<\/li>\n<\/ul>\n","protected":false},"excerpt":{"rendered":"<p>L\u00f2 h\u1ea5p k\u1ebft h\u1ee3p n\u01b0\u1edbng Kaff KF-ST56LXR \u0111i\u1ec1u khi\u1ec3n t\u1ef1 \u0111\u1ed9ng thi\u1ebft k\u1ebf k\u00ednh c\u1eeda 3 l\u1edbp c\u00e1ch nhi\u1ec7t t\u1ed1i \u01b0u Th\u00f4ng S\u1ed1 K\u1ef9 Thu\u1eadt: L\u00f2 h\u1ea5p k\u1ebft h\u1ee3p n\u01b0\u1edbng 13 ch\u01b0\u01a1ng tr\u00ecnh t\u1ef1 \u0111\u1ed9ng: Steam, steam grill, convection and steam, convection, convection and grill, grill, convection and single \u2013 tube grill, single-tube grill, Ferment, [&#8230;]\n","protected":false},"featured_media":974,"comment_status":"open","ping_status":"closed","template":"","meta":[],"product_brand":[],"product_cat":[95,164],"product_tag":[167,96,180],"class_list":{"0":"post-924","1":"product","2":"type-product","3":"status-publish","4":"has-post-thumbnail","6":"product_cat-lo-nuong","7":"product_cat-thuong-hieu-kaff","8":"product_tag-kaff","9":"product_tag-lo-nuong","10":"product_tag-lo-nuong-am-tu-kaff","12":"first","13":"instock","14":"sale","15":"shipping-taxable","16":"purchasable","17":"product-type-simple"},"_links":{"self":[{"href":"https:\/\/livinghome.vn\/thiet-bi\/wp-json\/wp\/v2\/product\/924","targetHints":{"allow":["GET"]}}],"collection":[{"href":"https:\/\/livinghome.vn\/thiet-bi\/wp-json\/wp\/v2\/product"}],"about":[{"href":"https:\/\/livinghome.vn\/thiet-bi\/wp-json\/wp\/v2\/types\/product"}],"replies":[{"embeddable":true,"href":"https:\/\/livinghome.vn\/thiet-bi\/wp-json\/wp\/v2\/comments?post=924"}],"wp:featuredmedia":[{"embeddable":true,"href":"https:\/\/livinghome.vn\/thiet-bi\/wp-json\/wp\/v2\/media\/974"}],"wp:attachment":[{"href":"https:\/\/livinghome.vn\/thiet-bi\/wp-json\/wp\/v2\/media?parent=924"}],"wp:term":[{"taxonomy":"product_brand","embeddable":true,"href":"https:\/\/livinghome.vn\/thiet-bi\/wp-json\/wp\/v2\/product_brand?post=924"},{"taxonomy":"product_cat","embeddable":true,"href":"https:\/\/livinghome.vn\/thiet-bi\/wp-json\/wp\/v2\/product_cat?post=924"},{"taxonomy":"product_tag","embeddable":true,"href":"https:\/\/livinghome.vn\/thiet-bi\/wp-json\/wp\/v2\/product_tag?post=924"}],"curies":[{"name":"wp","href":"https:\/\/api.w.org\/{rel}","templated":true}]}}