{"id":888,"date":"2023-01-12T11:28:12","date_gmt":"2023-01-12T11:28:12","guid":{"rendered":"https:\/\/livinghome.vn\/thiet-bi\/?post_type=product&#038;p=888"},"modified":"2024-11-29T14:20:51","modified_gmt":"2024-11-29T07:20:51","slug":"may-hut-mui-kaff-kf-is606gh","status":"publish","type":"product","link":"https:\/\/livinghome.vn\/thiet-bi\/may-hut-mui-kaff-kf-is606gh\/","title":{"rendered":"M\u00e1y h\u00fat m\u00f9i Kaff KF-IS606GH treo d\u00e2y \u0111\u1ed9c l\u1eadp thi\u1ebft k\u1ebf th\u00e9p b\u1ec1n b\u1ec9"},"content":{"rendered":"<h2><a href=\"https:\/\/livinghome.vn\/thiet-bi\/may-hut-mui\/\">M\u00e1y h\u00fat m\u00f9i<\/a> Kaff KF-IS606GH treo d\u00e2y \u0111\u1ed9c l\u1eadp m\u00e0u \u0111en sang tr\u1ecdng<\/h2>\n<figure id=\"attachment_45351\" aria-describedby=\"caption-attachment-45351\" style=\"width: 800px\" class=\"wp-caption alignnone\"><img loading=\"lazy\" decoding=\"async\" class=\"size-large wp-image-45351\" src=\"https:\/\/livinghome.vn\/thiet-bi\/wp-content\/uploads\/nha-bep\/kaff\/may-hut-mui\/may-hut-mui-treo-doc-lap\/may-hut-mui-treo-doc-lap-kaff-kf-is606hg\/may-hut-mui-treo-doc-lap-kaff-kf-is606hg-800x800.jpg\" alt=\"M\u00e1y h\u00fat m\u00f9i Kaff KF-IS606GH\" width=\"800\" height=\"800\" title=\"\"><figcaption id=\"caption-attachment-45351\" class=\"wp-caption-text\">M\u00e1y h\u00fat m\u00f9i Kaff KF-IS606GH<\/figcaption><\/figure>\n<p>\u0110\u1eb7c t\u00ednh s\u1ea3n ph\u1ea9m:<\/p>\n<ul>\n<li>B\u1ec1 m\u1eb7t th\u00e9p kh\u00f4ng g\u1ec9 ph\u1ed1i k\u00ednh m\u00e0u \u0111en<\/li>\n<li>H\u1ec7 th\u1ed1ng h\u00fat x\u1ea3: tu\u1ea7n ho\u00e0n<\/li>\n<li>\u0110i\u1ec1u khi\u1ec3n c\u1ea3m \u1ee9ng 03 t\u1ed1c \u0111\u1ed9 h\u00fat<\/li>\n<li>\u0110i\u1ec1u khi\u1ec3n t\u1eeb xa<\/li>\n<li>C\u1ea3m \u1ee9ng kh\u00f3i nhi\u1ec7t<\/li>\n<li>Ch\u1ebf \u0111\u1ed9 h\u1eb9n gi\u1edd t\u1eaft<\/li>\n<li>L\u01b0\u1edbi l\u1ecdc b\u1eb1ng nh\u00f4m c\u00f3 th\u1ec3 th\u00e1o r\u1eddi<\/li>\n<li>Ph\u1ee5 ki\u1ec7n \u0111i k\u00e8m: than ho\u1ea1t t\u00ednh<\/li>\n<\/ul>\n<p>Th\u00f4ng s\u1ed1 k\u1ef9 thu\u1eadt:<\/p>\n<ul>\n<li>C\u00f4ng su\u1ea5t h\u00fat t\u1ed1i \u0111a: 1000 m\u00b3\/h<\/li>\n<li>C\u00f4ng su\u1ea5t h\u00fat theo ti\u00eau chu\u1ea9n Ch\u00e2u \u00c2u DIN\/EN 61591: 735 m\u00b3\/h<\/li>\n<li>\u0110\u1ed9 \u1ed3n: 59-69 dB<\/li>\n<li>Chi\u1ebfu s\u00e1ng: \u0111\u00e8n LED 2 x 2.5W<\/li>\n<li>C\u00f4ng su\u1ea5t ti\u00eau th\u1ee5: 255W<\/li>\n<li>Hi\u1ec7u \u0111i\u1ec7n th\u1ebf: 230-240 V<\/li>\n<li>T\u1ea7n s\u1ed1: 50 Hz<\/li>\n<li>K\u00edch th\u01b0\u1edbc s\u1ea3n ph\u1ea9m: 600R x 350S x 350H<\/li>\n<\/ul>\n","protected":false},"excerpt":{"rendered":"<p>M\u00e1y h\u00fat m\u00f9i Kaff KF-IS606GH treo d\u00e2y \u0111\u1ed9c l\u1eadp m\u00e0u \u0111en sang tr\u1ecdng \u0110\u1eb7c t\u00ednh s\u1ea3n ph\u1ea9m: B\u1ec1 m\u1eb7t th\u00e9p kh\u00f4ng g\u1ec9 ph\u1ed1i k\u00ednh m\u00e0u \u0111en H\u1ec7 th\u1ed1ng h\u00fat x\u1ea3: tu\u1ea7n ho\u00e0n \u0110i\u1ec1u khi\u1ec3n c\u1ea3m \u1ee9ng 03 t\u1ed1c \u0111\u1ed9 h\u00fat \u0110i\u1ec1u khi\u1ec3n t\u1eeb xa C\u1ea3m \u1ee9ng kh\u00f3i nhi\u1ec7t Ch\u1ebf \u0111\u1ed9 h\u1eb9n gi\u1edd t\u1eaft L\u01b0\u1edbi l\u1ecdc [&#8230;]\n","protected":false},"featured_media":950,"comment_status":"open","ping_status":"closed","template":"","meta":[],"product_brand":[],"product_cat":[600,84,164],"product_tag":[167,86,189,178],"class_list":{"0":"post-888","1":"product","2":"type-product","3":"status-publish","4":"has-post-thumbnail","6":"product_cat-may-hut-mui-kaff","7":"product_cat-may-hut-mui","8":"product_cat-thuong-hieu-kaff","9":"product_tag-kaff","10":"product_tag-may-hut-mui","11":"product_tag-may-hut-mui-doc-lap","12":"product_tag-may-hut-mui-kaff","14":"first","15":"instock","16":"sale","17":"shipping-taxable","18":"purchasable","19":"product-type-simple"},"_links":{"self":[{"href":"https:\/\/livinghome.vn\/thiet-bi\/wp-json\/wp\/v2\/product\/888","targetHints":{"allow":["GET"]}}],"collection":[{"href":"https:\/\/livinghome.vn\/thiet-bi\/wp-json\/wp\/v2\/product"}],"about":[{"href":"https:\/\/livinghome.vn\/thiet-bi\/wp-json\/wp\/v2\/types\/product"}],"replies":[{"embeddable":true,"href":"https:\/\/livinghome.vn\/thiet-bi\/wp-json\/wp\/v2\/comments?post=888"}],"wp:featuredmedia":[{"embeddable":true,"href":"https:\/\/livinghome.vn\/thiet-bi\/wp-json\/wp\/v2\/media\/950"}],"wp:attachment":[{"href":"https:\/\/livinghome.vn\/thiet-bi\/wp-json\/wp\/v2\/media?parent=888"}],"wp:term":[{"taxonomy":"product_brand","embeddable":true,"href":"https:\/\/livinghome.vn\/thiet-bi\/wp-json\/wp\/v2\/product_brand?post=888"},{"taxonomy":"product_cat","embeddable":true,"href":"https:\/\/livinghome.vn\/thiet-bi\/wp-json\/wp\/v2\/product_cat?post=888"},{"taxonomy":"product_tag","embeddable":true,"href":"https:\/\/livinghome.vn\/thiet-bi\/wp-json\/wp\/v2\/product_tag?post=888"}],"curies":[{"name":"wp","href":"https:\/\/api.w.org\/{rel}","templated":true}]}}