{"id":873,"date":"2023-01-12T11:27:49","date_gmt":"2023-01-12T11:27:49","guid":{"rendered":"https:\/\/livinghome.vn\/thiet-bi\/?post_type=product&#038;p=873"},"modified":"2024-11-29T14:20:52","modified_gmt":"2024-11-29T07:20:52","slug":"bep-gas-am-kaff-kf-630","status":"publish","type":"product","link":"https:\/\/livinghome.vn\/thiet-bi\/bep-gas-am-kaff-kf-630\/","title":{"rendered":"B\u1ebfp gas \u00e2m Kaff KF-630 2 l\u00f2 n\u1ea5u thi\u1ebft k\u1ebf sang tr\u1ecdng"},"content":{"rendered":"<h2>B\u1ebfp gas \u00e2m Kaff KF-630 2 l\u00f2 n\u1ea5u thi\u1ebft k\u1ebf m\u00e0u xanh thanh l\u1ecbch cao c\u1ea5p<\/h2>\n<figure id=\"attachment_841\" aria-describedby=\"caption-attachment-841\" style=\"width: 900px\" class=\"wp-caption alignnone\"><img loading=\"lazy\" decoding=\"async\" class=\"wp-image-841 size-full\" src=\"https:\/\/livinghome.vn\/thiet-bi\/wp-content\/uploads\/2023\/01\/bep-ga-kaff-kf-630.jpg\" alt=\"B\u1ebfp gas \u00e2m Kaff KF-630\" width=\"900\" height=\"900\" title=\"\" srcset=\"https:\/\/livinghome.vn\/thiet-bi\/wp-content\/uploads\/2023\/01\/bep-ga-kaff-kf-630.jpg 900w, https:\/\/livinghome.vn\/thiet-bi\/wp-content\/uploads\/2023\/01\/bep-ga-kaff-kf-630-300x300.jpg 300w, https:\/\/livinghome.vn\/thiet-bi\/wp-content\/uploads\/2023\/01\/bep-ga-kaff-kf-630-100x100.jpg 100w, https:\/\/livinghome.vn\/thiet-bi\/wp-content\/uploads\/2023\/01\/bep-ga-kaff-kf-630-600x600.jpg 600w, https:\/\/livinghome.vn\/thiet-bi\/wp-content\/uploads\/2023\/01\/bep-ga-kaff-kf-630-400x400.jpg 400w, https:\/\/livinghome.vn\/thiet-bi\/wp-content\/uploads\/2023\/01\/bep-ga-kaff-kf-630-800x800.jpg 800w, https:\/\/livinghome.vn\/thiet-bi\/wp-content\/uploads\/2023\/01\/bep-ga-kaff-kf-630-280x280.jpg 280w, https:\/\/livinghome.vn\/thiet-bi\/wp-content\/uploads\/2023\/01\/bep-ga-kaff-kf-630-768x768.jpg 768w\" sizes=\"auto, (max-width: 900px) 100vw, 900px\" \/><figcaption id=\"caption-attachment-841\" class=\"wp-caption-text\">B\u1ebfp gas \u00e2m Kaff KF-630<\/figcaption><\/figure>\n<p><a href=\"https:\/\/livinghome.vn\/product-category\/nha-bep\/bep-nau\/bep-gas-am\/\">B\u1ebfp ga<\/a> \u00e2m k\u00ednh 2 b\u1ebfp<\/p>\n<p>H\u1ec7 th\u1ed1ng m\u00e2m chia l\u1eeda b\u1eb1ng \u0111\u1ed3ng<\/p>\n<p>Ch\u1ebf \u0111\u1ed9 p\u00e9p h\u1ea7m ti\u1ebft ki\u1ec7m gas<\/p>\n<p>C\u1ea3m \u1ee9ng ng\u1eaft ga t\u1ef1 \u0111\u1ed9ng an to\u00e0n<\/p>\n<p>H\u1ec7 th\u1ed1ng \u0111\u00e1nh l\u1eeda Pin (IC)<\/p>\n<p>M\u1eb7t k\u00ednh ch\u1ecbu l\u1ef1c ch\u1ecbu nhi\u1ec7t<\/p>\n<p>L\u01b0\u1ee3ng gas ti\u00eau th\u1ee5: 0.30 kg\/h\/l\u00f2<\/p>\n<p>K\u00edch th\u01b0\u1edbc b\u1ebfp: 750 x 450 mm<\/p>\n<p>K\u00edch th\u01b0\u1edbc kho\u00e9t \u0111\u00e1: 680x380mm<\/p>\n","protected":false},"excerpt":{"rendered":"<p>B\u1ebfp gas \u00e2m Kaff KF-630 2 l\u00f2 n\u1ea5u thi\u1ebft k\u1ebf m\u00e0u xanh thanh l\u1ecbch cao c\u1ea5p B\u1ebfp ga \u00e2m k\u00ednh 2 b\u1ebfp H\u1ec7 th\u1ed1ng m\u00e2m chia l\u1eeda b\u1eb1ng \u0111\u1ed3ng Ch\u1ebf \u0111\u1ed9 p\u00e9p h\u1ea7m ti\u1ebft ki\u1ec7m gas C\u1ea3m \u1ee9ng ng\u1eaft ga t\u1ef1 \u0111\u1ed9ng an to\u00e0n H\u1ec7 th\u1ed1ng \u0111\u00e1nh l\u1eeda Pin (IC) M\u1eb7t k\u00ednh ch\u1ecbu l\u1ef1c ch\u1ecbu [&#8230;]\n","protected":false},"featured_media":841,"comment_status":"open","ping_status":"closed","template":"","meta":[],"product_brand":[],"product_cat":[123,730,164],"product_tag":[185,186,187,124,126,177,167],"class_list":{"0":"post-873","1":"product","2":"type-product","3":"status-publish","4":"has-post-thumbnail","6":"product_cat-bep-gas","7":"product_cat-bep-gas-kaff","8":"product_cat-thuong-hieu-kaff","9":"product_tag-bep-ga","10":"product_tag-bep-ga-am","11":"product_tag-bep-ga-kaff","12":"product_tag-bep-gas","13":"product_tag-bep-gas-am","14":"product_tag-bep-gas-am-kaff","15":"product_tag-kaff","17":"first","18":"instock","19":"sale","20":"shipping-taxable","21":"purchasable","22":"product-type-simple"},"_links":{"self":[{"href":"https:\/\/livinghome.vn\/thiet-bi\/wp-json\/wp\/v2\/product\/873","targetHints":{"allow":["GET"]}}],"collection":[{"href":"https:\/\/livinghome.vn\/thiet-bi\/wp-json\/wp\/v2\/product"}],"about":[{"href":"https:\/\/livinghome.vn\/thiet-bi\/wp-json\/wp\/v2\/types\/product"}],"replies":[{"embeddable":true,"href":"https:\/\/livinghome.vn\/thiet-bi\/wp-json\/wp\/v2\/comments?post=873"}],"wp:featuredmedia":[{"embeddable":true,"href":"https:\/\/livinghome.vn\/thiet-bi\/wp-json\/wp\/v2\/media\/841"}],"wp:attachment":[{"href":"https:\/\/livinghome.vn\/thiet-bi\/wp-json\/wp\/v2\/media?parent=873"}],"wp:term":[{"taxonomy":"product_brand","embeddable":true,"href":"https:\/\/livinghome.vn\/thiet-bi\/wp-json\/wp\/v2\/product_brand?post=873"},{"taxonomy":"product_cat","embeddable":true,"href":"https:\/\/livinghome.vn\/thiet-bi\/wp-json\/wp\/v2\/product_cat?post=873"},{"taxonomy":"product_tag","embeddable":true,"href":"https:\/\/livinghome.vn\/thiet-bi\/wp-json\/wp\/v2\/product_tag?post=873"}],"curies":[{"name":"wp","href":"https:\/\/api.w.org\/{rel}","templated":true}]}}