{"id":844,"date":"2023-01-12T11:27:26","date_gmt":"2023-01-12T11:27:26","guid":{"rendered":"https:\/\/livinghome.vn\/thiet-bi\/?post_type=product&#038;p=844"},"modified":"2024-11-29T14:20:52","modified_gmt":"2024-11-29T07:20:52","slug":"catalogue-kaff","status":"publish","type":"product","link":"https:\/\/livinghome.vn\/thiet-bi\/catalogue-kaff\/","title":{"rendered":"Catalogue Kaff"},"content":{"rendered":"<p><img decoding=\"async\" class=\"size-full wp-image-17992\" src=\"https:\/\/livinghome.vn\/thiet-bi\/wp-content\/uploads\/catalog-hang\/kaff\/catalogue-kaff-10-2023-1.jpg\" alt=\"Catalogue Kaff 2023\" width=\"100%\" height=\"auto\" title=\"\" srcset=\"https:\/\/livinghome.vn\/thiet-bi\/wp-content\/uploads\/catalog-hang\/kaff\/catalogue-kaff-10-2023-1.jpg 1600w, https:\/\/livinghome.vn\/thiet-bi\/wp-content\/uploads\/catalog-hang\/kaff\/catalogue-kaff-10-2023-1-276x400.jpg 276w, https:\/\/livinghome.vn\/thiet-bi\/wp-content\/uploads\/catalog-hang\/kaff\/catalogue-kaff-10-2023-1-552x800.jpg 552w, https:\/\/livinghome.vn\/thiet-bi\/wp-content\/uploads\/catalog-hang\/kaff\/catalogue-kaff-10-2023-1-768x1114.jpg 768w, https:\/\/livinghome.vn\/thiet-bi\/wp-content\/uploads\/catalog-hang\/kaff\/catalogue-kaff-10-2023-1-1059x1536.jpg 1059w, https:\/\/livinghome.vn\/thiet-bi\/wp-content\/uploads\/catalog-hang\/kaff\/catalogue-kaff-10-2023-1-1412x2048.jpg 1412w, https:\/\/livinghome.vn\/thiet-bi\/wp-content\/uploads\/catalog-hang\/kaff\/catalogue-kaff-10-2023-1-600x870.jpg 600w\" sizes=\"(max-width: 1600px) 100vw, 1600px\" \/><br \/>\n<img decoding=\"async\" class=\"size-full wp-image-17992\" src=\"https:\/\/livinghome.vn\/thiet-bi\/wp-content\/uploads\/catalog-hang\/kaff\/catalogue-kaff-10-2023-2.jpg\" alt=\"Catalogue Kaff 2023\" width=\"100%\" height=\"auto\" title=\"\"><br \/>\n<img decoding=\"async\" class=\"size-full wp-image-17992\" src=\"https:\/\/livinghome.vn\/thiet-bi\/wp-content\/uploads\/catalog-hang\/kaff\/catalogue-kaff-10-2023-3.jpg\" alt=\"Catalogue Kaff 2023\" width=\"100%\" height=\"auto\" title=\"\"><br \/>\n<img decoding=\"async\" class=\"size-full wp-image-17992\" src=\"https:\/\/livinghome.vn\/thiet-bi\/wp-content\/uploads\/catalog-hang\/kaff\/catalogue-kaff-10-2023-4.jpg\" alt=\"Catalogue Kaff 2023\" width=\"100%\" height=\"auto\" title=\"\"><br \/>\n<img decoding=\"async\" class=\"size-full wp-image-17992\" src=\"https:\/\/livinghome.vn\/thiet-bi\/wp-content\/uploads\/catalog-hang\/kaff\/catalogue-kaff-10-2023-5.jpg\" alt=\"Catalogue Kaff 2023\" width=\"100%\" height=\"auto\" title=\"\"><br \/>\n<img decoding=\"async\" class=\"size-full wp-image-17992\" src=\"https:\/\/livinghome.vn\/thiet-bi\/wp-content\/uploads\/catalog-hang\/kaff\/catalogue-kaff-10-2023-6.jpg\" alt=\"Catalogue Kaff 2023\" width=\"100%\" height=\"auto\" title=\"\"><br \/>\n<img decoding=\"async\" class=\"size-full wp-image-17992\" src=\"https:\/\/livinghome.vn\/thiet-bi\/wp-content\/uploads\/catalog-hang\/kaff\/catalogue-kaff-10-2023-7.jpg\" alt=\"Catalogue Kaff 2023\" width=\"100%\" height=\"auto\" title=\"\"><br \/>\n<img decoding=\"async\" class=\"size-full wp-image-17992\" src=\"https:\/\/livinghome.vn\/thiet-bi\/wp-content\/uploads\/catalog-hang\/kaff\/catalogue-kaff-10-2023-8.jpg\" alt=\"Catalogue Kaff 2023\" width=\"100%\" height=\"auto\" title=\"\"><br \/>\n<img decoding=\"async\" class=\"size-full wp-image-17992\" src=\"https:\/\/livinghome.vn\/thiet-bi\/wp-content\/uploads\/catalog-hang\/kaff\/catalogue-kaff-10-2023-9.jpg\" alt=\"Catalogue Kaff 2023\" width=\"100%\" height=\"auto\" title=\"\"><br \/>\n<img decoding=\"async\" class=\"size-full wp-image-17992\" src=\"https:\/\/livinghome.vn\/thiet-bi\/wp-content\/uploads\/catalog-hang\/kaff\/catalogue-kaff-10-2023-10.jpg\" alt=\"Catalogue Kaff 2023\" width=\"100%\" height=\"auto\" title=\"\"><br \/>\n<img decoding=\"async\" class=\"size-full wp-image-17992\" src=\"https:\/\/livinghome.vn\/thiet-bi\/wp-content\/uploads\/catalog-hang\/kaff\/catalogue-kaff-10-2023-11.jpg\" alt=\"Catalogue Kaff 2023\" width=\"100%\" height=\"auto\" title=\"\"><br \/>\n<img decoding=\"async\" class=\"size-full wp-image-17992\" src=\"https:\/\/livinghome.vn\/thiet-bi\/wp-content\/uploads\/catalog-hang\/kaff\/catalogue-kaff-10-2023-12.jpg\" alt=\"Catalogue Kaff 2023\" width=\"100%\" height=\"auto\" title=\"\"><br \/>\n<img decoding=\"async\" class=\"size-full wp-image-17992\" src=\"https:\/\/livinghome.vn\/thiet-bi\/wp-content\/uploads\/catalog-hang\/kaff\/catalogue-kaff-10-2023-13.jpg\" alt=\"Catalogue Kaff 2023\" width=\"100%\" height=\"auto\" title=\"\"><br \/>\n<img decoding=\"async\" class=\"size-full wp-image-17992\" src=\"https:\/\/livinghome.vn\/thiet-bi\/wp-content\/uploads\/catalog-hang\/kaff\/catalogue-kaff-10-2023-14.jpg\" alt=\"Catalogue Kaff 2023\" width=\"100%\" height=\"auto\" title=\"\"><br \/>\n<img decoding=\"async\" class=\"size-full wp-image-17992\" src=\"https:\/\/livinghome.vn\/thiet-bi\/wp-content\/uploads\/catalog-hang\/kaff\/catalogue-kaff-10-2023-15.jpg\" alt=\"Catalogue Kaff 2023\" width=\"100%\" height=\"auto\" title=\"\"><br \/>\n<img decoding=\"async\" class=\"size-full wp-image-17992\" src=\"https:\/\/livinghome.vn\/thiet-bi\/wp-content\/uploads\/catalog-hang\/kaff\/catalogue-kaff-10-2023-16.jpg\" alt=\"Catalogue Kaff 2023\" width=\"100%\" height=\"auto\" title=\"\"><br \/>\n<img decoding=\"async\" class=\"size-full wp-image-17992\" src=\"https:\/\/livinghome.vn\/thiet-bi\/wp-content\/uploads\/catalog-hang\/kaff\/catalogue-kaff-10-2023-17.jpg\" alt=\"Catalogue Kaff 2023\" width=\"100%\" height=\"auto\" title=\"\"><br \/>\n<img decoding=\"async\" class=\"size-full wp-image-17992\" src=\"https:\/\/livinghome.vn\/thiet-bi\/wp-content\/uploads\/catalog-hang\/kaff\/catalogue-kaff-10-2023-18.jpg\" alt=\"Catalogue Kaff 2023\" width=\"100%\" height=\"auto\" title=\"\"><br \/>\n<img decoding=\"async\" class=\"size-full wp-image-17992\" src=\"https:\/\/livinghome.vn\/thiet-bi\/wp-content\/uploads\/catalog-hang\/kaff\/catalogue-kaff-10-2023-19.jpg\" alt=\"Catalogue Kaff 2023\" width=\"100%\" height=\"auto\" title=\"\"><br \/>\n<img decoding=\"async\" class=\"size-full wp-image-17992\" src=\"https:\/\/livinghome.vn\/thiet-bi\/wp-content\/uploads\/catalog-hang\/kaff\/catalogue-kaff-10-2023-20.jpg\" alt=\"Catalogue Kaff 2023\" width=\"100%\" height=\"auto\" title=\"\"><br \/>\n<img decoding=\"async\" class=\"size-full wp-image-17992\" src=\"https:\/\/livinghome.vn\/thiet-bi\/wp-content\/uploads\/catalog-hang\/kaff\/catalogue-kaff-10-2023-21.jpg\" alt=\"Catalogue Kaff 2023\" width=\"100%\" height=\"auto\" title=\"\"><br \/>\n<img decoding=\"async\" class=\"size-full wp-image-17992\" src=\"https:\/\/livinghome.vn\/thiet-bi\/wp-content\/uploads\/catalog-hang\/kaff\/catalogue-kaff-10-2023-22.jpg\" alt=\"Catalogue Kaff 2023\" width=\"100%\" height=\"auto\" title=\"\"><br \/>\n<img decoding=\"async\" class=\"size-full wp-image-17992\" src=\"https:\/\/livinghome.vn\/thiet-bi\/wp-content\/uploads\/catalog-hang\/kaff\/catalogue-kaff-10-2023-23.jpg\" alt=\"Catalogue Kaff 2023\" width=\"100%\" height=\"auto\" title=\"\"><br \/>\n<img decoding=\"async\" class=\"size-full wp-image-17992\" src=\"https:\/\/livinghome.vn\/thiet-bi\/wp-content\/uploads\/catalog-hang\/kaff\/catalogue-kaff-10-2023-24.jpg\" alt=\"Catalogue Kaff 2023\" width=\"100%\" height=\"auto\" title=\"\"><br \/>\n<img decoding=\"async\" class=\"size-full wp-image-17992\" src=\"https:\/\/livinghome.vn\/thiet-bi\/wp-content\/uploads\/catalog-hang\/kaff\/catalogue-kaff-10-2023-25.jpg\" alt=\"Catalogue Kaff 2023\" width=\"100%\" height=\"auto\" title=\"\"><br \/>\n<img decoding=\"async\" class=\"size-full wp-image-17992\" src=\"https:\/\/livinghome.vn\/thiet-bi\/wp-content\/uploads\/catalog-hang\/kaff\/catalogue-kaff-10-2023-26.jpg\" alt=\"Catalogue Kaff 2023\" width=\"100%\" height=\"auto\" title=\"\"><br \/>\n<img decoding=\"async\" class=\"size-full wp-image-17992\" src=\"https:\/\/livinghome.vn\/thiet-bi\/wp-content\/uploads\/catalog-hang\/kaff\/catalogue-kaff-10-2023-27.jpg\" alt=\"Catalogue Kaff 2023\" width=\"100%\" height=\"auto\" title=\"\"><br \/>\n<img decoding=\"async\" class=\"size-full wp-image-17992\" src=\"https:\/\/livinghome.vn\/thiet-bi\/wp-content\/uploads\/catalog-hang\/kaff\/catalogue-kaff-10-2023-28.jpg\" alt=\"Catalogue Kaff 2023\" width=\"100%\" height=\"auto\" title=\"\"><br \/>\n<img decoding=\"async\" class=\"size-full wp-image-17992\" src=\"https:\/\/livinghome.vn\/thiet-bi\/wp-content\/uploads\/catalog-hang\/kaff\/catalogue-kaff-10-2023-29.jpg\" alt=\"Catalogue Kaff 2023\" width=\"100%\" height=\"auto\" title=\"\"><br \/>\n<img decoding=\"async\" class=\"size-full wp-image-17992\" src=\"https:\/\/livinghome.vn\/thiet-bi\/wp-content\/uploads\/catalog-hang\/kaff\/catalogue-kaff-10-2023-30.jpg\" alt=\"Catalogue Kaff 2023\" width=\"100%\" height=\"auto\" title=\"\"><br \/>\n<img decoding=\"async\" class=\"size-full wp-image-17992\" src=\"https:\/\/livinghome.vn\/thiet-bi\/wp-content\/uploads\/catalog-hang\/kaff\/catalogue-kaff-10-2023-31.jpg\" alt=\"Catalogue Kaff 2023\" width=\"100%\" height=\"auto\" title=\"\"><br \/>\n<img decoding=\"async\" class=\"size-full wp-image-17992\" src=\"https:\/\/livinghome.vn\/thiet-bi\/wp-content\/uploads\/catalog-hang\/kaff\/catalogue-kaff-10-2023-32.jpg\" alt=\"Catalogue Kaff 2023\" width=\"100%\" height=\"auto\" title=\"\"><br \/>\n<img decoding=\"async\" class=\"size-full wp-image-17992\" src=\"https:\/\/livinghome.vn\/thiet-bi\/wp-content\/uploads\/catalog-hang\/kaff\/catalogue-kaff-10-2023-33.jpg\" alt=\"Catalogue Kaff 2023\" width=\"100%\" height=\"auto\" title=\"\"><br \/>\n<img decoding=\"async\" class=\"size-full wp-image-17992\" src=\"https:\/\/livinghome.vn\/thiet-bi\/wp-content\/uploads\/catalog-hang\/kaff\/catalogue-kaff-10-2023-34.jpg\" alt=\"Catalogue Kaff 2023\" width=\"100%\" height=\"auto\" title=\"\"><br \/>\n<img decoding=\"async\" class=\"size-full wp-image-17992\" src=\"https:\/\/livinghome.vn\/thiet-bi\/wp-content\/uploads\/catalog-hang\/kaff\/catalogue-kaff-10-2023-35.jpg\" alt=\"Catalogue Kaff 2023\" width=\"100%\" height=\"auto\" title=\"\"><br \/>\n<img decoding=\"async\" class=\"size-full wp-image-17992\" src=\"https:\/\/livinghome.vn\/thiet-bi\/wp-content\/uploads\/catalog-hang\/kaff\/catalogue-kaff-10-2023-36.jpg\" alt=\"Catalogue Kaff 2023\" width=\"100%\" height=\"auto\" title=\"\"><br \/>\n<img decoding=\"async\" class=\"size-full wp-image-17992\" src=\"https:\/\/livinghome.vn\/thiet-bi\/wp-content\/uploads\/catalog-hang\/kaff\/catalogue-kaff-10-2023-37.jpg\" alt=\"Catalogue Kaff 2023\" width=\"100%\" height=\"auto\" title=\"\"><br \/>\n<img decoding=\"async\" class=\"size-full wp-image-17992\" src=\"https:\/\/livinghome.vn\/thiet-bi\/wp-content\/uploads\/catalog-hang\/kaff\/catalogue-kaff-10-2023-38.jpg\" alt=\"Catalogue Kaff 2023\" width=\"100%\" height=\"auto\" title=\"\"><br \/>\n<img decoding=\"async\" class=\"size-full wp-image-17992\" src=\"https:\/\/livinghome.vn\/thiet-bi\/wp-content\/uploads\/catalog-hang\/kaff\/catalogue-kaff-10-2023-39.jpg\" alt=\"Catalogue Kaff 2023\" width=\"100%\" height=\"auto\" title=\"\"><br \/>\n<img decoding=\"async\" class=\"size-full wp-image-17992\" src=\"https:\/\/livinghome.vn\/thiet-bi\/wp-content\/uploads\/catalog-hang\/kaff\/catalogue-kaff-10-2023-40.jpg\" alt=\"Catalogue Kaff 2023\" width=\"100%\" height=\"auto\" title=\"\"><br \/>\n<img decoding=\"async\" class=\"size-full wp-image-17992\" src=\"https:\/\/livinghome.vn\/thiet-bi\/wp-content\/uploads\/catalog-hang\/kaff\/catalogue-kaff-10-2023-41.jpg\" alt=\"Catalogue Kaff 2023\" width=\"100%\" height=\"auto\" title=\"\"><br \/>\n<img decoding=\"async\" class=\"size-full wp-image-17992\" src=\"https:\/\/livinghome.vn\/thiet-bi\/wp-content\/uploads\/catalog-hang\/kaff\/catalogue-kaff-10-2023-42.jpg\" alt=\"Catalogue Kaff 2023\" width=\"100%\" height=\"auto\" title=\"\"><br \/>\n<img decoding=\"async\" class=\"size-full wp-image-17992\" src=\"https:\/\/livinghome.vn\/thiet-bi\/wp-content\/uploads\/catalog-hang\/kaff\/catalogue-kaff-10-2023-43.jpg\" alt=\"Catalogue Kaff 2023\" width=\"100%\" height=\"auto\" title=\"\"><br \/>\n<img decoding=\"async\" class=\"size-full wp-image-17992\" src=\"https:\/\/livinghome.vn\/thiet-bi\/wp-content\/uploads\/catalog-hang\/kaff\/catalogue-kaff-10-2023-44.jpg\" alt=\"Catalogue Kaff 2023\" width=\"100%\" height=\"auto\" title=\"\"><br \/>\n<img decoding=\"async\" class=\"size-full wp-image-17992\" src=\"https:\/\/livinghome.vn\/thiet-bi\/wp-content\/uploads\/catalog-hang\/kaff\/catalogue-kaff-10-2023-45.jpg\" alt=\"Catalogue Kaff 2023\" width=\"100%\" height=\"auto\" title=\"\"><br \/>\n<img decoding=\"async\" class=\"size-full wp-image-17992\" src=\"https:\/\/livinghome.vn\/thiet-bi\/wp-content\/uploads\/catalog-hang\/kaff\/catalogue-kaff-10-2023-46.jpg\" alt=\"Catalogue Kaff 2023\" width=\"100%\" height=\"auto\" title=\"\"><br \/>\n<img decoding=\"async\" class=\"size-full wp-image-17992\" src=\"https:\/\/livinghome.vn\/thiet-bi\/wp-content\/uploads\/catalog-hang\/kaff\/catalogue-kaff-10-2023-47.jpg\" alt=\"Catalogue Kaff 2023\" width=\"100%\" height=\"auto\" title=\"\"><br \/>\n<img decoding=\"async\" class=\"size-full wp-image-17992\" src=\"https:\/\/livinghome.vn\/thiet-bi\/wp-content\/uploads\/catalog-hang\/kaff\/catalogue-kaff-10-2023-48.jpg\" alt=\"Catalogue Kaff 2023\" width=\"100%\" height=\"auto\" title=\"\"><br \/>\n<img decoding=\"async\" class=\"size-full wp-image-17992\" src=\"https:\/\/livinghome.vn\/thiet-bi\/wp-content\/uploads\/catalog-hang\/kaff\/catalogue-kaff-10-2023-49.jpg\" alt=\"Catalogue Kaff 2023\" width=\"100%\" height=\"auto\" title=\"\"><br \/>\n<img decoding=\"async\" class=\"size-full wp-image-17992\" src=\"https:\/\/livinghome.vn\/thiet-bi\/wp-content\/uploads\/catalog-hang\/kaff\/catalogue-kaff-10-2023-50.jpg\" alt=\"Catalogue Kaff 2023\" width=\"100%\" height=\"auto\" title=\"\"><br \/>\n<img decoding=\"async\" class=\"size-full wp-image-17992\" src=\"https:\/\/livinghome.vn\/thiet-bi\/wp-content\/uploads\/catalog-hang\/kaff\/catalogue-kaff-10-2023-51.jpg\" alt=\"Catalogue Kaff 2023\" width=\"100%\" height=\"auto\" title=\"\"><br \/>\n<img decoding=\"async\" class=\"size-full wp-image-17992\" src=\"https:\/\/livinghome.vn\/thiet-bi\/wp-content\/uploads\/catalog-hang\/kaff\/catalogue-kaff-10-2023-52.jpg\" alt=\"Catalogue Kaff 2023\" width=\"100%\" height=\"auto\" title=\"\"><br \/>\n<img decoding=\"async\" class=\"size-full wp-image-17992\" src=\"https:\/\/livinghome.vn\/thiet-bi\/wp-content\/uploads\/catalog-hang\/kaff\/catalogue-kaff-10-2023-53.jpg\" alt=\"Catalogue Kaff 2023\" width=\"100%\" height=\"auto\" title=\"\"><br \/>\n<img decoding=\"async\" class=\"size-full wp-image-17992\" src=\"https:\/\/livinghome.vn\/thiet-bi\/wp-content\/uploads\/catalog-hang\/kaff\/catalogue-kaff-10-2023-54.jpg\" alt=\"Catalogue Kaff 2023\" width=\"100%\" height=\"auto\" title=\"\"><br \/>\n<img decoding=\"async\" class=\"size-full wp-image-17992\" src=\"https:\/\/livinghome.vn\/thiet-bi\/wp-content\/uploads\/catalog-hang\/kaff\/catalogue-kaff-10-2023-55.jpg\" alt=\"Catalogue Kaff 2023\" width=\"100%\" height=\"auto\" title=\"\"><br \/>\n<img decoding=\"async\" class=\"size-full wp-image-17992\" src=\"https:\/\/livinghome.vn\/thiet-bi\/wp-content\/uploads\/catalog-hang\/kaff\/catalogue-kaff-10-2023-56.jpg\" alt=\"Catalogue Kaff 2023\" width=\"100%\" height=\"auto\" title=\"\"><br \/>\n<img decoding=\"async\" class=\"size-full wp-image-17992\" src=\"https:\/\/livinghome.vn\/thiet-bi\/wp-content\/uploads\/catalog-hang\/kaff\/catalogue-kaff-10-2023-57.jpg\" alt=\"Catalogue Kaff 2023\" width=\"100%\" height=\"auto\" title=\"\"><br \/>\n<img decoding=\"async\" class=\"size-full wp-image-17992\" src=\"https:\/\/livinghome.vn\/thiet-bi\/wp-content\/uploads\/catalog-hang\/kaff\/catalogue-kaff-10-2023-58.jpg\" alt=\"Catalogue Kaff 2023\" width=\"100%\" height=\"auto\" title=\"\"><br \/>\n<img decoding=\"async\" class=\"size-full wp-image-17992\" src=\"https:\/\/livinghome.vn\/thiet-bi\/wp-content\/uploads\/catalog-hang\/kaff\/catalogue-kaff-10-2023-59.jpg\" alt=\"Catalogue Kaff 2023\" width=\"100%\" height=\"auto\" title=\"\"><br \/>\n<img decoding=\"async\" class=\"size-full wp-image-17992\" src=\"https:\/\/livinghome.vn\/thiet-bi\/wp-content\/uploads\/catalog-hang\/kaff\/catalogue-kaff-10-2023-60.jpg\" alt=\"Catalogue Kaff 2023\" width=\"100%\" height=\"auto\" title=\"\"><br \/>\n<img decoding=\"async\" class=\"size-full wp-image-17992\" src=\"https:\/\/livinghome.vn\/thiet-bi\/wp-content\/uploads\/catalog-hang\/kaff\/catalogue-kaff-10-2023-61.jpg\" alt=\"Catalogue Kaff 2023\" width=\"100%\" height=\"auto\" title=\"\"><br \/>\n<img decoding=\"async\" class=\"size-full wp-image-17992\" src=\"https:\/\/livinghome.vn\/thiet-bi\/wp-content\/uploads\/catalog-hang\/kaff\/catalogue-kaff-10-2023-62.jpg\" alt=\"Catalogue Kaff 2023\" width=\"100%\" height=\"auto\" title=\"\"><br \/>\n<img decoding=\"async\" class=\"size-full wp-image-17992\" src=\"https:\/\/livinghome.vn\/thiet-bi\/wp-content\/uploads\/catalog-hang\/kaff\/catalogue-kaff-10-2023-63.jpg\" alt=\"Catalogue Kaff 2023\" width=\"100%\" height=\"auto\" title=\"\"><br \/>\n<img decoding=\"async\" class=\"size-full wp-image-17992\" src=\"https:\/\/livinghome.vn\/thiet-bi\/wp-content\/uploads\/catalog-hang\/kaff\/catalogue-kaff-10-2023-64.jpg\" alt=\"Catalogue Kaff 2023\" width=\"100%\" height=\"auto\" title=\"\"><\/p>\n","protected":false},"excerpt":{"rendered":"<h3>C\u1eadp nh\u1eadt phi\u00ean b\u1ea3n Catalogue m\u1edbi nh\u1ea5t c\u1ee7a Th\u01b0\u01a1ng hi\u1ec7u Kaff<\/h3>\n<ul>\n<li>B\u1ebfp \u0111i\u1ec7n t\u1eeb c\u00e1c lo\u1ea1i<\/li>\n<li>M\u00e1y h\u00fat m\u00f9i c\u00e1c lo\u1ea1i<\/li>\n<li>L\u00f2 n\u01b0\u1edbng \u00e2m<\/li>\n<li>L\u00f2 vi s\u00f3ng \u00e2m<\/li>\n<li>M\u00e1y r\u1eeda ch\u00e9n b\u00e1t<\/li>\n<li>T\u1ee7 l\u1ea1nh<\/li>\n<li>M\u00e1y gi\u1eb7t s\u1ea5y<\/li>\n<li>Ch\u1eadu r\u1eeda v\u00f2i r\u1eeda inox v\u00e0 \u0111\u00e1<\/li>\n<li>\u2026<\/li>\n<\/ul>\n","protected":false},"featured_media":17992,"comment_status":"open","ping_status":"closed","template":"","meta":[],"product_brand":[],"product_cat":[70,164],"product_tag":[172,166,177,170,179,167,180,181,178,182],"class_list":{"0":"post-844","1":"product","2":"type-product","3":"status-publish","4":"has-post-thumbnail","6":"product_cat-catalogue-thuong-hieu","7":"product_cat-thuong-hieu-kaff","8":"product_tag-bep-dien-kaff","9":"product_tag-bep-dien-tu-kaff","10":"product_tag-bep-gas-am-kaff","11":"product_tag-bep-tu-kaff","12":"product_tag-catalogue-kaff","13":"product_tag-kaff","14":"product_tag-lo-nuong-am-tu-kaff","15":"product_tag-lo-vi-song-am-kaff","16":"product_tag-may-hut-mui-kaff","17":"product_tag-may-rua-chen-kaff","19":"first","20":"instock","21":"product-type-simple"},"_links":{"self":[{"href":"https:\/\/livinghome.vn\/thiet-bi\/wp-json\/wp\/v2\/product\/844","targetHints":{"allow":["GET"]}}],"collection":[{"href":"https:\/\/livinghome.vn\/thiet-bi\/wp-json\/wp\/v2\/product"}],"about":[{"href":"https:\/\/livinghome.vn\/thiet-bi\/wp-json\/wp\/v2\/types\/product"}],"replies":[{"embeddable":true,"href":"https:\/\/livinghome.vn\/thiet-bi\/wp-json\/wp\/v2\/comments?post=844"}],"wp:featuredmedia":[{"embeddable":true,"href":"https:\/\/livinghome.vn\/thiet-bi\/wp-json\/wp\/v2\/media\/17992"}],"wp:attachment":[{"href":"https:\/\/livinghome.vn\/thiet-bi\/wp-json\/wp\/v2\/media?parent=844"}],"wp:term":[{"taxonomy":"product_brand","embeddable":true,"href":"https:\/\/livinghome.vn\/thiet-bi\/wp-json\/wp\/v2\/product_brand?post=844"},{"taxonomy":"product_cat","embeddable":true,"href":"https:\/\/livinghome.vn\/thiet-bi\/wp-json\/wp\/v2\/product_cat?post=844"},{"taxonomy":"product_tag","embeddable":true,"href":"https:\/\/livinghome.vn\/thiet-bi\/wp-json\/wp\/v2\/product_tag?post=844"}],"curies":[{"name":"wp","href":"https:\/\/api.w.org\/{rel}","templated":true}]}}