{"id":700,"date":"2023-01-12T10:25:02","date_gmt":"2023-01-12T10:25:02","guid":{"rendered":"https:\/\/livinghome.vn\/thiet-bi\/?post_type=product&#038;p=700"},"modified":"2024-11-29T14:20:56","modified_gmt":"2024-11-29T07:20:56","slug":"lo-nuong-eurosun-eov65me-am-tu-dung-tich-65-lit","status":"publish","type":"product","link":"https:\/\/livinghome.vn\/thiet-bi\/lo-nuong-eurosun-eov65me-am-tu-dung-tich-65-lit\/","title":{"rendered":"L\u00f2 n\u01b0\u1edbng Eurosun EOV65ME \u00e2m t\u1ee7 dung t\u00edch 65 l\u00edt"},"content":{"rendered":"<h2><strong>L\u00f2 n\u01b0\u1edbng Eurosun EOV65ME nh\u1eadp kh\u1ea9u nguy\u00ean chi\u1ebfc t\u1eeb Malaysia l\u00e0 s\u1ea3n ph\u1ea9m l\u00f2 n\u01b0\u1edbng cao c\u1ea5p, dung t\u00edch 65L v\u00e0 ph\u00f9 h\u1ee3p s\u1eed d\u1ee5ng cho \u0111\u1ea1i \u0111a s\u1ed1 gia \u0111\u00ecnh Vi\u1ec7t<\/strong><strong>. V\u1edbi thi\u1ebft k\u1ebf sang tr\u1ecdng, s\u1eed d\u1ee5ng v\u1eadt li\u1ec7u cao c\u1ea5p nh\u1ea5t trong ng\u00e0nh th\u1ef1c ph\u1ea9m l\u00e0 Inox 304 (18\/10) k\u1ebft h\u1ee3p k\u00ednh c\u01b0\u1eddng l\u1ef1c \u0111en ch\u1ed1ng b\u00e1m b\u1ea9n v\u00e0 v\u00e2n tay, t\u1ea1o v\u1ebb ngo\u00e0i sang tr\u1ecdng v\u00e0 cu\u1ed1n h\u00fat. L\u00f2 c\u00f3 h\u1ec7 th\u1ed1ng qu\u1ea1t t\u1ef1 l\u00e0m m\u00e1t hi\u1ec7u qu\u1ea3 v\u00e0 \u0111\u00e8n ph\u1ee5 tr\u1ee3 chi\u1ebfu s\u00e1ng khoang l\u00f2.<\/strong><\/h2>\n<figure id=\"attachment_48504\" aria-describedby=\"caption-attachment-48504\" style=\"width: 800px\" class=\"wp-caption alignnone\"><img loading=\"lazy\" decoding=\"async\" class=\"size-large wp-image-48504\" src=\"https:\/\/livinghome.vn\/thiet-bi\/wp-content\/uploads\/nha-bep\/eurosun\/lo-nuong\/lo-nuong-eurosun-eov65me\/lo-nuong-eurosun-eov65me-800x800.jpg\" alt=\"L\u00f2 n\u01b0\u1edbng Eurosun EOV65ME \u00e2m t\u1ee7 dung t\u00edch 65 l\u00edt\" width=\"800\" height=\"800\" title=\"\"><figcaption id=\"caption-attachment-48504\" class=\"wp-caption-text\">L\u00f2 n\u01b0\u1edbng Eurosun EOV65ME \u00e2m t\u1ee7 dung t\u00edch 65 l\u00edt<\/figcaption><\/figure>\n<h3><strong><span class=\"fontstyle0\">\u0110\u1eb7c t\u00ednh s\u1ea3n ph\u1ea9m<\/span> <\/strong><\/h3>\n<ul>\n<li>Ph\u00e2n lo\u1ea1i: <a href=\"https:\/\/livinghome.vn\/product-category\/nha-bep\/lo-nuong-am\/\">L\u00f2 n\u01b0\u1edbng<\/a> Eurosun EOV65ME<\/li>\n<li><span class=\"fontstyle0\">M\u1eb7t k\u00ednh m\u00e0u \u0111en ph\u1ed1i inox ch\u1ed1ng v\u00e2n tay<br \/>\n<\/span><\/li>\n<li><span class=\"fontstyle0\">\u0110i\u1ec1u khi\u1ec3n c\u01a1 th\u00f4ng minh: si\u00eau b\u1ec1n, \u0111\u01b0\u1ee3c b\u1ed1 tr\u00ed tr\u1ef1c quan v\u00e0 thi\u1ebft k\u1ebf cho ng\u01b0\u1eddi d\u00f9ng d\u1ec5 s\u1eed d\u1ee5ng.<br \/>\n<\/span><\/li>\n<li><span class=\"fontstyle0\">H\u1ec7 th\u1ed1ng qu\u1ea1t t\u1ef1 l\u00e0m m\u00e1t l\u00f2<br \/>\n<\/span><\/li>\n<li><span class=\"fontstyle0\">\u0110\u01b0\u1eddng \u0111\u00e8n ph\u1ee5 tr\u1ee3 chi\u1ebfu s\u00e1ng b\u00ean trong khoang l\u00f2<br \/>\n<\/span><\/li>\n<li><span class=\"fontstyle0\">Ch\u1ee9c n\u0103ng h\u1ed7 tr\u1ee3 r\u00e3 \u0111\u00f4ng th\u1ef1c ph\u1ea9m b\u1eb1ng qu\u1ea1t gi\u00f3<br \/>\n<\/span><\/li>\n<li><span class=\"fontstyle0\">Ch\u1ee9c n\u0103ng h\u1eb9n gi\u1edd n\u01b0\u1edbng ti\u1ec7n l\u1ee3i<br \/>\n<\/span><\/li>\n<li><span class=\"fontstyle0\">Khoang l\u00f2 \u0111\u01b0\u1ee3c tr\u00e1ng men \u0111\u1eb7c bi\u1ec7t d\u1ec5 d\u00e0ng v\u1ec7 sinh<br \/>\n<\/span><\/li>\n<li><span class=\"fontstyle0\">8 ch\u1ee9c n\u0103ng n\u1ea5u n\u01b0\u1edbng: C\u00e1c ch\u1ebf \u0111\u1ed9 n\u01b0\u1edbng nh\u01b0 n\u01b0\u1edbng tr\u00ean, n\u01b0\u1edbng d\u01b0\u1edbi, n\u01b0\u1edbng tr\u00ean k\u1ebft h\u1ee3p qu\u1ea1t, n\u01b0\u1edbng d\u01b0\u1edbi k\u1ebft h\u1ee3p, n\u01b0\u1edbng \u0111\u1ed1i l\u01b0u, n\u01b0\u1edbng tr\u00ean b\u1eb1ng hai ngu\u1ed3n nhi\u1ec7t, n\u01b0\u1edbng tr\u00ean k\u1ebft h\u1ee3p qu\u1ea1t, n\u01b0\u1edbng d\u01b0\u1edbi k\u1ebft h\u1ee3p gi\u00fap th\u1ee9c \u0103n ch\u00edn \u0111\u1ec1u, th\u01a1m ngon h\u01a1n m\u00e0 trong qu\u00e1 tr\u00ecnh n\u01b0\u1edbng b\u1ea1n kh\u00f4ng c\u1ea7n ph\u1ea3i tr\u1edf m\u1eb7t th\u1ef1c ph\u1ea9m. \u0110\u1ed3ng th\u1eddi ch\u1ebf \u0111\u1ed9 r\u00e3 \u0111\u00f4ng th\u1ef1c ph\u1ea9m c\u0169ng \u0111\u01b0\u1ee3c t\u00edch h\u1ee3p v\u00e0o thi\u1ebft b\u1ecb gi\u00fap vi\u1ec7c r\u00e3 \u0111\u00f4ng th\u1ef1c ph\u1ea9m nhanh ch\u00f3ng h\u01a1n, kh\u00f4ng c\u00f2n t\u1ed1n nhi\u1ec1u th\u1eddi gian cho vi\u1ec7c \u0111\u1ee3i ch\u1edd r\u00e3 \u0111\u00f4ng \u0111\u1ec3 n\u1ea5u n\u01b0\u1edbng.<\/span><\/li>\n<\/ul>\n<h3><strong>Ch\u1ee9c n\u0103ng an to\u00e0n<\/strong><\/h3>\n<ul>\n<li><span class=\"fontstyle0\"><strong>L\u00f2 n\u01b0\u1edbng Eurosun EOV65ME<\/strong> \u0111\u01b0\u1ee3c trang b\u1ecb c\u1eeda k\u00ednh c\u00e1ch nhi\u1ec7t an to\u00e0n v\u1edbi ng\u01b0\u1eddi s\u1eed d\u1ee5ng: gi\u00fap b\u1ea3o v\u1ec7 kh\u00f4ng gian xung quanh l\u00f2 kh\u1ecfi c\u00e1c tia b\u1ee9c x\u1ea1 v\u00e0 \u00f4 nhi\u1ec5m t\u1eeb khi l\u00f2 ho\u1ea1t \u0111\u1ed9ng<br \/>\n<\/span><\/li>\n<li><span class=\"fontstyle0\">Kh\u00f3a tr\u1ebb em: \u0110\u1ec3 \u0111\u1ea3m b\u1ea3o an to\u00e0n cho ng\u01b0\u1eddi d\u00f9ng, tr\u1ebb nh\u1ecf c\u0169ng nh\u01b0 tr\u00e1nh vi\u1ec7c tr\u1ebb em ngh\u1ecbch ph\u00e1 g\u00e2y \u1ea3nh h\u01b0\u1edfng \u0111\u1ebfn qu\u00e1 tr\u00ecnh ch\u1ebf bi\u1ebfn th\u1ee9c \u0103n c\u1ee7a l\u00f2 n\u01b0\u1edbng hay c\u00e1c tai n\u1ea1n b\u1ecfng, ch\u1eadp \u0111i\u1ec7n\u2026<strong>\u00a0l\u00f2 n\u01b0\u1edbng Eurosun EOV65ME\u00a0<\/strong>trang b\u1ecb ch\u1ebf \u0111\u1ed9 kh\u00f3a an to\u00e0n tr\u1ebb em. \u0110\u1eb7c bi\u1ec7t, khi ch\u1ebf \u0111\u1ed9 kh\u00f3a an to\u00e0n b\u1eadt b\u1ea1n v\u1eabn c\u00f3 th\u1ec3 t\u1eaft l\u00f2, c\u00e0i \u0111\u1eb7t ch\u1ebf \u0111\u1ed9 h\u1eb9n gi\u1edd v\u00e0 t\u1eaft t\u00edn hi\u1ec7u \u00e2m thanh r\u1ea5t ti\u1ec7n l\u1ee3i.<\/span><\/li>\n<\/ul>\n<h3><strong>Th\u00f4ng tin k\u1ef9 thu\u1eadt<\/strong><\/h3>\n<ul>\n<li>\u00a0<span class=\"fontstyle0\">Dung t\u00edch: 65 l\u00edt<br \/>\nNhi\u1ec7t \u0111\u1ed9 n\u01b0\u1edbng: 50-250\u00baC<br \/>\nC\u00f4ng su\u1ea5t: 2700 &#8211; 3200W<br \/>\n\u0110i\u1ec7n \u00e1p: 220V \/ 50Hz<br \/>\nK\u00edch th\u01b0\u1edbc s\u1ea3n ph\u1ea9m: 595R x 575S x 595C mm<br \/>\nK\u00edch th\u01b0\u1edbc kho\u00e9t t\u1ee7: 570R x 580S x590C mm<\/span><\/li>\n<\/ul>\n","protected":false},"excerpt":{"rendered":"<p>L\u00f2 n\u01b0\u1edbng Eurosun EOV65ME nh\u1eadp kh\u1ea9u nguy\u00ean chi\u1ebfc t\u1eeb Malaysia l\u00e0 s\u1ea3n ph\u1ea9m l\u00f2 n\u01b0\u1edbng cao c\u1ea5p, dung t\u00edch 65L v\u00e0 ph\u00f9 h\u1ee3p s\u1eed d\u1ee5ng cho \u0111\u1ea1i \u0111a s\u1ed1 gia \u0111\u00ecnh Vi\u1ec7t. V\u1edbi thi\u1ebft k\u1ebf sang tr\u1ecdng, s\u1eed d\u1ee5ng v\u1eadt li\u1ec7u cao c\u1ea5p nh\u1ea5t trong ng\u00e0nh th\u1ef1c ph\u1ea9m l\u00e0 Inox 304 (18\/10) k\u1ebft h\u1ee3p k\u00ednh [&#8230;]\n","protected":false},"featured_media":738,"comment_status":"open","ping_status":"closed","template":"","meta":[],"product_brand":[],"product_cat":[95,106],"product_tag":[108,96,154,155,156],"class_list":{"0":"post-700","1":"product","2":"type-product","3":"status-publish","4":"has-post-thumbnail","6":"product_cat-lo-nuong","7":"product_cat-thuong-hieu-eurosun","8":"product_tag-eurosun","9":"product_tag-lo-nuong","10":"product_tag-lo-nuong-am","11":"product_tag-lo-nuong-am-eurosun","12":"product_tag-lo-nuong-am-tu","14":"first","15":"instock","16":"sale","17":"shipping-taxable","18":"purchasable","19":"product-type-simple"},"_links":{"self":[{"href":"https:\/\/livinghome.vn\/thiet-bi\/wp-json\/wp\/v2\/product\/700","targetHints":{"allow":["GET"]}}],"collection":[{"href":"https:\/\/livinghome.vn\/thiet-bi\/wp-json\/wp\/v2\/product"}],"about":[{"href":"https:\/\/livinghome.vn\/thiet-bi\/wp-json\/wp\/v2\/types\/product"}],"replies":[{"embeddable":true,"href":"https:\/\/livinghome.vn\/thiet-bi\/wp-json\/wp\/v2\/comments?post=700"}],"wp:featuredmedia":[{"embeddable":true,"href":"https:\/\/livinghome.vn\/thiet-bi\/wp-json\/wp\/v2\/media\/738"}],"wp:attachment":[{"href":"https:\/\/livinghome.vn\/thiet-bi\/wp-json\/wp\/v2\/media?parent=700"}],"wp:term":[{"taxonomy":"product_brand","embeddable":true,"href":"https:\/\/livinghome.vn\/thiet-bi\/wp-json\/wp\/v2\/product_brand?post=700"},{"taxonomy":"product_cat","embeddable":true,"href":"https:\/\/livinghome.vn\/thiet-bi\/wp-json\/wp\/v2\/product_cat?post=700"},{"taxonomy":"product_tag","embeddable":true,"href":"https:\/\/livinghome.vn\/thiet-bi\/wp-json\/wp\/v2\/product_tag?post=700"}],"curies":[{"name":"wp","href":"https:\/\/api.w.org\/{rel}","templated":true}]}}