{"id":654,"date":"2023-01-12T10:24:14","date_gmt":"2023-01-12T10:24:14","guid":{"rendered":"https:\/\/livinghome.vn\/thiet-bi\/?post_type=product&#038;p=654"},"modified":"2024-11-29T14:20:58","modified_gmt":"2024-11-29T07:20:58","slug":"may-rua-chen-eurosun-sks55e07eu-7-bo-6-5-lit-nuoc","status":"publish","type":"product","link":"https:\/\/livinghome.vn\/thiet-bi\/may-rua-chen-eurosun-sks55e07eu-7-bo-6-5-lit-nuoc\/","title":{"rendered":"M\u00e1y r\u1eeda ch\u00e9n Eurosun SKS55E07EU 7 b\u1ed9 6.5 l\u00edt n\u01b0\u1edbc"},"content":{"rendered":"<h2>C\u00f9ng kh\u00e1m ph\u00e1 M\u00e1y r\u1eeda ch\u00e9n Eurosun SKS55E07EU 7 b\u1ed9 6.5 l\u00edt n\u01b0\u1edbc c\u00f3 g\u00ec hot<\/h2>\n<figure id=\"attachment_44862\" aria-describedby=\"caption-attachment-44862\" style=\"width: 800px\" class=\"wp-caption alignnone\"><img loading=\"lazy\" decoding=\"async\" class=\"size-large wp-image-44862\" src=\"https:\/\/livinghome.vn\/thiet-bi\/wp-content\/uploads\/nha-bep\/eurosun\/may-rua-chen\/may-rua-chen-eurosun-sks55e07eu\/may-rua-chen-eurosun-sks55e07eu-800x800.jpg\" alt=\"M\u00e1y r\u1eeda ch\u00e9n Eurosun SKS55E07EU 7 b\u1ed9 6.5 l\u00edt n\u01b0\u1edbc\" width=\"800\" height=\"800\" title=\"\"><figcaption id=\"caption-attachment-44862\" class=\"wp-caption-text\">M\u00e1y r\u1eeda ch\u00e9n Eurosun SKS55E07EU 7 b\u1ed9 6.5 l\u00edt n\u01b0\u1edbc<\/figcaption><\/figure>\n<h3><strong><span class=\"fontstyle0\">\u0110\u1eb7c t\u00ednh s\u1ea3n ph\u1ea9m<\/span> <\/strong><\/h3>\n<ul>\n<li><span class=\"fontstyle0\"><span class=\"fontstyle0\"><a href=\"https:\/\/livinghome.vn\/thiet-bi\/may-rua-chen-bat\/\">M\u00e1y r\u1eeda ch\u00e9n<\/a><\/span><\/span> Eurosun <span class=\"fontstyle0\">SMS58EU09BT <\/span>l\u1eafp \u0111\u1eb7t \u0111\u1ed9c l\u1eadp ho\u1eb7c \u00e2m t\u1ee7<span class=\"fontstyle0\"><br \/>\n<\/span><\/li>\n<li><span class=\"fontstyle0\">\u0110i\u1ec1u khi\u1ec3n c\u1ea3m \u1ee9ng k\u1ef9 thu\u1eadt s\u1ed1 Digital<br \/>\n<\/span><\/li>\n<li><span class=\"fontstyle0\">\u0110\u00e8n b\u00e1o hi\u1ec3n th\u1ecb Led<br \/>\n<\/span><\/li>\n<li><span class=\"fontstyle0\">5 ch\u1ebf \u0111\u1ed9 c\u00e0i \u0111\u1eb7t<br \/>\n<\/span><\/li>\n<li><span class=\"fontstyle0\">H\u1eb9n gi\u1edd 0-24 gi\u1edd<br \/>\n<\/span><\/li>\n<li><span class=\"fontstyle0\">Ch\u1ee9c n\u0103ng b\u1ea3o qu\u1ea3n: Lo\u1ea1i b\u1ecf m\u00f9i h\u00f4i, ch\u1ed1ng \u1ea9m n\u1ea5m m\u1ed1c<br \/>\n<\/span><\/li>\n<li><span class=\"fontstyle0\">Ch\u01b0\u01a1ng tr\u00ecnh t\u1ef1 \u0111\u1ed9ng l\u00e0m s\u1ea1ch <\/span><span class=\"fontstyle2\">Self &#8211; Cleaning <\/span><span class=\"fontstyle0\">gi\u00fap ch\u00fang ta l\u00e0m s\u1ea1ch m\u00e1y sau m\u1ed9t th\u1eddi gian s\u1eed d\u1ee5ng c\u00f3 th\u1ec3 b\u1ecb b\u00e1m b\u1ea9n v\u00e0 m\u00f9i h\u00f4i t\u1ea1o \u0111i\u1ec1u ki\u1ec7n cho vi khu\u1ea9n ph\u00e1t tri\u1ec3n, kh\u1edfi \u0111\u1ed9ng ch\u1ee9c n\u0103ng n\u00e0y s\u1ebd gi\u00fap kh\u1eed khu\u1ea9n v\u00e0 m\u00f9i h\u00f4i hi\u1ec7u qu\u1ea3 trong v\u00f2ng 80 ph\u00fat<br \/>\n<\/span><\/li>\n<li><span class=\"fontstyle0\">Ch\u1ee9c n\u0103ng s\u1ea5y t\u0103ng c\u01b0\u1eddng <\/span><span class=\"fontstyle2\">Extra Drying <\/span><span class=\"fontstyle0\">gi\u00fap s\u1ea5y kh\u00f4 hi\u1ec7u qu\u1ea3 tri\u1ec7t \u0111\u1ec3 di\u1ec7t khu\u1ea9n l\u00ean \u0111\u1ebfn <\/span><span class=\"fontstyle2\">99,99%<\/span><\/li>\n<\/ul>\n<h3><strong>8 Ch\u01b0\u01a1ng tr\u00ecnh r\u1eeda<\/strong><\/h3>\n<ul>\n<li><span class=\"fontstyle0\">R\u1eeda t\u1ef1 \u0111\u1ed9ng <\/span><span class=\"fontstyle2\">Auto Wash <\/span><span class=\"fontstyle0\">45-68\u00b0C<\/span><\/li>\n<li><span class=\"fontstyle0\">R\u1eeda chuy\u00ean s\u00e2u <\/span><span class=\"fontstyle2\">Intensive <\/span><span class=\"fontstyle0\">50-68\u00b0C<br \/>\n<\/span><\/li>\n<li><span class=\"fontstyle0\">R\u1eeda <\/span><span class=\"fontstyle2\">ECO <\/span><span class=\"fontstyle0\">50-68\u00b0C<\/span><\/li>\n<li><span class=\"fontstyle0\"> R\u1eeda \u0111\u1ed3 th\u1ee7y tinh <\/span><span class=\"fontstyle2\">Glass <\/span><span class=\"fontstyle0\">45-58\u00b0C<\/span><\/li>\n<li><span class=\"fontstyle0\">R\u1eeda 90 ph\u00fat-65\u00b0C,<br \/>\n<\/span><\/li>\n<li><span class=\"fontstyle0\">R\u1eeda nhanh <\/span><span class=\"fontstyle2\">Rapit <\/span><span class=\"fontstyle0\">40\u00b0C <\/span><\/li>\n<li><span class=\"fontstyle0\">T\u1ef1 l\u00e0m s\u1ea1ch m\u00e1y <\/span><span class=\"fontstyle2\">Self &#8211; Cleaning <\/span><span class=\"fontstyle0\">65-68\u00b0C<\/span><\/li>\n<\/ul>\n<h3><strong>2 Ch\u1ee9c n\u0103ng an to\u00e0n<\/strong><\/h3>\n<ul>\n<li><span class=\"fontstyle0\">Kho\u00e1 tr\u1ebb em &#8211; <\/span><span class=\"fontstyle2\">Child Lock<\/span><\/li>\n<\/ul>\n<h3><strong><span class=\"fontstyle0\">Th\u00f4ng tin k\u1ef9 thu\u1eadt<\/span><\/strong><\/h3>\n<ul>\n<li><span class=\"fontstyle0\">Dung t\u00edch ch\u1ee9a: <\/span><span class=\"fontstyle2\">7 b\u1ed9 b\u00e1t \u0111\u0129a<br \/>\n<\/span><\/li>\n<li><span class=\"fontstyle0\">M\u1ee9c \u0111\u1ed9 ti\u1ebfng \u1ed3n: <\/span><span class=\"fontstyle2\">\u226449db <\/span><span class=\"fontstyle0\">si\u00eau \u00e2m<br \/>\n<\/span><\/li>\n<li><span class=\"fontstyle0\">Ti\u00eau chu\u1ea9n n\u0103ng l\u01b0\u1ee3ng Ch\u00e2u \u00c2u <\/span><span class=\"fontstyle2\">A\u207a<br \/>\n<\/span><\/li>\n<li><span class=\"fontstyle0\">Ti\u00eau chu\u1ea9n m\u1ee9c \u0111\u1ed9 s\u1ea1ch <\/span><span class=\"fontstyle2\">Acleaning efficiency class A<br \/>\n<\/span><\/li>\n<li><span class=\"fontstyle0\">Ti\u00eau chu\u1ea9n ch\u1ec9 s\u1ed1 hi\u1ec7u qu\u1ea3 s\u1ea5y Kh\u00f4: <\/span><span class=\"fontstyle2\">Drying efficiency class A<br \/>\n<\/span><\/li>\n<li><span class=\"fontstyle0\">\u0110i\u1ec7n \u00e1p: 220-240V \/~ 50Hz<br \/>\n<\/span><\/li>\n<li><span class=\"fontstyle0\">M\u1ee9c ti\u00eau th\u1ee5 \u0111i\u1ec7n n\u0103ng: Kho\u1ea3ng \u00b10.61Kwh\/ l\u1ea7n r\u1eeda<br \/>\n<\/span><\/li>\n<li><span class=\"fontstyle0\">M\u1ee9c ti\u00eau th\u1ee5 n\u01b0\u1edbc t\u1ed1i \u0111a: Kho\u1ea3ng \u00b16.5l\u00edt\/ l\u1ea7n r\u1eeda<br \/>\n<\/span><\/li>\n<li><span class=\"fontstyle0\">K\u00edch th\u01b0\u1edbc s\u1ea3n ph\u1ea9m: 550R x 500S x 438C mm<br \/>\n<\/span><\/li>\n<li><span class=\"fontstyle0\">K\u00edch th\u01b0\u1edbc kho\u00e9t: 560R x 550S x 450C mm<\/span><\/li>\n<\/ul>\n<h3><strong>Xu\u1ea5t x\u1ee9: Malaysia<\/strong><\/h3>\n","protected":false},"excerpt":{"rendered":"<p>C\u00f9ng kh\u00e1m ph\u00e1 M\u00e1y r\u1eeda ch\u00e9n Eurosun SKS55E07EU 7 b\u1ed9 6.5 l\u00edt n\u01b0\u1edbc c\u00f3 g\u00ec hot \u0110\u1eb7c t\u00ednh s\u1ea3n ph\u1ea9m M\u00e1y r\u1eeda ch\u00e9n Eurosun SMS58EU09BT l\u1eafp \u0111\u1eb7t \u0111\u1ed9c l\u1eadp ho\u1eb7c \u00e2m t\u1ee7 \u0110i\u1ec1u khi\u1ec3n c\u1ea3m \u1ee9ng k\u1ef9 thu\u1eadt s\u1ed1 Digital \u0110\u00e8n b\u00e1o hi\u1ec3n th\u1ecb Led 5 ch\u1ebf \u0111\u1ed9 c\u00e0i \u0111\u1eb7t H\u1eb9n gi\u1edd 0-24 gi\u1edd Ch\u1ee9c [&#8230;]\n","protected":false},"featured_media":705,"comment_status":"open","ping_status":"closed","template":"","meta":[],"product_brand":[],"product_cat":[606,92,819,828,827,826,866,817,106],"product_tag":[108,93,137,136,138],"class_list":{"0":"post-654","1":"product","2":"type-product","3":"status-publish","4":"has-post-thumbnail","6":"product_cat-may-rua-chen-bat-eurosun","7":"product_cat-may-rua-chen-bat","8":"product_cat-may-rua-chen-bat-6-bo","9":"product_cat-may-rua-chen-bat-am-tu","10":"product_cat-may-rua-chen-bat-ban-am","11":"product_cat-may-rua-chen-bat-doc-lap","12":"product_cat-may-rua-chen-bat-malaysia","13":"product_cat-may-rua-chen-bat-mini","14":"product_cat-thuong-hieu-eurosun","15":"product_tag-eurosun","16":"product_tag-may-rua-chen","17":"product_tag-may-rua-chen-am-tu","18":"product_tag-may-rua-chen-eurosun","19":"product_tag-may-rua-chen-lap-dat-doc-lap","21":"first","22":"instock","23":"sale","24":"shipping-taxable","25":"purchasable","26":"product-type-simple"},"_links":{"self":[{"href":"https:\/\/livinghome.vn\/thiet-bi\/wp-json\/wp\/v2\/product\/654","targetHints":{"allow":["GET"]}}],"collection":[{"href":"https:\/\/livinghome.vn\/thiet-bi\/wp-json\/wp\/v2\/product"}],"about":[{"href":"https:\/\/livinghome.vn\/thiet-bi\/wp-json\/wp\/v2\/types\/product"}],"replies":[{"embeddable":true,"href":"https:\/\/livinghome.vn\/thiet-bi\/wp-json\/wp\/v2\/comments?post=654"}],"wp:featuredmedia":[{"embeddable":true,"href":"https:\/\/livinghome.vn\/thiet-bi\/wp-json\/wp\/v2\/media\/705"}],"wp:attachment":[{"href":"https:\/\/livinghome.vn\/thiet-bi\/wp-json\/wp\/v2\/media?parent=654"}],"wp:term":[{"taxonomy":"product_brand","embeddable":true,"href":"https:\/\/livinghome.vn\/thiet-bi\/wp-json\/wp\/v2\/product_brand?post=654"},{"taxonomy":"product_cat","embeddable":true,"href":"https:\/\/livinghome.vn\/thiet-bi\/wp-json\/wp\/v2\/product_cat?post=654"},{"taxonomy":"product_tag","embeddable":true,"href":"https:\/\/livinghome.vn\/thiet-bi\/wp-json\/wp\/v2\/product_tag?post=654"}],"curies":[{"name":"wp","href":"https:\/\/api.w.org\/{rel}","templated":true}]}}