{"id":641,"date":"2023-01-12T10:23:50","date_gmt":"2023-01-12T10:23:50","guid":{"rendered":"https:\/\/livinghome.vn\/thiet-bi\/?post_type=product&#038;p=641"},"modified":"2024-11-29T14:20:59","modified_gmt":"2024-11-29T07:20:59","slug":"may-rua-chen-eurosun-sms78eu12es-14-bo-9-lit-nuoc","status":"publish","type":"product","link":"https:\/\/livinghome.vn\/thiet-bi\/may-rua-chen-eurosun-sms78eu12es-14-bo-9-lit-nuoc\/","title":{"rendered":"M\u00e1y r\u1eeda ch\u00e9n Eurosun SMS78EU12ES 14 b\u1ed9 9 l\u00edt n\u01b0\u1edbc"},"content":{"rendered":"<h2>Xin gi\u1edbi thi\u1ec7u M\u00e1y r\u1eeda ch\u00e9n Eurosun SMS78EU12ES 14 b\u1ed9 9 l\u00edt n\u01b0\u1edbc c\u00f3 g\u00ec \u0111\u1eb7c bi\u1ec7t<\/h2>\n<figure id=\"attachment_44813\" aria-describedby=\"caption-attachment-44813\" style=\"width: 800px\" class=\"wp-caption alignnone\"><img loading=\"lazy\" decoding=\"async\" class=\"size-large wp-image-44813\" src=\"https:\/\/livinghome.vn\/thiet-bi\/wp-content\/uploads\/nha-bep\/eurosun\/may-rua-chen\/may-rua-chen-eurosun-sms78eu12es\/may-rua-chen-eurosun-sms78eu12es-800x800.jpg\" alt=\"M\u00e1y r\u1eeda ch\u00e9n Eurosun SMS78EU12ES 14 b\u1ed9 9 l\u00edt n\u01b0\u1edbc \" width=\"800\" height=\"800\" title=\"\"><figcaption id=\"caption-attachment-44813\" class=\"wp-caption-text\">M\u00e1y r\u1eeda ch\u00e9n Eurosun SMS78EU12ES 14 b\u1ed9 9 l\u00edt n\u01b0\u1edbc<\/figcaption><\/figure>\n<h3><strong><span class=\"fontstyle0\">\u0110\u1eb7c t\u00ednh s\u1ea3n ph\u1ea9m<\/span> <\/strong><\/h3>\n<ul>\n<li><span class=\"fontstyle0\"><span class=\"fontstyle0\"><a href=\"https:\/\/livinghome.vn\/thiet-bi\/may-rua-chen-bat\/\">M\u00e1y r\u1eeda ch\u00e9n<\/a><\/span><\/span> Eurosun SMS78EU12ES <span class=\"fontstyle0\">l\u1eafp \u0111\u1ed9c l\u1eadp ho\u1eb7c \u00e2m t\u1ee7<\/span><span class=\"fontstyle0\"><br \/>\n<\/span><\/li>\n<li><span class=\"fontstyle0\">3 khay ch\u1ee9a c\u01a1 \u0111\u1ed9ng + 1 ng\u0103n gi\u1ecf dao k\u00e9o\/ gi\u1ecf \u0111\u1ec3 \u0111\u0169a<br \/>\n<\/span><\/li>\n<li><span class=\"fontstyle0\">C\u00f4ng ngh\u1ec7 <\/span><span class=\"fontstyle2\">Eco Silence <\/span><span class=\"fontstyle0\">c\u1ee7a \u0111\u1ed9ng c\u01a1 <\/span><span class=\"fontstyle2\">BLDC <\/span><span class=\"fontstyle0\">gi\u00fap m\u00e1y ho\u1ea1t \u0111\u1ed9ng m\u1ea1nh m\u1ebd h\u01a1n, ti\u1ebft ki\u1ec7m \u0111\u1ebfn g\u1ea7n <\/span><span class=\"fontstyle2\">50% <\/span><span class=\"fontstyle0\">n\u0103ng l\u01b0\u1ee3ng v\u00e0 th\u1eddi gian, ngo\u00e0i ra c\u00f2n gi\u00fap m\u00e1y ch\u1ed1ng rung ho\u1ea1t \u0111\u1ed9ng y\u00ean t\u0129nh v\u1edbi \u0111\u1ed9 \u1ed3n th\u1ea5p nh\u1ea5t.<br \/>\n<\/span><\/li>\n<li><span class=\"fontstyle0\">C\u00f4ng ngh\u1ec7 r\u1eeda x\u1ecbt \u00e1p l\u1ef1c cao v\u1edbi g\u00f3c x\u1ecbt l\u00ean t\u1edbi 720\u00b0<br \/>\n<\/span><\/li>\n<li><span class=\"fontstyle0\">C\u00f4ng ngh\u1ec7 <\/span><span class=\"fontstyle2\">Varioscan <\/span><span class=\"fontstyle0\">&#8211; t\u1ef1 c\u1ea3m bi\u1ebfn l\u01b0\u1ee3ng n\u01b0\u1edbc v\u00e0 \u0111i\u1ec7n n\u0103ng ti\u00eau th\u1ee5 theo s\u1ed1 b\u00e1t \u0111\u0129a r\u1eeda th\u1ef1c t\u1ebf, ti\u1ebft ki\u1ec7m n\u0103ng l\u01b0\u1ee3ng.<br \/>\n<\/span><\/li>\n<li><span class=\"fontstyle0\">T\u1ef1 \u0111\u1ed9ng <\/span><span class=\"fontstyle2\">l\u01b0u c\u00e1c ch\u01b0\u01a1ng tr\u00ecnh r\u1eeda Saved wash programs<\/span><span class=\"fontstyle0\">, ph\u00f2ng khi m\u1ea5t \u0111i\u1ec7n, m\u00e1y kh\u00f4ng ph\u1ea3i r\u1eeda l\u1ea1i t\u1eeb \u0111\u1ea7u.<\/span><\/li>\n<\/ul>\n<h3><strong>9 Ch\u01b0\u01a1ng tr\u00ecnh r\u1eeda<\/strong><\/h3>\n<ul>\n<li><span class=\"fontstyle0\">R\u1eeda ti\u1ebft ki\u1ec7m <\/span><span class=\"fontstyle2\">ECO <\/span><span class=\"fontstyle0\">47-65\u00b0C<br \/>\n<\/span><\/li>\n<li><span class=\"fontstyle0\">R\u1eeda y\u00ean t\u0129nh <\/span><span class=\"fontstyle2\">Silence <\/span><span class=\"fontstyle0\">60-70\u00b0C<br \/>\n<\/span><\/li>\n<li><span class=\"fontstyle0\">T\u1ef1 l\u00e0m s\u1ea1ch m\u00e1y <\/span><span class=\"fontstyle2\">Self-cleaning <\/span><span class=\"fontstyle0\">70\u00b0C<br \/>\n<\/span><\/li>\n<li><span class=\"fontstyle0\">R\u1eeda chuy\u00ean s\u00e2u <\/span><span class=\"fontstyle2\">Intensive <\/span><span class=\"fontstyle0\">50-70\u00b0C<br \/>\n<\/span><\/li>\n<li><span class=\"fontstyle0\">R\u1eeda th\u00f4ng th\u01b0\u1eddng <\/span><span class=\"fontstyle2\">Normal <\/span><span class=\"fontstyle0\">50-70\u00b0C, R\u1eeda th\u1ee7y tinh <\/span><span class=\"fontstyle2\">Glass <\/span><span class=\"fontstyle0\">55-65\u00b0C<br \/>\n<\/span><\/li>\n<li><span class=\"fontstyle0\">R\u1eeda nhanh <\/span><span class=\"fontstyle2\">Rapit <\/span><span class=\"fontstyle0\">45\u00b0C, Ng\u00e2m tr\u01b0\u1edbc khi r\u1eeda <\/span><span class=\"fontstyle2\">Soak<br \/>\n<\/span><\/li>\n<li><span class=\"fontstyle0\">R\u1eeda n\u1ed3i chuy\u00ean s\u00e2u <\/span><span class=\"fontstyle2\">Hotpot <\/span><span class=\"fontstyle0\">55-70\u00b0C<\/span><\/li>\n<\/ul>\n<h3><strong>5 Ch\u1ee9c n\u0103ng t\u0103ng c\u01b0\u1eddng<\/strong><\/h3>\n<ul>\n<li><span class=\"fontstyle0\">Ch\u1ee9c n\u0103ng <\/span><span class=\"fontstyle2\">Fress &amp; Dry <\/span><span class=\"fontstyle0\">l\u00e0 ch\u1ee9c n\u0103ng <\/span><span class=\"fontstyle3\">s\u1ea5y t\u01b0\u01a1i b\u1eb1ng kh\u00ed n\u00f3ng<\/span><span class=\"fontstyle0\">, sau quy tr\u00ecnh r\u1eeda kho\u1ea3ng 20 ph\u00fat ch\u1ee9c n\u0103ng s\u1ebd \u0111\u01b0\u1ee3c kh\u1edfi \u0111\u1ed9ng v\u00e0 th\u1ed5i lu\u1ed3ng kh\u00ed t\u01b0\u01a1i n\u00f3ng gi\u00fap cho c\u00e1c v\u1eadt d\u1ee5ng trong m\u00e1y r\u1eeda b\u00e1t \u0111\u01b0\u1ee3c di\u1ec7t khu\u1ea9n v\u00e0 n\u1ea5m m\u1ed1c <\/span><span class=\"fontstyle2\">99.99% <\/span><span class=\"fontstyle0\">trong 72 gi\u1edd v\u1edbi m\u1ed9t l\u01b0\u1ee3ng \u0111i\u1ec7n ch\u1ec9 0.37kWh cho c\u1ea3 quy tr\u00ecnh. B\u00e1t \u0111\u0129a lu\u00f4n lu\u00f4n n\u00f3ng v\u00e0 v\u00f4 tr\u00f9ng nh\u01b0 v\u1eeba m\u1edbi r\u1eeda xong.<br \/>\n<\/span><\/li>\n<li><span class=\"fontstyle2\">Dualzone wash: <\/span><span class=\"fontstyle0\">Ch\u1ee9c n\u0103ng r\u1eeda k\u00e9p v\u1edbi d\u00e0n phun tr\u00ean v\u00e0 d\u01b0\u1edbi<br \/>\n<\/span><\/li>\n<li><span class=\"fontstyle2\">Extra Drying: <\/span><span class=\"fontstyle0\">S\u1ea5y t\u0103ng c\u01b0\u1eddng \u1edf nhi\u1ec7t \u0111\u1ed9 cao<br \/>\n<\/span><\/li>\n<li><span class=\"fontstyle0\">C\u00f4ng ngh\u1ec7 s\u1ea5y gia t\u1ed1c nhi\u1ec7t <\/span><span class=\"fontstyle2\">Drying Turbo Speed <\/span><span class=\"fontstyle0\">s\u1ea5y kh\u00f4 hi\u1ec7u qu\u1ea3<br \/>\n<\/span><\/li>\n<li><span class=\"fontstyle2\">Delay timer <\/span><span class=\"fontstyle0\">&#8211; H\u1eb9n gi\u1edd 1-24 gi\u1edd<\/span><\/li>\n<\/ul>\n<h3><strong>2 Ch\u1ee9c n\u0103ng an to\u00e0n<\/strong><\/h3>\n<ul>\n<li><span class=\"fontstyle0\">Kho\u00e1 tr\u1ebb em &#8211; <\/span><span class=\"fontstyle2\">Child Lock<br \/>\n<\/span><\/li>\n<li><span class=\"fontstyle0\">Ch\u1ee9c n\u0103ng b\u1ea3o v\u1ec7 <\/span><span class=\"fontstyle2\">ch\u1ed1ng tr\u00e0n, r\u00f2 r\u1ec9 overflow and leakage protection<\/span><\/li>\n<\/ul>\n<h3><strong><span class=\"fontstyle0\">Th\u00f4ng tin k\u1ef9 thu\u1eadt<\/span><\/strong><\/h3>\n<ul>\n<li><span class=\"fontstyle0\">Dung t\u00edch ch\u1ee9a: <\/span><span class=\"fontstyle2\">14 b\u1ed9 b\u00e1t \u0111\u0129a<br \/>\n<\/span><\/li>\n<li><span class=\"fontstyle0\">M\u1ee9c \u0111\u1ed9 ti\u1ebfng \u1ed3n: <\/span><span class=\"fontstyle2\">\u226445db<br \/>\n<\/span><\/li>\n<li><span class=\"fontstyle0\">Ti\u00eau chu\u1ea9n n\u0103ng l\u01b0\u1ee3ng: <\/span><span class=\"fontstyle2\">A+++<br \/>\n<\/span><\/li>\n<li><span class=\"fontstyle0\">Ti\u00eau chu\u1ea9n m\u1ee9c \u0111\u1ed9 s\u1ea1ch: <\/span><span class=\"fontstyle2\">Acleaning efficiency class A+<br \/>\n<\/span><\/li>\n<li><span class=\"fontstyle0\">Ti\u00eau chu\u1ea9n ch\u1ec9 s\u1ed1 hi\u1ec7u qu\u1ea3 s\u1ea5y Kh\u00f4: <\/span><span class=\"fontstyle2\">Drying efficiency class A+<br \/>\n<\/span><\/li>\n<li><span class=\"fontstyle0\">\u00c1p su\u1ea5t n\u01b0\u1edbc Water Pressure range <\/span><span class=\"fontstyle2\">0.3bar<br \/>\n<\/span><\/li>\n<li><span class=\"fontstyle0\">\u0110i\u1ec7n \u00e1p: 220-240V ~ 50Hz<br \/>\n<\/span><\/li>\n<li><span class=\"fontstyle0\">M\u1ee9c ti\u00eau th\u1ee5 \u0111i\u1ec7n n\u0103ng: Kho\u1ea3ng <\/span><span class=\"fontstyle2\">0.86Kwh\/ l\u1ea7n r\u1eeda<br \/>\n<\/span><\/li>\n<li><span class=\"fontstyle0\">M\u1ee9c ti\u00eau th\u1ee5 n\u01b0\u1edbc t\u1ed1i \u0111a: Kho\u1ea3ng <\/span><span class=\"fontstyle2\">9.0 l\u00edt\/ l\u1ea7n r\u1eeda<br \/>\n<\/span><\/li>\n<li><span class=\"fontstyle0\">K\u00edch th\u01b0\u1edbc s\u1ea3n ph\u1ea9m: 598R x 598S x 775\/805C mm<br \/>\n<\/span><\/li>\n<li><span class=\"fontstyle0\">K\u00edch th\u01b0\u1edbc kho\u00e9t \u00e2m t\u1ee7: 610R x 610S x 780\/810C mm<\/span><\/li>\n<\/ul>\n<h3><strong>Xu\u1ea5t x\u1ee9: Th\u00e1i Lan<\/strong><\/h3>\n<h3><strong>M\u00e1y r\u1eeda ch\u00e9n Eurosun SMS78EU12ES Serial 7 &#8211; m\u00e0u Silver<\/strong><\/h3>\n","protected":false},"excerpt":{"rendered":"<p>Xin gi\u1edbi thi\u1ec7u M\u00e1y r\u1eeda ch\u00e9n Eurosun SMS78EU12ES 14 b\u1ed9 9 l\u00edt n\u01b0\u1edbc c\u00f3 g\u00ec \u0111\u1eb7c bi\u1ec7t \u0110\u1eb7c t\u00ednh s\u1ea3n ph\u1ea9m M\u00e1y r\u1eeda ch\u00e9n Eurosun SMS78EU12ES l\u1eafp \u0111\u1ed9c l\u1eadp ho\u1eb7c \u00e2m t\u1ee7 3 khay ch\u1ee9a c\u01a1 \u0111\u1ed9ng + 1 ng\u0103n gi\u1ecf dao k\u00e9o\/ gi\u1ecf \u0111\u1ec3 \u0111\u0169a C\u00f4ng ngh\u1ec7 Eco Silence c\u1ee7a \u0111\u1ed9ng c\u01a1 BLDC gi\u00fap [&#8230;]\n","protected":false},"featured_media":691,"comment_status":"open","ping_status":"closed","template":"","meta":[],"product_brand":[],"product_cat":[606,92,823,828,827,826,865,106],"product_tag":[108,93,137,136,138],"class_list":{"0":"post-641","1":"product","2":"type-product","3":"status-publish","4":"has-post-thumbnail","6":"product_cat-may-rua-chen-bat-eurosun","7":"product_cat-may-rua-chen-bat","8":"product_cat-may-rua-chen-bat-14-bo","9":"product_cat-may-rua-chen-bat-am-tu","10":"product_cat-may-rua-chen-bat-ban-am","11":"product_cat-may-rua-chen-bat-doc-lap","12":"product_cat-may-rua-chen-bat-thai-lan","13":"product_cat-thuong-hieu-eurosun","14":"product_tag-eurosun","15":"product_tag-may-rua-chen","16":"product_tag-may-rua-chen-am-tu","17":"product_tag-may-rua-chen-eurosun","18":"product_tag-may-rua-chen-lap-dat-doc-lap","20":"first","21":"instock","22":"sale","23":"shipping-taxable","24":"purchasable","25":"product-type-simple"},"_links":{"self":[{"href":"https:\/\/livinghome.vn\/thiet-bi\/wp-json\/wp\/v2\/product\/641","targetHints":{"allow":["GET"]}}],"collection":[{"href":"https:\/\/livinghome.vn\/thiet-bi\/wp-json\/wp\/v2\/product"}],"about":[{"href":"https:\/\/livinghome.vn\/thiet-bi\/wp-json\/wp\/v2\/types\/product"}],"replies":[{"embeddable":true,"href":"https:\/\/livinghome.vn\/thiet-bi\/wp-json\/wp\/v2\/comments?post=641"}],"wp:featuredmedia":[{"embeddable":true,"href":"https:\/\/livinghome.vn\/thiet-bi\/wp-json\/wp\/v2\/media\/691"}],"wp:attachment":[{"href":"https:\/\/livinghome.vn\/thiet-bi\/wp-json\/wp\/v2\/media?parent=641"}],"wp:term":[{"taxonomy":"product_brand","embeddable":true,"href":"https:\/\/livinghome.vn\/thiet-bi\/wp-json\/wp\/v2\/product_brand?post=641"},{"taxonomy":"product_cat","embeddable":true,"href":"https:\/\/livinghome.vn\/thiet-bi\/wp-json\/wp\/v2\/product_cat?post=641"},{"taxonomy":"product_tag","embeddable":true,"href":"https:\/\/livinghome.vn\/thiet-bi\/wp-json\/wp\/v2\/product_tag?post=641"}],"curies":[{"name":"wp","href":"https:\/\/api.w.org\/{rel}","templated":true}]}}