{"id":5593,"date":"2023-01-12T20:24:32","date_gmt":"2023-01-12T20:24:32","guid":{"rendered":"https:\/\/livinghome.vn\/thiet-bi\/?post_type=product&#038;p=5593"},"modified":"2024-11-29T14:19:19","modified_gmt":"2024-11-29T07:19:19","slug":"may-rua-chen-texgio-tg-dtw558","status":"publish","type":"product","link":"https:\/\/livinghome.vn\/thiet-bi\/may-rua-chen-texgio-tg-dtw558\/","title":{"rendered":"M\u00e1y r\u1eeda ch\u00e9n Texgio TG-DTW558 \u0110\u1ed9c L\u1eadp 8 B\u1ed9 8 L\u00edt N\u01b0\u1edbc"},"content":{"rendered":"<h2>M\u00e1y r\u1eeda ch\u00e9n Texgio TG-DTW558 dung t\u00edch 8 b\u1ed9 \u0111i\u1ec1u khi\u1ec3n b\u1eb1ng c\u01a1 ph\u00edm b\u1ea5m<\/h2>\n<figure id=\"attachment_64631\" aria-describedby=\"caption-attachment-64631\" style=\"width: 800px\" class=\"wp-caption alignnone\"><img loading=\"lazy\" decoding=\"async\" class=\"size-large wp-image-64631\" src=\"https:\/\/livinghome.vn\/thiet-bi\/wp-content\/uploads\/nha-bep\/texgio\/may-rua-chen-bat\/may-rua-chen-bat-gia-dinh-texgio-tg-tgdtw558\/may-rua-chen-bat-gia-dinh-texgio-tg-tgdtw558-800x800.jpg\" alt=\"M\u00e1y r\u1eeda ch\u00e9n Texgio TG-DTW558\" width=\"800\" height=\"800\" title=\"\"><figcaption id=\"caption-attachment-64631\" class=\"wp-caption-text\">M\u00e1y r\u1eeda ch\u00e9n Texgio TG-DTW558<\/figcaption><\/figure>\n<ul>\n<li>D\u00e2y chuy\u1ec1n s\u1ea3n xu\u1ea5t c\u00f4ng ngh\u1ec7 \u0110\u1ee9c<\/li>\n<li>C\u00f4ng ngh\u1ec7 s\u1ea5y:\u00a0Ng\u01b0ng t\u1ee5<\/li>\n<li>Dung t\u00edch: 8\u00a0B\u1ed9<\/li>\n<li>Ki\u1ec3u d\u00e1ng: <a href=\"https:\/\/livinghome.vn\/thiet-bi\/may-rua-chen-bat\/\">M\u00e1y r\u1eeda ch\u00e9n \u0110\u1eb7t b\u00e0n\/B\u00e1n \u00e2m<\/a><\/li>\n<li>Ch\u1ea5t li\u1ec7u: S\u01a1n t\u0129nh \u0111i\u1ec7n<\/li>\n<li>\u0110i\u1ec1u khi\u1ec3n: C\u01a1 ph\u00edm b\u1ea5m<\/li>\n<li>L\u01b0\u1ee3ng n\u01b0\u1edbc ti\u00eau th\u1ee5 : 8L<\/li>\n<li>\u0110\u1ed9 \u1ed3n :\u00a0&lt;44\u00a0Db<\/li>\n<li>Ch\u1ee9c n\u0103ng t\u0103ng c\u01b0\u1eddng:\u00a0Delay<\/li>\n<li>K\u00edch th\u01b0\u1edbc s\u1ea3n ph\u1ea9m: C595 x R550 x S500 mm<\/li>\n<li>B\u1ea3o H\u00e0nh\u00a05 n\u0103m<\/li>\n<li>Ch\u01b0\u01a1ng tr\u00ecnh r\u1eeda: 7<\/li>\n<\/ul>\n<h3>K\u00cdCH TH\u01af\u1edaC NH\u1ece G\u1eccN LINH HO\u1ea0T<\/h3>\n<div>\n<div id=\"Translation\">\n<figure id=\"attachment_64632\" aria-describedby=\"caption-attachment-64632\" style=\"width: 1020px\" class=\"wp-caption alignnone\"><img loading=\"lazy\" decoding=\"async\" class=\"size-large wp-image-64632\" src=\"https:\/\/livinghome.vn\/thiet-bi\/wp-content\/uploads\/nha-bep\/texgio\/may-rua-chen-bat\/may-rua-chen-bat-gia-dinh-texgio-tg-tgdtw558\/may-rua-chen-bat-gia-dinh-texgio-tg-tgdtw558-1-1067x800.jpg\" alt=\"M\u00e1y r\u1eeda ch\u00e9n Texgio TG-DTW558\" width=\"1020\" height=\"765\" title=\"\"><figcaption id=\"caption-attachment-64632\" class=\"wp-caption-text\">M\u00e1y r\u1eeda ch\u00e9n Texgio TG-DTW558<\/figcaption><\/figure>\n<\/div>\n<div>V\u1ecf m\u00e1y ph\u1ee7 s\u01a1n t\u0129nh \u0111i\u1ec7n cao c\u1ea5p m\u00e0u tr\u1eafng, gi\u00fap l\u01b0u gi\u1eef v\u1ebb trang nh\u00e3 b\u1ec1n b\u1ec9 v\u1edbi th\u1eddi gian.<\/div>\n<div>\n<h3>S\u1ea4Y KH\u00d4 NHI\u1ec6T D\u01af<\/h3>\n<div>\n<figure id=\"attachment_64634\" aria-describedby=\"caption-attachment-64634\" style=\"width: 1020px\" class=\"wp-caption alignnone\"><img loading=\"lazy\" decoding=\"async\" class=\"size-large wp-image-64634\" src=\"https:\/\/livinghome.vn\/thiet-bi\/wp-content\/uploads\/nha-bep\/texgio\/may-rua-chen-bat\/may-rua-chen-bat-gia-dinh-texgio-tg-tgdtw558\/may-rua-chen-bat-gia-dinh-texgio-tg-tgdtw558-3-1067x800.jpg\" alt=\"M\u00e1y r\u1eeda ch\u00e9n Texgio TG-DTW558\" width=\"1020\" height=\"765\" title=\"\"><figcaption id=\"caption-attachment-64634\" class=\"wp-caption-text\">M\u00e1y r\u1eeda ch\u00e9n Texgio TG-DTW558<\/figcaption><\/figure>\n<\/div>\n<div>T\u0103ng nhi\u1ec7t \u0111\u1ed9 n\u01b0\u1edbc v\u00e0o\u00a0chu k\u1ef3 tr\u00e1ng (60-70<sup>o<\/sup>C).<br \/>\nSau qu\u00e1 tr\u00ecnh r\u1eeda, ph\u1ea7n b\u00ean trong m\u00e1y b\u1eb1ng th\u00e9p kh\u00f4ng g\u1ec9 s\u1ebd h\u1ea5p th\u1ee5 nhi\u1ec7t v\u00e0 h\u01a1i \u1ea9m t\u1eeb b\u00e1t \u0111\u0129a \u0111em l\u1ea1i hi\u1ec7u qu\u1ea3 s\u1ea5y kh\u00f4 v\u00e0 ti\u1ebft ki\u1ec7m \u0111i\u1ec7n.<\/div>\n<div>\n<h3>T\u1ef0 L\u00c0M S\u1ea0CH SELF-CLEANING<\/h3>\n<div>\n<div>\n<figure id=\"attachment_64633\" aria-describedby=\"caption-attachment-64633\" style=\"width: 800px\" class=\"wp-caption alignnone\"><img loading=\"lazy\" decoding=\"async\" class=\"size-large wp-image-64633\" src=\"https:\/\/livinghome.vn\/thiet-bi\/wp-content\/uploads\/nha-bep\/texgio\/may-rua-chen-bat\/may-rua-chen-bat-gia-dinh-texgio-tg-tgdtw558\/may-rua-chen-bat-gia-dinh-texgio-tg-tgdtw558-2-800x800.jpg\" alt=\"M\u00e1y r\u1eeda ch\u00e9n Texgio TG-DTW558\" width=\"800\" height=\"800\" title=\"\"><figcaption id=\"caption-attachment-64633\" class=\"wp-caption-text\">M\u00e1y r\u1eeda ch\u00e9n Texgio TG-DTW558<\/figcaption><\/figure>\n<\/div>\n<div>Mu\u1ed1n m\u00e1y v\u1eadn h\u00e0nh th\u00f4ng su\u1ed1t b\u1ea1n n\u00ean v\u1ec7 sinh l\u00e0m s\u1ea1ch m\u00e1y kho\u1ea3ng 2 tu\u1ea7n\/l\u1ea7n.<br \/>\nV\u1edbi m\u00e1y r\u1eeda ch\u00e9n TG-DTW558 ch\u01b0\u01a1ng tr\u00ecnh T\u1ef1 v\u1ec7 sinh s\u1ebd t\u1ef1 \u0111\u1ed9ng l\u00e0m s\u1ea1ch khoang m\u00e1y, \u0111\u00e1nh bay m\u1ea3ng b\u00e1m, ng\u0103n ng\u1eeba n\u1ea5m m\u1ed1c vi khu\u1ea9n h\u00ecnh th\u00e0nh.<\/div>\n<div>\n<h3>THI\u1ebeT K\u1ebe X\u1ebeP CH\u00c9N B\u00c1T KI\u1ec2U CH\u00c2U \u00c1<\/h3>\n<div>\n<figure id=\"attachment_64630\" aria-describedby=\"caption-attachment-64630\" style=\"width: 1020px\" class=\"wp-caption alignnone\"><img loading=\"lazy\" decoding=\"async\" class=\"size-large wp-image-64630\" src=\"https:\/\/livinghome.vn\/thiet-bi\/wp-content\/uploads\/nha-bep\/texgio\/may-rua-chen-bat\/may-rua-chen-bat-gia-dinh-texgio-tg-tgdtw558\/may-rua-chen-bat-gia-dinh-texgio-tg-tgdtw558-4-1067x800.jpg\" alt=\"M\u00e1y r\u1eeda ch\u00e9n Texgio TG-DTW558\" width=\"1020\" height=\"765\" title=\"\"><figcaption id=\"caption-attachment-64630\" class=\"wp-caption-text\">M\u00e1y r\u1eeda ch\u00e9n Texgio TG-DTW558<\/figcaption><\/figure>\n<\/div>\n<div>\n<div>2 gi\u00e0n r\u1eeda, 2 khay ph\u1ee5 ki\u1ec7n v\u00e0 1 gi\u1ecf \u0111\u0169a c\u00f3 th\u1ec3 th\u00e1o l\u1eafp linh \u0111\u1ed9ng t\u00f9y theo nhu c\u1ea7u s\u1eed d\u1ee5ng.<\/div>\n<div>Gi\u00e0n d\u01b0\u1edbi \u01b0u ti\u00ean x\u1ebfp \u0111\u1ed3 to nh\u01b0 xoong n\u1ed3i, ch\u1ea3o, \u0111\u0129a s\u00e2u&#8230;<\/div>\n<div>Gi\u00e0n tr\u00ean c\u00f3 nan d\u1ed1c x\u1ebfp b\u00e1t con, b\u00e1t t\u00f4.<\/div>\n<div>\n<h3>K\u00cdCH TH\u01af\u1edaC L\u1eaeP \u0110\u1eb6T<\/h3>\n<div>\n<figure id=\"attachment_64629\" aria-describedby=\"caption-attachment-64629\" style=\"width: 800px\" class=\"wp-caption alignnone\"><img loading=\"lazy\" decoding=\"async\" class=\"size-large wp-image-64629\" src=\"https:\/\/livinghome.vn\/thiet-bi\/wp-content\/uploads\/nha-bep\/texgio\/may-rua-chen-bat\/may-rua-chen-bat-gia-dinh-texgio-tg-tgdtw558\/may-rua-chen-bat-gia-dinh-texgio-tg-tgdtw558-5-800x800.jpg\" alt=\"M\u00e1y r\u1eeda ch\u00e9n Texgio TG-DTW558\" width=\"800\" height=\"800\" title=\"\"><figcaption id=\"caption-attachment-64629\" class=\"wp-caption-text\">M\u00e1y r\u1eeda ch\u00e9n Texgio TG-DTW558<\/figcaption><\/figure>\n<\/div>\n<div>V\u1edbi k\u00edch th\u01b0\u1edbc S500 x R550 x C595mm, m\u00e1y r\u1eeda ch\u00e9n Texgio TG-DTW558 ph\u00f9 h\u1ee3p v\u1edbi c\u0103n h\u1ed9 chung c\u01b0 ho\u1eb7c nh\u1eefng gia \u0111\u00ecnh c\u00f3 kh\u00f4ng gian\u00a0b\u1ebfp nh\u1ecf.<\/div>\n<\/div>\n<\/div>\n<\/div>\n<\/div>\n<\/div>\n<\/div>\n<\/div>\n","protected":false},"excerpt":{"rendered":"<p>M\u00e1y r\u1eeda ch\u00e9n Texgio TG-DTW558 dung t\u00edch 8 b\u1ed9 \u0111i\u1ec1u khi\u1ec3n b\u1eb1ng c\u01a1 ph\u00edm b\u1ea5m D\u00e2y chuy\u1ec1n s\u1ea3n xu\u1ea5t c\u00f4ng ngh\u1ec7 \u0110\u1ee9c C\u00f4ng ngh\u1ec7 s\u1ea5y:\u00a0Ng\u01b0ng t\u1ee5 Dung t\u00edch: 8\u00a0B\u1ed9 Ki\u1ec3u d\u00e1ng: M\u00e1y r\u1eeda ch\u00e9n \u0110\u1eb7t b\u00e0n\/B\u00e1n \u00e2m Ch\u1ea5t li\u1ec7u: S\u01a1n t\u0129nh \u0111i\u1ec7n \u0110i\u1ec1u khi\u1ec3n: C\u01a1 ph\u00edm b\u1ea5m L\u01b0\u1ee3ng n\u01b0\u1edbc ti\u00eau th\u1ee5 : 8L \u0110\u1ed9 \u1ed3n [&#8230;]\n","protected":false},"featured_media":5785,"comment_status":"open","ping_status":"closed","template":"","meta":[],"product_brand":[],"product_cat":[610,92,821,828,827,818,826,817,569],"product_tag":[93,235,481,576,574],"class_list":{"0":"post-5593","1":"product","2":"type-product","3":"status-publish","4":"has-post-thumbnail","6":"product_cat-may-rua-chen-bat-texgio","7":"product_cat-may-rua-chen-bat","8":"product_cat-may-rua-chen-bat-8-bo","9":"product_cat-may-rua-chen-bat-am-tu","10":"product_cat-may-rua-chen-bat-ban-am","11":"product_cat-may-rua-chen-bat-de-ban","12":"product_cat-may-rua-chen-bat-doc-lap","13":"product_cat-may-rua-chen-bat-mini","14":"product_cat-thuong-hieu-texgio","15":"product_tag-may-rua-chen","16":"product_tag-may-rua-chen-8-bo","17":"product_tag-may-rua-chen-ban-am","18":"product_tag-may-rua-chen-texgio","19":"product_tag-texgio","21":"first","22":"instock","23":"sale","24":"shipping-taxable","25":"purchasable","26":"product-type-simple"},"_links":{"self":[{"href":"https:\/\/livinghome.vn\/thiet-bi\/wp-json\/wp\/v2\/product\/5593","targetHints":{"allow":["GET"]}}],"collection":[{"href":"https:\/\/livinghome.vn\/thiet-bi\/wp-json\/wp\/v2\/product"}],"about":[{"href":"https:\/\/livinghome.vn\/thiet-bi\/wp-json\/wp\/v2\/types\/product"}],"replies":[{"embeddable":true,"href":"https:\/\/livinghome.vn\/thiet-bi\/wp-json\/wp\/v2\/comments?post=5593"}],"wp:featuredmedia":[{"embeddable":true,"href":"https:\/\/livinghome.vn\/thiet-bi\/wp-json\/wp\/v2\/media\/5785"}],"wp:attachment":[{"href":"https:\/\/livinghome.vn\/thiet-bi\/wp-json\/wp\/v2\/media?parent=5593"}],"wp:term":[{"taxonomy":"product_brand","embeddable":true,"href":"https:\/\/livinghome.vn\/thiet-bi\/wp-json\/wp\/v2\/product_brand?post=5593"},{"taxonomy":"product_cat","embeddable":true,"href":"https:\/\/livinghome.vn\/thiet-bi\/wp-json\/wp\/v2\/product_cat?post=5593"},{"taxonomy":"product_tag","embeddable":true,"href":"https:\/\/livinghome.vn\/thiet-bi\/wp-json\/wp\/v2\/product_tag?post=5593"}],"curies":[{"name":"wp","href":"https:\/\/api.w.org\/{rel}","templated":true}]}}