{"id":5592,"date":"2023-01-12T20:24:32","date_gmt":"2023-01-12T20:24:32","guid":{"rendered":"https:\/\/livinghome.vn\/thiet-bi\/?post_type=product&#038;p=5592"},"modified":"2024-11-29T14:19:19","modified_gmt":"2024-11-29T07:19:19","slug":"may-rua-chen-texgio-tg-h595dt08s","status":"publish","type":"product","link":"https:\/\/livinghome.vn\/thiet-bi\/may-rua-chen-texgio-tg-h595dt08s\/","title":{"rendered":"M\u00e1y r\u1eeda ch\u00e9n Texgio TG-H595DT08S B\u00e1n \u00c2m 8 B\u1ed9 8 L\u00edt N\u01b0\u1edbc"},"content":{"rendered":"<h2>M\u00e1y r\u1eeda ch\u00e9n Texgio TG-H595DT08S dung t\u00edch 8 b\u1ed9 v\u1edbi thi\u1ebft k\u1ebf m\u00e0u b\u1ea1c sang tr\u1ecdng<\/h2>\n<figure id=\"attachment_64199\" aria-describedby=\"caption-attachment-64199\" style=\"width: 800px\" class=\"wp-caption alignnone\"><img loading=\"lazy\" decoding=\"async\" class=\"size-large wp-image-64199\" src=\"https:\/\/livinghome.vn\/thiet-bi\/wp-content\/uploads\/nha-bep\/texgio\/may-rua-chen-bat\/may-rua-chen-bat-gia-dinh-texgio-tg-h595dt08s\/may-rua-chen-bat-gia-dinh-texgio-tg-h595dt08s-800x800.jpg\" alt=\"M\u00e1y r\u1eeda ch\u00e9n b\u00e1t Texgio TG-H595DT08S\" width=\"800\" height=\"800\" title=\"\"><figcaption id=\"caption-attachment-64199\" class=\"wp-caption-text\">M\u00e1y r\u1eeda ch\u00e9n b\u00e1t Texgio TG-H595DT08S<\/figcaption><\/figure>\n<ul>\n<li>D\u00e2y chuy\u1ec1n s\u1ea3n xu\u1ea5t c\u00f4ng ngh\u1ec7 \u0110\u1ee9c<\/li>\n<li>\u00a0T\u00ednh n\u0103ng \u0111\u1eb7c bi\u1ec7t:\u00a0S\u1ea5y Dry&amp;Fresh,\u00a0R\u1eeda b\u00e1n t\u1ea3i 1\u20442, Delay<\/li>\n<li>\u00a0C\u00f4ng ngh\u1ec7 s\u1ea5y:\u00a0S\u1ea5y\u00a0kh\u00ed n\u00f3ng\u00a0PTC &#8211; Trung Qu\u1ed1c l\u00e0 Qu\u1ed1c gia duy nh\u1ea5t s\u00e1ng ch\u1ebf v\u00e0\u00a0\u00e1p d\u1ee5ng c\u00f4ng ngh\u1ec7 s\u1ea5y PTC tr\u00ean th\u1ecb tr\u01b0\u1eddng hi\u1ec7n nay<\/li>\n<li>\u00a0Ch\u1ee9c n\u0103ng an to\u00e0n: Ch\u1ed1ng r\u00f2 r\u1ec9 n\u01b0\u1edbc AquaStop, Kh\u00f3a tr\u1ebb em<\/li>\n<li>\u00a0Dung t\u00edch: 8\u00a0B\u1ed9<\/li>\n<li>\u00a0Ki\u1ec3u d\u00e1ng: <a href=\"https:\/\/livinghome.vn\/thiet-bi\/may-rua-chen-bat\/\">M\u00e1y r\u1eeda ch\u00e9n \u0110\u1eb7t b\u00e0n\/B\u00e1n \u00e2m<\/a><\/li>\n<li>\u00a0Ch\u1ea5t li\u1ec7u: Inox b\u1ea1c cao c\u1ea5p<\/li>\n<li>\u00a0\u0110i\u1ec1u khi\u1ec3n: C\u1ea3m \u1ee9ng<\/li>\n<li>\u00a0L\u01b0\u1ee3ng n\u01b0\u1edbc ti\u00eau th\u1ee5 : 8L<\/li>\n<li>\u00a0\u0110\u1ed9 \u1ed3n :\u00a0&lt;49\u00a0Db<\/li>\n<li>\u00a0K\u00edch th\u01b0\u1edbc s\u1ea3n ph\u1ea9m: C595\u00a0x R595\u00a0x S500\u00a0mm<\/li>\n<li>\u00a0B\u1ea3o H\u00e0nh\u00a05 n\u0103m<\/li>\n<li>\u00a0Ch\u01b0\u01a1ng tr\u00ecnh r\u1eeda: 6<\/li>\n<\/ul>\n<h3>S\u1ea4Y N\u00d3NG LU\u00c2N PHI\u00caN DRY&amp;FRESH<\/h3>\n<div>\n<figure id=\"attachment_64202\" aria-describedby=\"caption-attachment-64202\" style=\"width: 800px\" class=\"wp-caption alignnone\"><img loading=\"lazy\" decoding=\"async\" class=\"size-large wp-image-64202\" src=\"https:\/\/livinghome.vn\/thiet-bi\/wp-content\/uploads\/nha-bep\/texgio\/may-rua-chen-bat\/may-rua-chen-bat-gia-dinh-texgio-tg-h595dt08s\/may-rua-chen-bat-gia-dinh-texgio-tg-h595dt08s-1-800x800.jpg\" alt=\"M\u00e1y r\u1eeda ch\u00e9n b\u00e1t Texgio TG-H595DT08S\" width=\"800\" height=\"800\" title=\"\"><figcaption id=\"caption-attachment-64202\" class=\"wp-caption-text\">M\u00e1y r\u1eeda ch\u00e9n b\u00e1t Texgio TG-H595DT08S<\/figcaption><\/figure>\n<\/div>\n<div>\n<div id=\"Translation\">T\u00ednh n\u0103ng\u00a0Dry&amp;Fresh gi\u00fap c\u1ea3 khoang m\u00e1y lu\u00f4n \u0111\u01b0\u1ee3c th\u1edf trong kh\u00f4ng kh\u00ed trong l\u00e0nh, kh\u00f4ng m\u00f9i, v\u00f4 khu\u1ea9n tuy\u1ec7t \u0111\u1ed1i.<\/div>\n<div>\n<h3>TU\u1ea6N HO\u00c0N T\u00c1I SINH ENMET<\/h3>\n<div>\n<figure id=\"attachment_64197\" aria-describedby=\"caption-attachment-64197\" style=\"width: 800px\" class=\"wp-caption alignnone\"><img loading=\"lazy\" decoding=\"async\" class=\"size-large wp-image-64197\" src=\"https:\/\/livinghome.vn\/thiet-bi\/wp-content\/uploads\/nha-bep\/texgio\/may-rua-chen-bat\/may-rua-chen-bat-gia-dinh-texgio-tg-h595dt08s\/may-rua-chen-bat-gia-dinh-texgio-tg-h595dt08s-3-800x800.jpg\" alt=\"M\u00e1y r\u1eeda ch\u00e9n b\u00e1t Texgio TG-H595DT08S\" width=\"800\" height=\"800\" title=\"\"><figcaption id=\"caption-attachment-64197\" class=\"wp-caption-text\">M\u00e1y r\u1eeda ch\u00e9n b\u00e1t Texgio TG-H595DT08S<\/figcaption><\/figure>\n<\/div>\n<div>L\u1ecdc h\u1ebft\u00a0Canxi<sup>+<\/sup>, Magie<sup>+<\/sup>\u00a0trong n\u01b0\u1edbc.<br \/>\nKhi m\u00e1y \u0111\u00e3 \u0111\u01b0\u1ee3c x\u1eed l\u00fd n\u01b0\u1edbc m\u1ec1m c\u00f3 th\u1ec3 \u0111\u1ea1t \u0111\u1ed9 s\u1ea1ch t\u1edbi 99%, b\u1ea3o v\u1ec7 h\u1ec7 th\u1ed1ng, b\u1ea3o v\u1ec7 m\u00f4i tr\u01b0\u1eddng.<\/div>\n<div>\n<h3>R\u1eecA B\u00c1N T\u1ea2I R\u00daT NG\u1eaeN 1\/2<\/h3>\n<div>\n<figure id=\"attachment_64196\" aria-describedby=\"caption-attachment-64196\" style=\"width: 800px\" class=\"wp-caption alignnone\"><img loading=\"lazy\" decoding=\"async\" class=\"size-large wp-image-64196\" src=\"https:\/\/livinghome.vn\/thiet-bi\/wp-content\/uploads\/nha-bep\/texgio\/may-rua-chen-bat\/may-rua-chen-bat-gia-dinh-texgio-tg-h595dt08s\/may-rua-chen-bat-gia-dinh-texgio-tg-h595dt08s-6-800x800.jpg\" alt=\"M\u00e1y r\u1eeda ch\u00e9n b\u00e1t Texgio TG-H595DT08S\" width=\"800\" height=\"800\" title=\"\"><figcaption id=\"caption-attachment-64196\" class=\"wp-caption-text\">M\u00e1y r\u1eeda ch\u00e9n b\u00e1t Texgio TG-H595DT08S<\/figcaption><\/figure>\n<\/div>\n<div>\n<div>Gi\u00fap b\u1ea1n ti\u1ebft ki\u1ec7m th\u1eddi gian khi l\u01b0\u1ee3ng b\u00e1t \u0111\u0129a kh\u00f4ng \u0111\u1ea7y t\u1ea3i, ho\u1eb7c khi c\u1ea7n r\u1eeda nhanh h\u01a1n.<\/div>\n<div>\n<h3>C\u1ea2M BI\u1ebeN N\u01af\u1edaC TH\u00d4NG MINH<\/h3>\n<div>\n<figure id=\"attachment_64201\" aria-describedby=\"caption-attachment-64201\" style=\"width: 1020px\" class=\"wp-caption alignnone\"><img loading=\"lazy\" decoding=\"async\" class=\"size-large wp-image-64201\" src=\"https:\/\/livinghome.vn\/thiet-bi\/wp-content\/uploads\/nha-bep\/texgio\/may-rua-chen-bat\/may-rua-chen-bat-gia-dinh-texgio-tg-h595dt08s\/may-rua-chen-bat-gia-dinh-texgio-tg-h595dt08s-7-1067x800.jpg\" alt=\"M\u00e1y r\u1eeda ch\u00e9n b\u00e1t Texgio TG-H595DT08S\" width=\"1020\" height=\"765\" title=\"\"><figcaption id=\"caption-attachment-64201\" class=\"wp-caption-text\">M\u00e1y r\u1eeda ch\u00e9n b\u00e1t Texgio TG-H595DT08S<\/figcaption><\/figure>\n<\/div>\n<div>AquaSensor\u2122 H\u1ec7 th\u1ed1ng c\u1ea3m bi\u1ebfn \u0111\u1ed9 \u0111\u1ee5c c\u1ee7a n\u01b0\u1edbc \u0111i\u1ec1u ch\u1ec9nh c\u01b0\u1eddng \u0111\u1ed9 x\u1ea3, th\u1eddi gian v\u00e0\u00a0nhi\u1ec7t \u0111\u1ed9 r\u1eeda<br \/>\nR\u1eeda b\u00e1t \u0111\u0129a th\u00f4ng minh v\u00e0 hi\u1ec7u qu\u1ea3 ti\u1ebft ki\u1ec7m \u0111i\u1ec7n v\u00e0\u00a0n\u01b0\u1edbc \u0111\u00e1ng k\u1ec3.<\/div>\n<div>\n<h3>C\u00d4NG NGH\u1ec6 S\u1ea4Y PTC KH\u00cd N\u00d3NG<\/h3>\n<div>\n<figure id=\"attachment_64195\" aria-describedby=\"caption-attachment-64195\" style=\"width: 800px\" class=\"wp-caption alignnone\"><img loading=\"lazy\" decoding=\"async\" class=\"size-large wp-image-64195\" src=\"https:\/\/livinghome.vn\/thiet-bi\/wp-content\/uploads\/nha-bep\/texgio\/may-rua-chen-bat\/may-rua-chen-bat-gia-dinh-texgio-tg-h595dt08s\/may-rua-chen-bat-gia-dinh-texgio-tg-h595dt08s-2-800x800.jpg\" alt=\"M\u00e1y r\u1eeda ch\u00e9n b\u00e1t Texgio TG-H595DT08S\" width=\"800\" height=\"800\" title=\"\"><figcaption id=\"caption-attachment-64195\" class=\"wp-caption-text\">M\u00e1y r\u1eeda ch\u00e9n b\u00e1t Texgio TG-H595DT08S<\/figcaption><\/figure>\n<\/div>\n<div>\n<div id=\"Translation\">Positive\u00a0Temperature\u00a0Coefficient<br \/>\nH\u1ec7 th\u1ed1ng s\u1ea5y kh\u00f4\u00a0th\u00f4ng minh v\u00e0 ti\u1ebft ki\u1ec7m.<br \/>\nB\u1ed9 l\u01b0u nhi\u1ec7t v\u00e0 ti\u1ebft ki\u1ec7m n\u0103ng l\u01b0\u1ee3ng<br \/>\nEcotech t\u0103ng hi\u1ec7u su\u1ea5t l\u00ean 30%<\/div>\n<div>\n<h3>CH\u1ea4T LI\u1ec6U CAO C\u1ea4P B\u1ec0N \u0110\u1eb8P<\/h3>\n<div>\n<figure id=\"attachment_64203\" aria-describedby=\"caption-attachment-64203\" style=\"width: 1020px\" class=\"wp-caption alignnone\"><img loading=\"lazy\" decoding=\"async\" class=\"size-large wp-image-64203\" src=\"https:\/\/livinghome.vn\/thiet-bi\/wp-content\/uploads\/nha-bep\/texgio\/may-rua-chen-bat\/may-rua-chen-bat-gia-dinh-texgio-tg-h595dt08s\/may-rua-chen-bat-gia-dinh-texgio-tg-h595dt08s-5-1067x800.jpg\" alt=\"M\u00e1y r\u1eeda ch\u00e9n b\u00e1t Texgio TG-H595DT08S\" width=\"1020\" height=\"765\" title=\"\"><figcaption id=\"caption-attachment-64203\" class=\"wp-caption-text\">M\u00e1y r\u1eeda ch\u00e9n b\u00e1t Texgio TG-H595DT08S<\/figcaption><\/figure>\n<\/div>\n<div>Thi\u1ebft k\u1ebf c\u1ee7a Texgio H595DT08S th\u00edch h\u1ee3p \u0111\u1eb7t b\u00e0n b\u1ebfp ho\u1eb7c l\u1eafp \u00e2m t\u1ee7 t\u1ea1o \u0111i\u1ec3m nh\u1ea5n cho kh\u00f4ng gian b\u1ebfp Vi\u1ec7t.<\/div>\n<div><\/div>\n<\/div>\n<\/div>\n<\/div>\n<\/div>\n<\/div>\n<\/div>\n<div>\n<h3>X\u00c9P CH\u00c9N B\u00c1T KI\u1ec2U CH\u00c2U \u00c1<\/h3>\n<figure id=\"attachment_64200\" aria-describedby=\"caption-attachment-64200\" style=\"width: 1020px\" class=\"wp-caption alignnone\"><img loading=\"lazy\" decoding=\"async\" class=\"size-large wp-image-64200\" src=\"https:\/\/livinghome.vn\/thiet-bi\/wp-content\/uploads\/nha-bep\/texgio\/may-rua-chen-bat\/may-rua-chen-bat-gia-dinh-texgio-tg-h595dt08s\/may-rua-chen-bat-gia-dinh-texgio-tg-h595dt08s-4-1067x800.jpg\" alt=\"M\u00e1y r\u1eeda ch\u00e9n b\u00e1t Texgio TG-H595DT08S\" width=\"1020\" height=\"765\" title=\"\"><figcaption id=\"caption-attachment-64200\" class=\"wp-caption-text\">M\u00e1y r\u1eeda ch\u00e9n b\u00e1t Texgio TG-H595DT08S<\/figcaption><\/figure>\n<div class=\"content-detail\">\n<div>Gi\u00e0n m\u00e1y thi\u1ebft k\u1ebf ph\u00f9 h\u1ee3p ch\u00e2u \u00c1 2 gi\u00e0n r\u1eeda, 2 khay ph\u1ee5 ki\u1ec7n v\u00e0 1 gi\u1ecf \u0111\u0169a th\u00e1o l\u1eafp linh \u0111\u1ed9ng t\u00f9y theo nhu c\u1ea7u s\u1eed d\u1ee5ng.<\/div>\n<div>Gi\u00e0n d\u01b0\u1edbi \u01b0u ti\u00ean \u0111\u1ed3 to nh\u01b0 xoong n\u1ed3i, \u0111\u0129a to<\/div>\n<div>Gi\u00e0n tr\u00ean c\u00f3 nan d\u1ed1c x\u1ebfp\u00a0b\u00e1t con, b\u00e1t t\u00f4.<\/div>\n<div>\n<h3>K\u00cdCH TH\u01af\u1edaC L\u1eaeP \u0110\u1eb6T<\/h3>\n<figure id=\"attachment_64198\" aria-describedby=\"caption-attachment-64198\" style=\"width: 800px\" class=\"wp-caption alignnone\"><img loading=\"lazy\" decoding=\"async\" class=\"size-large wp-image-64198\" src=\"https:\/\/livinghome.vn\/thiet-bi\/wp-content\/uploads\/nha-bep\/texgio\/may-rua-chen-bat\/may-rua-chen-bat-gia-dinh-texgio-tg-h595dt08s\/may-rua-chen-bat-gia-dinh-texgio-tg-h595dt08s-8-800x800.jpg\" alt=\"M\u00e1y r\u1eeda ch\u00e9n b\u00e1t Texgio TG-H595DT08S\" width=\"800\" height=\"800\" title=\"\"><figcaption id=\"caption-attachment-64198\" class=\"wp-caption-text\">M\u00e1y r\u1eeda ch\u00e9n b\u00e1t Texgio TG-H595DT08S<\/figcaption><\/figure>\n<p>N\u1ebfu b\u1ea1n mu\u1ed1n l\u1eafp \u00e2m t\u1ee7, h\u00e3y tham kh\u1ea3o k\u00edch th\u01b0\u1edbc b\u1ea3n v\u1ebd.<\/p>\n<\/div>\n<\/div>\n<\/div>\n<\/div>\n<\/div>\n","protected":false},"excerpt":{"rendered":"<p>M\u00e1y r\u1eeda ch\u00e9n Texgio TG-H595DT08S dung t\u00edch 8 b\u1ed9 v\u1edbi thi\u1ebft k\u1ebf m\u00e0u b\u1ea1c sang tr\u1ecdng D\u00e2y chuy\u1ec1n s\u1ea3n xu\u1ea5t c\u00f4ng ngh\u1ec7 \u0110\u1ee9c \u00a0T\u00ednh n\u0103ng \u0111\u1eb7c bi\u1ec7t:\u00a0S\u1ea5y Dry&amp;Fresh,\u00a0R\u1eeda b\u00e1n t\u1ea3i 1\u20442, Delay \u00a0C\u00f4ng ngh\u1ec7 s\u1ea5y:\u00a0S\u1ea5y\u00a0kh\u00ed n\u00f3ng\u00a0PTC &#8211; Trung Qu\u1ed1c l\u00e0 Qu\u1ed1c gia duy nh\u1ea5t s\u00e1ng ch\u1ebf v\u00e0\u00a0\u00e1p d\u1ee5ng c\u00f4ng ngh\u1ec7 s\u1ea5y PTC tr\u00ean th\u1ecb tr\u01b0\u1eddng [&#8230;]\n","protected":false},"featured_media":5776,"comment_status":"open","ping_status":"closed","template":"","meta":[],"product_brand":[],"product_cat":[610,92,821,828,827,818,826,817,569],"product_tag":[93,235,481,576,574],"class_list":{"0":"post-5592","1":"product","2":"type-product","3":"status-publish","4":"has-post-thumbnail","6":"product_cat-may-rua-chen-bat-texgio","7":"product_cat-may-rua-chen-bat","8":"product_cat-may-rua-chen-bat-8-bo","9":"product_cat-may-rua-chen-bat-am-tu","10":"product_cat-may-rua-chen-bat-ban-am","11":"product_cat-may-rua-chen-bat-de-ban","12":"product_cat-may-rua-chen-bat-doc-lap","13":"product_cat-may-rua-chen-bat-mini","14":"product_cat-thuong-hieu-texgio","15":"product_tag-may-rua-chen","16":"product_tag-may-rua-chen-8-bo","17":"product_tag-may-rua-chen-ban-am","18":"product_tag-may-rua-chen-texgio","19":"product_tag-texgio","21":"first","22":"instock","23":"sale","24":"shipping-taxable","25":"purchasable","26":"product-type-simple"},"_links":{"self":[{"href":"https:\/\/livinghome.vn\/thiet-bi\/wp-json\/wp\/v2\/product\/5592","targetHints":{"allow":["GET"]}}],"collection":[{"href":"https:\/\/livinghome.vn\/thiet-bi\/wp-json\/wp\/v2\/product"}],"about":[{"href":"https:\/\/livinghome.vn\/thiet-bi\/wp-json\/wp\/v2\/types\/product"}],"replies":[{"embeddable":true,"href":"https:\/\/livinghome.vn\/thiet-bi\/wp-json\/wp\/v2\/comments?post=5592"}],"wp:featuredmedia":[{"embeddable":true,"href":"https:\/\/livinghome.vn\/thiet-bi\/wp-json\/wp\/v2\/media\/5776"}],"wp:attachment":[{"href":"https:\/\/livinghome.vn\/thiet-bi\/wp-json\/wp\/v2\/media?parent=5592"}],"wp:term":[{"taxonomy":"product_brand","embeddable":true,"href":"https:\/\/livinghome.vn\/thiet-bi\/wp-json\/wp\/v2\/product_brand?post=5592"},{"taxonomy":"product_cat","embeddable":true,"href":"https:\/\/livinghome.vn\/thiet-bi\/wp-json\/wp\/v2\/product_cat?post=5592"},{"taxonomy":"product_tag","embeddable":true,"href":"https:\/\/livinghome.vn\/thiet-bi\/wp-json\/wp\/v2\/product_tag?post=5592"}],"curies":[{"name":"wp","href":"https:\/\/api.w.org\/{rel}","templated":true}]}}