{"id":5579,"date":"2023-01-12T20:24:31","date_gmt":"2023-01-12T20:24:31","guid":{"rendered":"https:\/\/livinghome.vn\/thiet-bi\/?post_type=product&#038;p=5579"},"modified":"2024-11-29T14:19:21","modified_gmt":"2024-11-29T07:19:21","slug":"may-rua-chen-texgio-tg-tgd8615be","status":"publish","type":"product","link":"https:\/\/livinghome.vn\/thiet-bi\/may-rua-chen-texgio-tg-tgd8615be\/","title":{"rendered":"M\u00e1y R\u1eeda Ch\u00e9n Texgio TG-TGD8615BE \u0110\u1ed9c L\u1eadp 15 B\u1ed9 11 L\u00edt N\u01b0\u1edbc"},"content":{"rendered":"<h2>M\u00e1y r\u1eeda ch\u00e9n Texgio TG-TGD8615BE 15 b\u1ed9 t\u1ef1 \u0111\u1ed9ng m\u1edf c\u1eeda &#8211; r\u1eeda di\u1ec7t khu\u1ea9n si\u00eau s\u1ea1ch<\/h2>\n<figure id=\"attachment_63678\" aria-describedby=\"caption-attachment-63678\" style=\"width: 800px\" class=\"wp-caption alignnone\"><img loading=\"lazy\" decoding=\"async\" class=\"size-large wp-image-63678\" src=\"https:\/\/livinghome.vn\/thiet-bi\/wp-content\/uploads\/nha-bep\/texgio\/may-rua-chen-bat\/may-rua-chen-bat-gia-dinh-texgio-tg-tgd8615be\/may-rua-chen-bat-gia-dinh-texgio-tg-tgd8615be-800x800.jpg\" alt=\"M\u00e1y r\u1eeda ch\u00e9n b\u00e1t Texgio TG-TGD8615BE\" width=\"800\" height=\"800\" title=\"\"><figcaption id=\"caption-attachment-63678\" class=\"wp-caption-text\">M\u00e1y r\u1eeda ch\u00e9n Texgio TG-TGD8615BE<\/figcaption><\/figure>\n<ul>\n<li>D\u00e2y chuy\u1ec1n s\u1ea3n xu\u1ea5t c\u00f4ng ngh\u1ec7 \u0110\u1ee9c<\/li>\n<li>\u00a0T\u00ednh n\u0103ng \u0111\u1eb7c bi\u1ec7t: R\u1eeda s\u00e2u PowerWash\/\u00a0R\u00fat ng\u1eafn th\u1eddi gian Express\/\u00a0R\u1eeda b\u00e1n t\u1ea3i\u00a0<sup>1<\/sup>\/<sub>2\u00a0<\/sub>\/\u00a0T\u1ef1 \u0111\u1ed9ng m\u1edf\u00a0c\u1eeda Auto Door\/\u00a0Delay<\/li>\n<li>\u00a0C\u00f4ng ngh\u1ec7 s\u1ea5y:\u00a0Ng\u01b0ng t\u1ee5<\/li>\n<li>\u00a0Ch\u1ee9c n\u0103ng an to\u00e0n: Ch\u1ed1ng r\u00f2 r\u1ec9 n\u01b0\u1edbc, Kh\u00f3a tr\u1ebb em<\/li>\n<li>\u00a0Dung t\u00edch: 15 B\u1ed9<\/li>\n<li>\u00a0Ki\u1ec3u d\u00e1ng: <a href=\"https:\/\/livinghome.vn\/?s=m%C3%A1y+r%E1%BB%ADa+ch%C3%A9n&amp;post_type=product\">M\u00e1y r\u1eeda ch\u00e9n \u0110\u1ed9c l\u1eadp\/B\u00e1n \u00e2m<\/a><\/li>\n<li>\u00a0Ch\u1ea5t li\u1ec7u: S\u01a1n t\u0129nh \u0111i\u1ec7n\u00a0\u0111en cao c\u1ea5p<\/li>\n<li>\u00a0\u0110i\u1ec1u khi\u1ec3n: Ph\u00edm b\u1ea5m\u00a0c\u01a1<\/li>\n<li>\u00a0L\u01b0\u1ee3ng n\u01b0\u1edbc ti\u00eau th\u1ee5 :\u00a011L<\/li>\n<li>\u00a0\u0110\u1ed9 \u1ed3n :\u00a0&lt;44\u00a0dB<\/li>\n<li>\u00a0K\u00edch th\u01b0\u1edbc s\u1ea3n ph\u1ea9m: C845 x R598\u00a0x S600 mm<\/li>\n<li>\u00a0B\u1ea3o H\u00e0nh: 05 n\u0103m<\/li>\n<li>\u00a0Ch\u01b0\u01a1ng tr\u00ecnh r\u1eeda: 7<\/li>\n<\/ul>\n<h3>V\u1eacN H\u00c0NH \u00caM \u00c1I<\/h3>\n<div class=\"content-detail\">\n<div id=\"Translation\">\n<figure id=\"attachment_63677\" aria-describedby=\"caption-attachment-63677\" style=\"width: 1020px\" class=\"wp-caption alignnone\"><img loading=\"lazy\" decoding=\"async\" class=\"size-large wp-image-63677\" src=\"https:\/\/livinghome.vn\/thiet-bi\/wp-content\/uploads\/nha-bep\/texgio\/may-rua-chen-bat\/may-rua-chen-bat-gia-dinh-texgio-tg-tgd8615be\/may-rua-chen-bat-gia-dinh-texgio-tg-tgd8615be-3-1067x800.jpg\" alt=\"M\u00e1y r\u1eeda ch\u00e9n b\u00e1t Texgio TG-TGD8615BE\" width=\"1020\" height=\"765\" title=\"\"><figcaption id=\"caption-attachment-63677\" class=\"wp-caption-text\">M\u00e1y r\u1eeda ch\u00e9n b\u00e1t Texgio TG-TGD8615BE<\/figcaption><\/figure>\n<p>\u0110\u1ed9 \u1ed3n c\u1ee7a M\u00e1y r\u1eeda b\u00e1t TGD8615BE ch\u1ec9 t\u1edbi 44dB<br \/>\nM\u00e1y ho\u1ea1t \u0111\u1ed9ng\u00a0y\u00ean t\u0129nh, kh\u00f4ng g\u00e2y \u1ea3nh h\u01b0\u1edfng \u0111\u1ebfn kh\u00f4ng gian chung.<\/p>\n<h3>R\u1eecA HYGIENE SI\u00caU DI\u1ec6T KHU\u1ea8N<\/h3>\n<div class=\"content-detail\">\n<figure id=\"attachment_63680\" aria-describedby=\"caption-attachment-63680\" style=\"width: 1020px\" class=\"wp-caption alignnone\"><img loading=\"lazy\" decoding=\"async\" class=\"size-large wp-image-63680\" src=\"https:\/\/livinghome.vn\/thiet-bi\/wp-content\/uploads\/nha-bep\/texgio\/may-rua-chen-bat\/may-rua-chen-bat-gia-dinh-texgio-tg-tgd8615be\/may-rua-chen-bat-gia-dinh-texgio-tg-tgd8615be-4-1067x800.jpg\" alt=\"M\u00e1y r\u1eeda ch\u00e9n b\u00e1t Texgio TG-TGD8615BE\" width=\"1020\" height=\"765\" title=\"\"><figcaption id=\"caption-attachment-63680\" class=\"wp-caption-text\">M\u00e1y r\u1eeda ch\u00e9n b\u00e1t Texgio TG-TGD8615BE<\/figcaption><\/figure>\n<\/div>\n<div class=\"content-detail\">Ch\u01b0\u01a1ng tr\u00ecnh r\u1eeda \u0111\u1ed9c l\u1eadp s\u1eed d\u1ee5ng\u00a0n\u01b0\u1edbc n\u00f3ng t\u1edbi 72<sup>o<\/sup>C ti\u00eau di\u1ec7t 99,999999% vi khu\u1ea9n v\u00e0 virus.<\/div>\n<div><\/div>\n<h3>R\u1eecA S\u00c2U T\u0102NG C\u01af\u1edcNG POWERWASH<\/h3>\n<div class=\"content-detail\">\n<figure id=\"attachment_63676\" aria-describedby=\"caption-attachment-63676\" style=\"width: 1020px\" class=\"wp-caption alignnone\"><img loading=\"lazy\" decoding=\"async\" class=\"size-large wp-image-63676\" src=\"https:\/\/livinghome.vn\/thiet-bi\/wp-content\/uploads\/nha-bep\/texgio\/may-rua-chen-bat\/may-rua-chen-bat-gia-dinh-texgio-tg-tgd8615be\/may-rua-chen-bat-gia-dinh-texgio-tg-tgd8615be-2-1067x800.jpg\" alt=\"M\u00e1y r\u1eeda ch\u00e9n b\u00e1t Texgio TG-TGD8615BE\" width=\"1020\" height=\"765\" title=\"\"><figcaption id=\"caption-attachment-63676\" class=\"wp-caption-text\">M\u00e1y r\u1eeda ch\u00e9n b\u00e1t Texgio TG-TGD8615BE<\/figcaption><\/figure>\n<\/div>\n<div class=\"content-detail\">S\u1eed d\u1ee5ng \u00e1p l\u1ef1c n\u01b0\u1edbc m\u1ea1nh, t\u0103ng th\u1eddi gian r\u1eeda\u00a0s\u1ea1ch s\u00e2u 360<sup>o<\/sup>, \u0111\u00e1nh bay m\u1ecdi v\u1ebft b\u1ea9n c\u1ee9ng \u0111\u1ea7u ngay c\u1ea3 nh\u1eefng \u1edf v\u1ecb tr\u00ed g\u00f3c c\u1ea1nh kh\u00f3 ti\u1ebfp c\u1eadn nh\u1ea5t.<\/div>\n<div>\n<h3>T\u1ef0 \u0110\u1ed8NG M\u1ede C\u1eecA AUTO DOOR<\/h3>\n<div class=\"content-detail\">\n<figure id=\"attachment_63679\" aria-describedby=\"caption-attachment-63679\" style=\"width: 1020px\" class=\"wp-caption alignnone\"><img loading=\"lazy\" decoding=\"async\" class=\"size-large wp-image-63679\" src=\"https:\/\/livinghome.vn\/thiet-bi\/wp-content\/uploads\/nha-bep\/texgio\/may-rua-chen-bat\/may-rua-chen-bat-gia-dinh-texgio-tg-tgd8615be\/may-rua-chen-bat-gia-dinh-texgio-tg-tgd8615be-1-1067x800.jpg\" alt=\"M\u00e1y r\u1eeda ch\u00e9n b\u00e1t Texgio TG-TGD8615BE\" width=\"1020\" height=\"765\" title=\"\"><figcaption id=\"caption-attachment-63679\" class=\"wp-caption-text\">M\u00e1y r\u1eeda ch\u00e9n b\u00e1t Texgio TG-TGD8615BE<\/figcaption><\/figure>\n<\/div>\n<div class=\"content-detail\">Sau khi k\u1ebft th\u00fac chu tr\u00ecnh r\u1eeda, m\u00e1y s\u1ebd t\u1ef1 \u0111\u1ed9ng m\u1edf c\u1eeda, t\u1ea3n nhi\u1ec7t t\u1ef1 nhi\u00ean ra m\u00f4i tr\u01b0\u1eddng xung quanh, gi\u00fap hong kh\u00f4 ch\u00e9n \u0111\u0129a m\u00e0 kh\u00f4ng g\u00e2y t\u1ed1n chi ph\u00ed \u0111i\u1ec7n n\u0103ng.<\/div>\n<div>\n<h3>T\u1ef0 L\u00c0M S\u1ea0CH SELF- CLEANING<\/h3>\n<figure id=\"attachment_63673\" aria-describedby=\"caption-attachment-63673\" style=\"width: 1020px\" class=\"wp-caption alignnone\"><img loading=\"lazy\" decoding=\"async\" class=\"size-large wp-image-63673\" src=\"https:\/\/livinghome.vn\/thiet-bi\/wp-content\/uploads\/nha-bep\/texgio\/may-rua-chen-bat\/may-rua-chen-bat-gia-dinh-texgio-tg-tgd8615be\/may-rua-chen-bat-gia-dinh-texgio-tg-tgd8615be-5-1067x800.jpg\" alt=\"M\u00e1y r\u1eeda ch\u00e9n b\u00e1t Texgio TG-TGD8615BE\" width=\"1020\" height=\"765\" title=\"\"><figcaption id=\"caption-attachment-63673\" class=\"wp-caption-text\">M\u00e1y r\u1eeda ch\u00e9n b\u00e1t Texgio TG-TGD8615BE<\/figcaption><\/figure>\n<div>\n<div id=\"Translation\">\n<p>Ch\u01b0\u01a1ng tr\u00ecnh t\u1ef1 v\u1ec7 sinh gi\u00fap b\u1ea1n r\u1ea3nh tay trong vi\u1ec7c l\u00e0m s\u1ea1ch m\u00e1y \u0111\u1ecbnh k\u1ef3.<\/p>\n<h3>R\u00daT NG\u1eaeN TH\u1edcI GIAN EXPRESS<\/h3>\n<div class=\"content-detail\">\n<figure id=\"attachment_63675\" aria-describedby=\"caption-attachment-63675\" style=\"width: 1020px\" class=\"wp-caption alignnone\"><img loading=\"lazy\" decoding=\"async\" class=\"size-large wp-image-63675\" src=\"https:\/\/livinghome.vn\/thiet-bi\/wp-content\/uploads\/nha-bep\/texgio\/may-rua-chen-bat\/may-rua-chen-bat-gia-dinh-texgio-tg-tgd8615be\/may-rua-chen-bat-gia-dinh-texgio-tg-tgd8615be-7-1067x800.jpg\" alt=\"M\u00e1y r\u1eeda ch\u00e9n b\u00e1t Texgio TG-TGD8615BE\" width=\"1020\" height=\"765\" title=\"\"><figcaption id=\"caption-attachment-63675\" class=\"wp-caption-text\">M\u00e1y r\u1eeda ch\u00e9n b\u00e1t Texgio TG-TGD8615BE<\/figcaption><\/figure>\n<\/div>\n<div class=\"content-detail\">Gi\u1ea3m th\u1eddi gian r\u1eeda \u0111\u00e1ng k\u1ec3, khi nh\u00e0 c\u00f3 c\u1ed7 b\u00e0n v\u00e0\u00a0b\u1ea1n c\u1ea7n r\u1eeda nhi\u1ec1u, r\u1eeda\u00a0nhanh.<\/div>\n<div>\n<h3>L\u1eaeP \u00c2M T\u1ee6<\/h3>\n<div class=\"content-detail\">\n<figure id=\"attachment_63674\" aria-describedby=\"caption-attachment-63674\" style=\"width: 1020px\" class=\"wp-caption alignnone\"><img loading=\"lazy\" decoding=\"async\" class=\"size-large wp-image-63674\" src=\"https:\/\/livinghome.vn\/thiet-bi\/wp-content\/uploads\/nha-bep\/texgio\/may-rua-chen-bat\/may-rua-chen-bat-gia-dinh-texgio-tg-tgd8615be\/may-rua-chen-bat-gia-dinh-texgio-tg-tgd8615be-6-1067x800.jpg\" alt=\"M\u00e1y r\u1eeda ch\u00e9n b\u00e1t Texgio TG-TGD8615BE\" width=\"1020\" height=\"765\" title=\"\"><figcaption id=\"caption-attachment-63674\" class=\"wp-caption-text\">M\u00e1y r\u1eeda ch\u00e9n b\u00e1t Texgio TG-TGD8615BE<\/figcaption><\/figure>\n<\/div>\n<div class=\"content-detail\">B\u1ea3n v\u1ebd k\u1ef9 thu\u1eadt khi l\u1eafp \u00e2m t\u1ee7<\/div>\n<\/div>\n<\/div>\n<\/div>\n<\/div>\n<\/div>\n<\/div>\n<\/div>\n","protected":false},"excerpt":{"rendered":"<p>M\u00e1y r\u1eeda ch\u00e9n Texgio TG-TGD8615BE 15 b\u1ed9 t\u1ef1 \u0111\u1ed9ng m\u1edf c\u1eeda &#8211; r\u1eeda di\u1ec7t khu\u1ea9n si\u00eau s\u1ea1ch D\u00e2y chuy\u1ec1n s\u1ea3n xu\u1ea5t c\u00f4ng ngh\u1ec7 \u0110\u1ee9c \u00a0T\u00ednh n\u0103ng \u0111\u1eb7c bi\u1ec7t: R\u1eeda s\u00e2u PowerWash\/\u00a0R\u00fat ng\u1eafn th\u1eddi gian Express\/\u00a0R\u1eeda b\u00e1n t\u1ea3i\u00a01\/2\u00a0\/\u00a0T\u1ef1 \u0111\u1ed9ng m\u1edf\u00a0c\u1eeda Auto Door\/\u00a0Delay \u00a0C\u00f4ng ngh\u1ec7 s\u1ea5y:\u00a0Ng\u01b0ng t\u1ee5 \u00a0Ch\u1ee9c n\u0103ng an to\u00e0n: Ch\u1ed1ng r\u00f2 r\u1ec9 n\u01b0\u1edbc, Kh\u00f3a tr\u1ebb [&#8230;]\n","protected":false},"featured_media":5667,"comment_status":"open","ping_status":"closed","template":"","meta":[],"product_brand":[],"product_cat":[610,92,824,827,826,569],"product_tag":[93,577,137,576,574],"class_list":{"0":"post-5579","1":"product","2":"type-product","3":"status-publish","4":"has-post-thumbnail","6":"product_cat-may-rua-chen-bat-texgio","7":"product_cat-may-rua-chen-bat","8":"product_cat-may-rua-chen-bat-15-bo","9":"product_cat-may-rua-chen-bat-ban-am","10":"product_cat-may-rua-chen-bat-doc-lap","11":"product_cat-thuong-hieu-texgio","12":"product_tag-may-rua-chen","13":"product_tag-may-rua-chen-15-bo","14":"product_tag-may-rua-chen-am-tu","15":"product_tag-may-rua-chen-texgio","16":"product_tag-texgio","18":"first","19":"instock","20":"sale","21":"shipping-taxable","22":"purchasable","23":"product-type-simple"},"_links":{"self":[{"href":"https:\/\/livinghome.vn\/thiet-bi\/wp-json\/wp\/v2\/product\/5579","targetHints":{"allow":["GET"]}}],"collection":[{"href":"https:\/\/livinghome.vn\/thiet-bi\/wp-json\/wp\/v2\/product"}],"about":[{"href":"https:\/\/livinghome.vn\/thiet-bi\/wp-json\/wp\/v2\/types\/product"}],"replies":[{"embeddable":true,"href":"https:\/\/livinghome.vn\/thiet-bi\/wp-json\/wp\/v2\/comments?post=5579"}],"wp:featuredmedia":[{"embeddable":true,"href":"https:\/\/livinghome.vn\/thiet-bi\/wp-json\/wp\/v2\/media\/5667"}],"wp:attachment":[{"href":"https:\/\/livinghome.vn\/thiet-bi\/wp-json\/wp\/v2\/media?parent=5579"}],"wp:term":[{"taxonomy":"product_brand","embeddable":true,"href":"https:\/\/livinghome.vn\/thiet-bi\/wp-json\/wp\/v2\/product_brand?post=5579"},{"taxonomy":"product_cat","embeddable":true,"href":"https:\/\/livinghome.vn\/thiet-bi\/wp-json\/wp\/v2\/product_cat?post=5579"},{"taxonomy":"product_tag","embeddable":true,"href":"https:\/\/livinghome.vn\/thiet-bi\/wp-json\/wp\/v2\/product_tag?post=5579"}],"curies":[{"name":"wp","href":"https:\/\/api.w.org\/{rel}","templated":true}]}}