{"id":5502,"date":"2023-01-12T19:38:53","date_gmt":"2023-01-12T12:38:53","guid":{"rendered":"https:\/\/livinghome.vn\/thiet-bi\/?post_type=product&#038;p=5502"},"modified":"2024-11-29T14:19:22","modified_gmt":"2024-11-29T07:19:22","slug":"dung-dich-tay-rua-malloca-kd-305-tien-loi","status":"publish","type":"product","link":"https:\/\/livinghome.vn\/thiet-bi\/dung-dich-tay-rua-malloca-kd-305-tien-loi\/","title":{"rendered":"Dung d\u1ecbch T\u1ea9y R\u1eeda Malloca KD-305 ti\u1ec7n l\u1ee3i"},"content":{"rendered":"<h3>Dung d\u1ecbch T\u1ea9y R\u1eeda Malloca KD-305 ti\u1ec7n l\u1ee3i<\/h3>\n<figure id=\"attachment_56689\" aria-describedby=\"caption-attachment-56689\" style=\"width: 800px\" class=\"wp-caption alignnone\"><img loading=\"lazy\" decoding=\"async\" class=\"wp-image-56689 size-large\" src=\"https:\/\/livinghome.vn\/thiet-bi\/wp-content\/uploads\/nha-bep\/malloca\/dung-cu-tay-rua\/dung-dich-tay-rua-malloca-kd-305\/dung-dich-tay-rua-malloca-kd-305-800x800.jpg\" alt=\"Dung d\u1ecbch T\u1ea9y R\u1eeda Malloca KD-305 ti\u1ec7n l\u1ee3i\" width=\"800\" height=\"800\" title=\"\"><figcaption id=\"caption-attachment-56689\" class=\"wp-caption-text\">Dung d\u1ecbch T\u1ea9y R\u1eeda Malloca KD-305 d\u1ea1ng x\u1ecbt ti\u1ec7n l\u1ee3i d\u1ec5 d\u00f9ng<\/figcaption><\/figure>\n<h3>T\u00ednh n\u0103ng c\u01a1 b\u1ea3n<\/h3>\n<ul>\n<li><a href=\"https:\/\/livinghome.vn\/thiet-bi\/gia-dung-khac\/\">Dung d\u1ecbch t\u1ea9y r\u1eeda<\/a><\/li>\n<li>C\u00f4ng d\u1ee5ng lo\u1ea1i b\u1ecf c\u00e1c ch\u1ea5t d\u1ea7u m\u1ee1 b\u00e1m l\u00e2u ng\u00e0y tr\u00ean b\u1ec1 m\u1eb7t thi\u1ebft b\u1ecb<\/li>\n<li>M\u1ea1nh g\u1ea5p 30 l\u1ea7n so v\u1edbi c\u00e1c ch\u1ea5t t\u1ea9y r\u1eeda th\u00f4ng th\u01b0\u1eddng, l\u00e0m s\u1ea1ch c\u1ef1c nhanh<\/li>\n<li>S\u1eed d\u1ee5ng cho m\u00e1y h\u00fat, b\u1ebfp (inox, s\u1ee9, ki\u1ebfng), l\u00f2 n\u01b0\u1edbng, m\u1eb7t t\u1ee7 b\u1ebfp c\u00e1c lo\u1ea1i (granite, \u0111\u00e1 l\u00e1t..), l\u00f2 vi s\u00f3ng (b\u00ean trong v\u00e0 b\u00ean ngo\u00e0i), qu\u1ea1t th\u00f4ng gi\u00f3 v\u00e0 ch\u1ea3o chi\u00ean<\/li>\n<li>Th\u00e2n thi\u1ec7n v\u1edbi m\u00f4i tr\u01b0\u1eddng, an to\u00e0n khi s\u1eed d\u1ee5ng<\/li>\n<\/ul>\n<h3>C\u00e1ch s\u1eed d\u1ee5ng<\/h3>\n<ul>\n<li>X\u1ecbt l\u00ean b\u1ec1 m\u1eb7t v\u00e0 \u0111\u1ec3 kho\u1ea3ng 30 gi\u00e2y, d\u00f9ng kh\u0103n ho\u1eb7c gi\u1ea5y lau s\u1ea1ch c\u00e1c ch\u1ea5t d\u1ea7u m\u1ee1, lau l\u1ea1i b\u1eb1ng kh\u0103n \u01b0\u1edbt<\/li>\n<\/ul>\n<h3>Xu\u1ea5t x\u1ee9: M\u1ef9<\/h3>\n<div><\/div>\n","protected":false},"excerpt":{"rendered":"<p>Dung d\u1ecbch T\u1ea9y R\u1eeda Malloca KD-305 ti\u1ec7n l\u1ee3i T\u00ednh n\u0103ng c\u01a1 b\u1ea3n Dung d\u1ecbch t\u1ea9y r\u1eeda C\u00f4ng d\u1ee5ng lo\u1ea1i b\u1ecf c\u00e1c ch\u1ea5t d\u1ea7u m\u1ee1 b\u00e1m l\u00e2u ng\u00e0y tr\u00ean b\u1ec1 m\u1eb7t thi\u1ebft b\u1ecb M\u1ea1nh g\u1ea5p 30 l\u1ea7n so v\u1edbi c\u00e1c ch\u1ea5t t\u1ea9y r\u1eeda th\u00f4ng th\u01b0\u1eddng, l\u00e0m s\u1ea1ch c\u1ef1c nhanh S\u1eed d\u1ee5ng cho m\u00e1y h\u00fat, b\u1ebfp (inox, [&#8230;]\n","protected":false},"featured_media":5568,"comment_status":"open","ping_status":"closed","template":"","meta":[],"product_brand":[],"product_cat":[101,262],"product_tag":[567,568,270],"class_list":{"0":"post-5502","1":"product","2":"type-product","3":"status-publish","4":"has-post-thumbnail","6":"product_cat-gia-dung-khac","7":"product_cat-thuong-hieu-malloca","8":"product_tag-dung-dich-tay-rua","9":"product_tag-dung-dich-tay-rua-malloca","10":"product_tag-malloca","12":"first","13":"instock","14":"sale","15":"shipping-taxable","16":"purchasable","17":"product-type-simple"},"_links":{"self":[{"href":"https:\/\/livinghome.vn\/thiet-bi\/wp-json\/wp\/v2\/product\/5502","targetHints":{"allow":["GET"]}}],"collection":[{"href":"https:\/\/livinghome.vn\/thiet-bi\/wp-json\/wp\/v2\/product"}],"about":[{"href":"https:\/\/livinghome.vn\/thiet-bi\/wp-json\/wp\/v2\/types\/product"}],"replies":[{"embeddable":true,"href":"https:\/\/livinghome.vn\/thiet-bi\/wp-json\/wp\/v2\/comments?post=5502"}],"wp:featuredmedia":[{"embeddable":true,"href":"https:\/\/livinghome.vn\/thiet-bi\/wp-json\/wp\/v2\/media\/5568"}],"wp:attachment":[{"href":"https:\/\/livinghome.vn\/thiet-bi\/wp-json\/wp\/v2\/media?parent=5502"}],"wp:term":[{"taxonomy":"product_brand","embeddable":true,"href":"https:\/\/livinghome.vn\/thiet-bi\/wp-json\/wp\/v2\/product_brand?post=5502"},{"taxonomy":"product_cat","embeddable":true,"href":"https:\/\/livinghome.vn\/thiet-bi\/wp-json\/wp\/v2\/product_cat?post=5502"},{"taxonomy":"product_tag","embeddable":true,"href":"https:\/\/livinghome.vn\/thiet-bi\/wp-json\/wp\/v2\/product_tag?post=5502"}],"curies":[{"name":"wp","href":"https:\/\/api.w.org\/{rel}","templated":true}]}}