{"id":5427,"date":"2023-01-12T19:37:18","date_gmt":"2023-01-12T12:37:18","guid":{"rendered":"https:\/\/livinghome.vn\/thiet-bi\/?post_type=product&#038;p=5427"},"modified":"2024-11-29T14:19:24","modified_gmt":"2024-11-29T07:19:24","slug":"noi-com-dien-malloca-mrc-ih01e-cao-tan-dung-tich-1-2l-mau-den-sang-trong","status":"publish","type":"product","link":"https:\/\/livinghome.vn\/thiet-bi\/noi-com-dien-malloca-mrc-ih01e-cao-tan-dung-tich-1-2l-mau-den-sang-trong\/","title":{"rendered":"N\u1ed3i c\u01a1m \u0111i\u1ec7n Malloca MRC-IH01E cao t\u1ea7n dung t\u00edch 1.2L m\u00e0u \u0111en sang tr\u1ecdng"},"content":{"rendered":"<h3>N\u1ed3i c\u01a1m \u0111i\u1ec7n Malloca MRC-IH01E cao t\u1ea7n dung t\u00edch 1.2L m\u00e0u \u0111en sang tr\u1ecdng<\/h3>\n<figure id=\"attachment_55970\" aria-describedby=\"caption-attachment-55970\" style=\"width: 800px\" class=\"wp-caption alignnone\"><img loading=\"lazy\" decoding=\"async\" class=\"wp-image-55970 size-large\" src=\"https:\/\/livinghome.vn\/thiet-bi\/wp-content\/uploads\/nha-bep\/malloca\/dung-cu-nha-bep\/noi-com-malloca-mrc-ih01e\/noi-com-malloca-mrc-ih01e-2-800x800.jpg\" alt=\"N\u1ed3i c\u01a1m \u0111i\u1ec7n Malloca MRC-IH01E cao t\u1ea7n dung t\u00edch 1.2L m\u00e0u \u0111en sang tr\u1ecdng\" width=\"800\" height=\"800\" title=\"\"><figcaption id=\"caption-attachment-55970\" class=\"wp-caption-text\">N\u1ed3i c\u01a1m \u0111i\u1ec7n Malloca MRC-IH01E cao t\u1ea7n dung t\u00edch 1.2L m\u00e0u \u0111en sang tr\u1ecdng<\/figcaption><\/figure>\n<h3>T\u00ednh n\u0103ng c\u01a1 b\u1ea3n<\/h3>\n<ul>\n<li><a href=\"https:\/\/livinghome.vn\/thiet-bi\/gia-dung-khac\/\">N\u1ed3i c\u01a1m \u0111i\u1ec7n<\/a> cao t\u1ea7n<\/li>\n<li>\u0110i\u1ec1u khi\u1ec3n c\u1ea3m \u1ee9ng<\/li>\n<li>Ch\u1ee9c n\u0103ng h\u00e2m n\u00f3ng th\u1ee9c \u0103n trong v\u00f2ng 24H<\/li>\n<li>C\u00f4ng ngh\u1ec7 n\u1ed3i c\u01a1m \u0111i\u1ec7n cao t\u1ea7n (IH) &#8211; Hi\u1ec7u su\u1ea5t n\u1ea5u nhanh h\u01a1n<\/li>\n<li>C\u00f4ng ngh\u1ec7 c\u1ea3m \u1ee9ng t\u1eeb gi\u00fap ti\u1ebft ki\u1ec7m n\u0103ng l\u01b0\u1ee3ng<\/li>\n<li>L\u00f2ng n\u1ed3i ch\u1ed1ng d\u00ednh<\/li>\n<li>T\u00f9y ch\u1ec9nh c\u00e1c lo\u1ea1i g\u1ea1o<\/li>\n<li>T\u00f9y ch\u1ecdn m\u1ee9c \u0111\u1ed9 m\u1ec1m d\u1ebbo c\u1ee7a g\u1ea1o<\/li>\n<li>10 ch\u1ee9c n\u0103ng t\u00f9y ch\u1ecdn<\/li>\n<\/ul>\n<p>&nbsp;<\/p>\n<figure id=\"attachment_55968\" aria-describedby=\"caption-attachment-55968\" style=\"width: 800px\" class=\"wp-caption alignnone\"><img loading=\"lazy\" decoding=\"async\" class=\"wp-image-55968 size-large\" src=\"https:\/\/livinghome.vn\/thiet-bi\/wp-content\/uploads\/nha-bep\/malloca\/dung-cu-nha-bep\/noi-com-malloca-mrc-ih01e\/noi-com-malloca-mrc-ih01e-4-800x800.jpg\" alt=\"N\u1ed3i c\u01a1m \u0111i\u1ec7n Malloca MRC-IH01E cao t\u1ea7n dung t\u00edch 1.2L m\u00e0u \u0111en sang tr\u1ecdng\" width=\"800\" height=\"800\" title=\"\"><figcaption id=\"caption-attachment-55968\" class=\"wp-caption-text\">MRC-IH01E v\u1edbi nh\u1eefng \u0111\u01b0\u1eddng n\u00e9t tinh x\u1ea3o k\u1ebft h\u1ee3p v\u1edbi m\u00e0u s\u1eafc h\u00e0i h\u00f2a, t\u1ea1o v\u1ebb sang tr\u1ecdng cho kh\u00f4ng gian b\u1ebfp<\/figcaption><\/figure>\n<p>N\u1ed3i c\u01a1m \u0111i\u1ec7n Malloca MRC-IH01E v\u1edbi nh\u1eefng \u0111\u01b0\u1eddng n\u00e9t tinh x\u1ea3o k\u1ebft h\u1ee3p v\u1edbi m\u00e0u s\u1eafc h\u00e0i h\u00f2a, t\u1ea1o v\u1ebb sang tr\u1ecdng cho kh\u00f4ng gian b\u1ebfp. Ngo\u00e0i ra s\u1ea3n ph\u1ea9m c\u00f2n \u0111\u01b0\u1ee3c trang b\u1ecb \u0111i\u1ec1u khi\u1ec3n c\u1ea3m \u1ee9ng, 10 ch\u1ebf \u0111\u1ed9 n\u1ea5u&#8230; gi\u00fap b\u1ea1n d\u1ec5 d\u00e0ng quan s\u00e1t h\u01a1n khi n\u1ea5u n\u01b0\u1edbng.<\/p>\n<figure id=\"attachment_55969\" aria-describedby=\"caption-attachment-55969\" style=\"width: 800px\" class=\"wp-caption alignnone\"><img loading=\"lazy\" decoding=\"async\" class=\"size-large wp-image-55969\" src=\"https:\/\/livinghome.vn\/thiet-bi\/wp-content\/uploads\/nha-bep\/malloca\/dung-cu-nha-bep\/noi-com-malloca-mrc-ih01e\/noi-com-malloca-mrc-ih01e-3-800x800.jpg\" alt=\"N\u1ed3i c\u01a1m \u0111i\u1ec7n Malloca MRC-IH01E cao t\u1ea7n dung t\u00edch 1.2L m\u00e0u \u0111en sang tr\u1ecdng\" width=\"800\" height=\"800\" title=\"\"><figcaption id=\"caption-attachment-55969\" class=\"wp-caption-text\">N\u1ed3i c\u01a1m \u0111i\u1ec7n Malloca MRC-IH01E cao t\u1ea7n dung t\u00edch 1.2L m\u00e0u \u0111en sang tr\u1ecdng<\/figcaption><\/figure>\n<p>S\u1eed d\u1ee5ng ch\u1ea5t li\u1ec7u c\u00e1ch nhi\u1ec7t, c\u00e1ch \u0111i\u1ec7n, ch\u1ecbu l\u1ef1c v\u00e0 ch\u1ed1ng tr\u1ea7y x\u01b0\u1edbc t\u1ed1t, n\u1ed3i c\u01a1m \u0111i\u1ec7n cao t\u1ea7n ch\u1eafc h\u1eb3n s\u1ebd \u0111\u1ea1t \u0111i\u1ec3m 10 v\u1ec1 \u0111\u1ed9 b\u1ec1n. L\u00f2ng n\u1ed3i b\u1eb1ng h\u1ee3p kim c\u1ef1c d\u00e0y v\u1edbi c\u00f4ng ngh\u1ec7 ch\u1ed1ng d\u00ednh m\u1edbi v\u00e0 an to\u00e0n v\u1edbi s\u1ee9c kh\u1ecfe ng\u01b0\u1eddi d\u00f9ng.<\/p>\n<h3>Th\u00f4ng s\u1ed1 k\u1ef9 thu\u1eadt<\/h3>\n<ul>\n<li>Ch\u1ea5t li\u1ec7u: nh\u1ef1a m\u00e0u \u0111en<\/li>\n<li>C\u00f4ng su\u1ea5t: 1100W<\/li>\n<li>Dung t\u00edch: 1.2L<\/li>\n<\/ul>\n<h3>Xu\u1ea5t x\u1ee9: Trung Qu\u1ed1c (theo b\u1ea3n quy\u1ec1n Malloca)<\/h3>\n<div><\/div>\n","protected":false},"excerpt":{"rendered":"<p>N\u1ed3i c\u01a1m \u0111i\u1ec7n Malloca MRC-IH01E cao t\u1ea7n dung t\u00edch 1.2L m\u00e0u \u0111en sang tr\u1ecdng T\u00ednh n\u0103ng c\u01a1 b\u1ea3n N\u1ed3i c\u01a1m \u0111i\u1ec7n cao t\u1ea7n \u0110i\u1ec1u khi\u1ec3n c\u1ea3m \u1ee9ng Ch\u1ee9c n\u0103ng h\u00e2m n\u00f3ng th\u1ee9c \u0103n trong v\u00f2ng 24H C\u00f4ng ngh\u1ec7 n\u1ed3i c\u01a1m \u0111i\u1ec7n cao t\u1ea7n (IH) &#8211; Hi\u1ec7u su\u1ea5t n\u1ea5u nhanh h\u01a1n C\u00f4ng ngh\u1ec7 c\u1ea3m \u1ee9ng t\u1eeb [&#8230;]\n","protected":false},"featured_media":5532,"comment_status":"open","ping_status":"closed","template":"","meta":[],"product_brand":[],"product_cat":[101,262],"product_tag":[270,545,546,547],"class_list":{"0":"post-5427","1":"product","2":"type-product","3":"status-publish","4":"has-post-thumbnail","6":"product_cat-gia-dung-khac","7":"product_cat-thuong-hieu-malloca","8":"product_tag-malloca","9":"product_tag-noi-com-dien","10":"product_tag-noi-com-dien-cao-tan","11":"product_tag-noi-com-dien-malloca","13":"first","14":"instock","15":"sale","16":"shipping-taxable","17":"purchasable","18":"product-type-simple"},"_links":{"self":[{"href":"https:\/\/livinghome.vn\/thiet-bi\/wp-json\/wp\/v2\/product\/5427","targetHints":{"allow":["GET"]}}],"collection":[{"href":"https:\/\/livinghome.vn\/thiet-bi\/wp-json\/wp\/v2\/product"}],"about":[{"href":"https:\/\/livinghome.vn\/thiet-bi\/wp-json\/wp\/v2\/types\/product"}],"replies":[{"embeddable":true,"href":"https:\/\/livinghome.vn\/thiet-bi\/wp-json\/wp\/v2\/comments?post=5427"}],"wp:featuredmedia":[{"embeddable":true,"href":"https:\/\/livinghome.vn\/thiet-bi\/wp-json\/wp\/v2\/media\/5532"}],"wp:attachment":[{"href":"https:\/\/livinghome.vn\/thiet-bi\/wp-json\/wp\/v2\/media?parent=5427"}],"wp:term":[{"taxonomy":"product_brand","embeddable":true,"href":"https:\/\/livinghome.vn\/thiet-bi\/wp-json\/wp\/v2\/product_brand?post=5427"},{"taxonomy":"product_cat","embeddable":true,"href":"https:\/\/livinghome.vn\/thiet-bi\/wp-json\/wp\/v2\/product_cat?post=5427"},{"taxonomy":"product_tag","embeddable":true,"href":"https:\/\/livinghome.vn\/thiet-bi\/wp-json\/wp\/v2\/product_tag?post=5427"}],"curies":[{"name":"wp","href":"https:\/\/api.w.org\/{rel}","templated":true}]}}