{"id":5371,"date":"2023-01-12T19:36:07","date_gmt":"2023-01-12T12:36:07","guid":{"rendered":"https:\/\/livinghome.vn\/thiet-bi\/?post_type=product&#038;p=5371"},"modified":"2024-11-29T14:19:26","modified_gmt":"2024-11-29T07:19:26","slug":"bep-dien-malloca-mdr-302-30cm-1-dien","status":"publish","type":"product","link":"https:\/\/livinghome.vn\/thiet-bi\/bep-dien-malloca-mdr-302-30cm-1-dien\/","title":{"rendered":"B\u1ebfp \u0110i\u1ec7n Malloca MDR 302 30CM 1 \u0110i\u1ec7n Domino K\u00ednh Schott Ceran"},"content":{"rendered":"<h3>B\u1ebfp \u0111i\u1ec7n Malloca MDR 302 s\u1ebd l\u00e0m c\u0103n b\u1ebfp c\u1ee7a b\u1ea1n th\u00eam sang tr\u1ecdng, t\u1ed1i \u01b0u h\u00f3a kh\u00f4ng gian ng\u00f4i nh\u00e0, ti\u1ec7n \u00edch khi s\u1eed d\u1ee5ng<\/h3>\n<figure id=\"attachment_52799\" aria-describedby=\"caption-attachment-52799\" style=\"width: 800px\" class=\"wp-caption alignnone\"><img loading=\"lazy\" decoding=\"async\" class=\"wp-image-52799 size-large\" src=\"https:\/\/livinghome.vn\/thiet-bi\/wp-content\/uploads\/nha-bep\/malloca\/bep-dien-tu\/bep-tu-domino-malloca-mdr-302\/bep-tu-am-malloca-domino-mdr-302-5-800x800.jpg\" alt=\"B\u1ebfp \u0111i\u1ec7n Malloca MDR 302\" width=\"800\" height=\"800\" title=\"\"><figcaption id=\"caption-attachment-52799\" class=\"wp-caption-text\">B\u1ebfp \u0111i\u1ec7n Malloca MDR 302<\/figcaption><\/figure>\n<h3>T\u00ednh n\u0103ng c\u01a1 b\u1ea3n<\/h3>\n<ul>\n<li><a href=\"https:\/\/livinghome.vn\/thiet-bi\/bep-dien-hong-ngoai\/\">B\u1ebfp \u0111i\u1ec7n<\/a> &#8211; B\u1ebfp k\u00ednh \u00e2m 2 t\u1eeb d\u00f2ng domino<\/li>\n<li>B\u1ebfp k\u00ednh \u00e2m domino 2 \u0111i\u1ec7n<\/li>\n<li>M\u1eb7t k\u00ednh Schott Ceran \u2013 m\u00e0u \u0111en<\/li>\n<li>\u0110i\u1ec1u khi\u1ec3n c\u1ea3m \u1ee9ng<\/li>\n<li>M\u00e0n h\u00ecnh hi\u1ec3n th\u1ecb LED<\/li>\n<li>Ch\u1ee9c n\u0103ng b\u00e1o d\u01b0 nhi\u1ec7t<\/li>\n<li>9 m\u1ee9c c\u00f4ng su\u1ea5t<\/li>\n<\/ul>\n<h3>Th\u00f4ng s\u1ed1 k\u1ef9 thu\u1eadt<\/h3>\n<ul>\n<li>C\u00f4ng su\u1ea5t: 1.2kW +1.7\/ 0.7kW<\/li>\n<li>\u00a0 \u00a0 \u00a0 \u00a0 \u00a0 \u00a0 \u00a0 \u00a0 \u00a0 \u00a0 (\u00d8 140) + (\u00d8 180\/ \u00d8 120)<\/li>\n<li>T\u1ed5ng c\u00f4ng su\u1ea5t : 2.9 kW<\/li>\n<li>\u0110i\u1ec7n \u00e1p : 220-240V~50\/60Hz<\/li>\n<li>K\u00edch th\u01b0\u1edbc b\u1ebfp: W298 x D520 x H67mm<\/li>\n<li>K\u00edch th\u01b0\u1edbc l\u1ed7 \u0111\u00e1: W274 x D496mm<\/li>\n<\/ul>\n<figure id=\"attachment_52802\" aria-describedby=\"caption-attachment-52802\" style=\"width: 800px\" class=\"wp-caption alignnone\"><img loading=\"lazy\" decoding=\"async\" class=\"wp-image-52802 size-large\" src=\"https:\/\/livinghome.vn\/thiet-bi\/wp-content\/uploads\/nha-bep\/malloca\/bep-dien-tu\/bep-tu-domino-malloca-mdr-302\/bep-tu-am-malloca-domino-mdr-302-2-800x800.jpg\" alt=\"K\u00edch th\u01b0\u1edbc b\u1ebfp \u0111i\u1ec7n Malloca MDR 302\" width=\"800\" height=\"800\" title=\"\"><figcaption id=\"caption-attachment-52802\" class=\"wp-caption-text\">K\u00edch th\u01b0\u1edbc b\u1ebfp \u0111i\u1ec7n Malloca MDR 302<\/figcaption><\/figure>\n<h3>Xu\u1ea5t x\u1ee9: T\u00e2y Ban Nha<\/h3>\n<div><\/div>\n","protected":false},"excerpt":{"rendered":"<p>B\u1ebfp \u0111i\u1ec7n Malloca MDR 302 s\u1ebd l\u00e0m c\u0103n b\u1ebfp c\u1ee7a b\u1ea1n th\u00eam sang tr\u1ecdng, t\u1ed1i \u01b0u h\u00f3a kh\u00f4ng gian ng\u00f4i nh\u00e0, ti\u1ec7n \u00edch khi s\u1eed d\u1ee5ng T\u00ednh n\u0103ng c\u01a1 b\u1ea3n B\u1ebfp \u0111i\u1ec7n &#8211; B\u1ebfp k\u00ednh \u00e2m 2 t\u1eeb d\u00f2ng domino B\u1ebfp k\u00ednh \u00e2m domino 2 \u0111i\u1ec7n M\u1eb7t k\u00ednh Schott Ceran \u2013 m\u00e0u \u0111en \u0110i\u1ec1u khi\u1ec3n [&#8230;]\n","protected":false},"featured_media":22043,"comment_status":"open","ping_status":"closed","template":"","meta":[],"product_brand":[],"product_cat":[741,794,117,722,745,813,796,830,802,832,816,795,262],"product_tag":[118,120,263,174,310,76,168,266,270],"class_list":{"0":"post-5371","1":"product","2":"type-product","3":"status-publish","4":"has-post-thumbnail","6":"product_cat-bep-hong-ngoai","7":"product_cat-bep-2-tu","8":"product_cat-bep-dien-hong-ngoai","9":"product_cat-bep-dien-hong-ngoai-malloca","10":"product_cat-bep-dien-tu","11":"product_cat-bep-dien-tu-chung-cu","12":"product_cat-bep-dien-tu-doi","13":"product_cat-bep-dien-tu-domino","14":"product_cat-bep-dien-tu-mat-kinh-schott-ceran","15":"product_cat-bep-dien-tu-tay-ban-nha","16":"product_cat-bep-dien-tu-thoi-trang","17":"product_cat-bep-tu-doi","18":"product_cat-thuong-hieu-malloca","19":"product_tag-bep-dien","20":"product_tag-bep-dien-am","21":"product_tag-bep-dien-malloca","22":"product_tag-bep-hong-ngoai","23":"product_tag-bep-nau","24":"product_tag-bep-tu","25":"product_tag-bep-tu-am","26":"product_tag-bep-tu-malloca","27":"product_tag-malloca","29":"first","30":"instock","31":"sale","32":"shipping-taxable","33":"purchasable","34":"product-type-simple"},"_links":{"self":[{"href":"https:\/\/livinghome.vn\/thiet-bi\/wp-json\/wp\/v2\/product\/5371","targetHints":{"allow":["GET"]}}],"collection":[{"href":"https:\/\/livinghome.vn\/thiet-bi\/wp-json\/wp\/v2\/product"}],"about":[{"href":"https:\/\/livinghome.vn\/thiet-bi\/wp-json\/wp\/v2\/types\/product"}],"replies":[{"embeddable":true,"href":"https:\/\/livinghome.vn\/thiet-bi\/wp-json\/wp\/v2\/comments?post=5371"}],"wp:featuredmedia":[{"embeddable":true,"href":"https:\/\/livinghome.vn\/thiet-bi\/wp-json\/wp\/v2\/media\/22043"}],"wp:attachment":[{"href":"https:\/\/livinghome.vn\/thiet-bi\/wp-json\/wp\/v2\/media?parent=5371"}],"wp:term":[{"taxonomy":"product_brand","embeddable":true,"href":"https:\/\/livinghome.vn\/thiet-bi\/wp-json\/wp\/v2\/product_brand?post=5371"},{"taxonomy":"product_cat","embeddable":true,"href":"https:\/\/livinghome.vn\/thiet-bi\/wp-json\/wp\/v2\/product_cat?post=5371"},{"taxonomy":"product_tag","embeddable":true,"href":"https:\/\/livinghome.vn\/thiet-bi\/wp-json\/wp\/v2\/product_tag?post=5371"}],"curies":[{"name":"wp","href":"https:\/\/api.w.org\/{rel}","templated":true}]}}