{"id":5368,"date":"2023-01-12T19:36:07","date_gmt":"2023-01-12T12:36:07","guid":{"rendered":"https:\/\/livinghome.vn\/thiet-bi\/?post_type=product&#038;p=5368"},"modified":"2024-11-29T14:19:26","modified_gmt":"2024-11-29T07:19:26","slug":"bep-tu-malloca-mi-594-linear-4-tu-mau-antrazit-mat-kinh-schott-ceran","status":"publish","type":"product","link":"https:\/\/livinghome.vn\/thiet-bi\/bep-tu-malloca-mi-594-linear-4-tu-mau-antrazit-mat-kinh-schott-ceran\/","title":{"rendered":"B\u1ebfp t\u1eeb Malloca MI 594 LINEAR 4 t\u1eeb m\u00e0u Antrazit m\u1eb7t k\u00ednh Schott Ceran"},"content":{"rendered":"<h3>B\u1ebfp t\u1eeb Malloca MI 594 LINEAR sang tr\u1ecdng ph\u00f9 h\u1ee3p v\u1edbi nh\u1eefng c\u0103n b\u1ebfp c\u00f3 kh\u00f4ng gian r\u1ed9ng hay gia \u0111\u00ecnh \u0111\u00f4ng ng\u01b0\u1eddi<\/h3>\n<figure id=\"attachment_52608\" aria-describedby=\"caption-attachment-52608\" style=\"width: 800px\" class=\"wp-caption alignnone\"><img loading=\"lazy\" decoding=\"async\" class=\"wp-image-52608 size-large\" src=\"https:\/\/livinghome.vn\/thiet-bi\/wp-content\/uploads\/nha-bep\/malloca\/bep-dien-tu\/bep-tu-am-malloca-mi-594-linear\/bep-tu-am-malloca-mi-594-linear-3-800x800.jpg\" alt=\"B\u1ebfp t\u1eeb Malloca MI 594 LINEAR\" width=\"800\" height=\"800\" title=\"\"><figcaption id=\"caption-attachment-52608\" class=\"wp-caption-text\">B\u1ebfp t\u1eeb Malloca MI 594 LINEAR<\/figcaption><\/figure>\n<p>M\u00e0u Antrazit \u2013 m\u00e0u \u0111en x\u00e1m c\u1ee7a than \u0111\u00e1\u00a0 c\u1ee7a h\u00e3ng l\u00e0 m\u1ed9t trong nh\u1eefng s\u1eafc th\u00e1i c\u1ee7a b\u1ea3ng m\u00e0u x\u00e1m phong ph\u00fa, gam m\u00e0u th\u1eddi th\u01b0\u1ee3ng \u0111\u01b0\u1ee3c \u01b0a chu\u1ed9ng trong n\u1ed9i th\u1ea5t nh\u00e0 b\u1ebfp n\u0103m nay.<\/p>\n<figure id=\"attachment_52606\" aria-describedby=\"caption-attachment-52606\" style=\"width: 800px\" class=\"wp-caption alignnone\"><img loading=\"lazy\" decoding=\"async\" class=\"wp-image-52606 size-large\" src=\"https:\/\/livinghome.vn\/thiet-bi\/wp-content\/uploads\/nha-bep\/malloca\/bep-dien-tu\/bep-tu-am-malloca-mi-594-linear\/bep-tu-am-malloca-mi-594-linear-5-800x800.jpg\" alt=\"B\u1ebfp t\u1eeb Malloca MI 594 LINEAR\" width=\"800\" height=\"800\" title=\"\"><figcaption id=\"caption-attachment-52606\" class=\"wp-caption-text\">B\u1ebfp t\u1eeb Malloca MI 594 LINEAR<\/figcaption><\/figure>\n<p>V\u1edbi thi\u1ebft k\u1ebf th\u00f4ng minh, b\u1ebfp t\u1eeb MI 594 LINEAR kh\u00f4ng ch\u1ec9 gi\u00fap b\u1ea1n n\u1ea5u n\u01b0\u1edbng th\u01b0\u1eddng xuy\u00ean m\u1ed9t c\u00e1ch hi\u1ec7u qu\u1ea3 m\u00e0 n\u00f3 c\u00f2n mang l\u1ea1i v\u1ebb sang tr\u1ecdng, th\u1eddi trang cho c\u0103n b\u1ebfp nh\u00e0 b\u1ea1n.<\/p>\n<div class=\"mceTemp\"><\/div>\n<p><img loading=\"lazy\" decoding=\"async\" class=\"size-large wp-image-52607\" src=\"https:\/\/livinghome.vn\/thiet-bi\/wp-content\/uploads\/nha-bep\/malloca\/bep-dien-tu\/bep-tu-am-malloca-mi-594-linear\/bep-tu-am-malloca-mi-594-linear-4-800x800.jpg\" alt=\"B\u1ebfp t\u1eeb Malloca MI 594 LINEAR\" width=\"800\" height=\"800\" title=\"\"><\/p>\n<p>Kh\u00f4ng c\u00f2n v\u1ea5t v\u1ea3 v\u1edbi vi\u1ec7c b\u1ebfp n\u00fac, b\u1ebfp k\u00ednh \u00e2m 4 t\u1eeb MI 594 LINEAR c\u0169ng chu\u1ea9n h\u01a1n v\u1edbi c\u00e1c ch\u1ee9c n\u0103ng h\u1ec7 th\u1ed1ng \u0111i\u1ec1u khi\u1ec3n c\u1ea3m \u1ee9ng d\u1ea1ng tr\u01b0\u1ee3t; 4 v\u00f9ng n\u1ea5u linh ho\u1ea1t m\u1edf r\u1ed9ng v\u00f9ng n\u1ea5u, nh\u1eadn di\u1ec7n n\u1ed3i n\u1ea5u, b\u00e1o d\u01b0 nhi\u1ec7t ch\u00ednh x\u00e1c, n\u1ea5u nhanh, c\u00f4ng su\u1ea5t m\u1ea1nh m\u1ebd, kh\u00f3a an to\u00e0n v\u1edbi tr\u1ebb em, \u0111i\u1ec1u ch\u1ec9nh nhi\u1ec7t \u0111\u1ed9 b\u1ebfp ngay t\u1ee9c th\u00ec\u2026 V\u1edbi 4 v\u00f9ng n\u1ea5u linh ho\u1ea1t, ng\u01b0\u1eddi d\u00f9ng c\u0169ng c\u00f3 th\u1ec3 s\u1eed d\u1ee5ng c\u00e1c lo\u1ea1i n\u1ed3i ch\u1ea3o l\u1edbn nh\u1ecf kh\u00e1c nhau, th\u1eadm ch\u00ed ch\u1ec9 1 v\u1ec9 gang c\u0169ng c\u00f3 th\u1ec3 l\u00e0m b\u1eefa n\u01b0\u1edbng BBQ t\u1ea1i gia.<\/p>\n<h3>T\u00ednh n\u0103ng c\u01a1 b\u1ea3n<\/h3>\n<ul>\n<li><a href=\"https:\/\/livinghome.vn\/thiet-bi\/bep-tu\/\">B\u1ebfp t\u1eeb \u00e2m<\/a> &#8211; B\u1ebfp k\u00ednh \u00e2m 4 t\u1eeb<\/li>\n<li>M\u1eb7t k\u00ednh Schott Ceran \u2013 m\u00e0u Antrazit<\/li>\n<li>\u0110i\u1ec1u khi\u1ec3n c\u1ea3m \u1ee9ng d\u1ea1ng tr\u01b0\u1ee3t<\/li>\n<li>Ch\u1ee9c n\u0103ng m\u1edf r\u1ed9ng v\u00f9ng n\u1ea5u<\/li>\n<li>M\u00e0n h\u00ecnh hi\u1ec3n th\u1ecb LED<\/li>\n<li>Ch\u1ee9c n\u0103ng nh\u1eadn di\u1ec7n n\u1ed3i<\/li>\n<li>Ch\u1ee9c n\u0103ng h\u1eb9n gi\u1edd<\/li>\n<li>Ch\u1ee9c n\u0103ng kh\u00f3a ph\u00edm an to\u00e0n<\/li>\n<li>Ch\u1ee9c n\u0103ng b\u00e1o d\u01b0 nhi\u1ec7t<\/li>\n<li>Ch\u1ebf \u0111\u1ed9 gia nhi\u1ec7t nhanh &#8211; Booster<\/li>\n<\/ul>\n<h3>Th\u00f4ng s\u1ed1 k\u1ef9 thu\u1eadt<\/h3>\n<ul>\n<li>C\u00f4ng su\u1ea5t: 2 x 2.1kW (Booster 3kW) \u2013 2 x 1.6kW (Booster 1.85kW)<\/li>\n<li>T\u1ed5ng c\u00f4ng su\u1ea5t: 7.4kW<\/li>\n<li>\u0110i\u1ec7n \u00e1p: 220-240V~50\/60Hz<\/li>\n<li>K\u00edch th\u01b0\u1edbc b\u1ebfp: W590 x D520 x H68mm<\/li>\n<li>K\u00edch th\u01b0\u1edbc l\u1ed7 \u0111\u00e1: W560 x D490mm<\/li>\n<\/ul>\n<figure id=\"attachment_52609\" aria-describedby=\"caption-attachment-52609\" style=\"width: 800px\" class=\"wp-caption alignnone\"><img loading=\"lazy\" decoding=\"async\" class=\"wp-image-52609 size-large\" src=\"https:\/\/livinghome.vn\/thiet-bi\/wp-content\/uploads\/nha-bep\/malloca\/bep-dien-tu\/bep-tu-am-malloca-mi-594-linear\/bep-tu-am-malloca-mi-594-linear-2-800x800.jpg\" alt=\"K\u00edch th\u01b0\u1edbc b\u1ebfp t\u1eeb Malloca MI 594 LINEAR\" width=\"800\" height=\"800\" title=\"\"><figcaption id=\"caption-attachment-52609\" class=\"wp-caption-text\">K\u00edch th\u01b0\u1edbc b\u1ebfp t\u1eeb Malloca MI 594 LINEAR<\/figcaption><\/figure>\n<h3>Xu\u1ea5t x\u1ee9: T\u00e2y Ban Nha<\/h3>\n<div><\/div>\n","protected":false},"excerpt":{"rendered":"<p>B\u1ebfp t\u1eeb Malloca MI 594 LINEAR sang tr\u1ecdng ph\u00f9 h\u1ee3p v\u1edbi nh\u1eefng c\u0103n b\u1ebfp c\u00f3 kh\u00f4ng gian r\u1ed9ng hay gia \u0111\u00ecnh \u0111\u00f4ng ng\u01b0\u1eddi M\u00e0u Antrazit \u2013 m\u00e0u \u0111en x\u00e1m c\u1ee7a than \u0111\u00e1\u00a0 c\u1ee7a h\u00e3ng l\u00e0 m\u1ed9t trong nh\u1eefng s\u1eafc th\u00e1i c\u1ee7a b\u1ea3ng m\u00e0u x\u00e1m phong ph\u00fa, gam m\u00e0u th\u1eddi th\u01b0\u1ee3ng \u0111\u01b0\u1ee3c \u01b0a chu\u1ed9ng trong n\u1ed9i [&#8230;]\n","protected":false},"featured_media":5450,"comment_status":"open","ping_status":"closed","template":"","meta":[],"product_brand":[],"product_cat":[720,869,745,804,800,721,802,832,816,75,806,262],"product_tag":[310,76,168,266,270],"class_list":{"0":"post-5368","1":"product","2":"type-product","3":"status-publish","4":"has-post-thumbnail","6":"product_cat-bep-tu-malloca","7":"product_cat-bep-4-tu","8":"product_cat-bep-dien-tu","9":"product_cat-bep-dien-tu-4-vung-nau","10":"product_cat-bep-dien-tu-hinh-vuong","11":"product_cat-bep-dien-tu-malloca","12":"product_cat-bep-dien-tu-mat-kinh-schott-ceran","13":"product_cat-bep-dien-tu-tay-ban-nha","14":"product_cat-bep-dien-tu-thoi-trang","15":"product_cat-bep-tu","16":"product_cat-bep-tu-4-vung-nau","17":"product_cat-thuong-hieu-malloca","18":"product_tag-bep-nau","19":"product_tag-bep-tu","20":"product_tag-bep-tu-am","21":"product_tag-bep-tu-malloca","22":"product_tag-malloca","24":"first","25":"instock","26":"sale","27":"shipping-taxable","28":"purchasable","29":"product-type-simple"},"_links":{"self":[{"href":"https:\/\/livinghome.vn\/thiet-bi\/wp-json\/wp\/v2\/product\/5368","targetHints":{"allow":["GET"]}}],"collection":[{"href":"https:\/\/livinghome.vn\/thiet-bi\/wp-json\/wp\/v2\/product"}],"about":[{"href":"https:\/\/livinghome.vn\/thiet-bi\/wp-json\/wp\/v2\/types\/product"}],"replies":[{"embeddable":true,"href":"https:\/\/livinghome.vn\/thiet-bi\/wp-json\/wp\/v2\/comments?post=5368"}],"wp:featuredmedia":[{"embeddable":true,"href":"https:\/\/livinghome.vn\/thiet-bi\/wp-json\/wp\/v2\/media\/5450"}],"wp:attachment":[{"href":"https:\/\/livinghome.vn\/thiet-bi\/wp-json\/wp\/v2\/media?parent=5368"}],"wp:term":[{"taxonomy":"product_brand","embeddable":true,"href":"https:\/\/livinghome.vn\/thiet-bi\/wp-json\/wp\/v2\/product_brand?post=5368"},{"taxonomy":"product_cat","embeddable":true,"href":"https:\/\/livinghome.vn\/thiet-bi\/wp-json\/wp\/v2\/product_cat?post=5368"},{"taxonomy":"product_tag","embeddable":true,"href":"https:\/\/livinghome.vn\/thiet-bi\/wp-json\/wp\/v2\/product_tag?post=5368"}],"curies":[{"name":"wp","href":"https:\/\/api.w.org\/{rel}","templated":true}]}}