{"id":4990,"date":"2023-01-12T19:20:32","date_gmt":"2023-01-12T19:20:32","guid":{"rendered":"https:\/\/livinghome.vn\/thiet-bi\/?post_type=product&#038;p=4990"},"modified":"2024-11-29T14:19:39","modified_gmt":"2024-11-29T07:19:39","slug":"tu-lanh-bosch-kfn86aa76j-kieu-phap-540-lit-ket-noi-home-connect","status":"publish","type":"product","link":"https:\/\/livinghome.vn\/thiet-bi\/tu-lanh-bosch-kfn86aa76j-kieu-phap-540-lit-ket-noi-home-connect\/","title":{"rendered":"T\u1ee7 l\u1ea1nh Bosch KFN86AA76J &#8211; Ki\u1ec3u Ph\u00e1p 540 l\u00edt k\u1ebft n\u1ed1i Home Connect"},"content":{"rendered":"<h1>Living Home xin tr\u00e2n tr\u1ecdng gi\u1edbi thi\u1ec7u \u0111\u1ebfn b\u1ea1n T\u1ee7 l\u1ea1nh Bosch KFN86AA76J v\u1edbi nh\u1eefng t\u00ednh n\u0103ng v\u00f4 c\u00f9ng h\u1ea5p d\u1eabn nh\u01b0 sau<\/h1>\n<h3>\u0110\u1eb7c t\u00ednh s\u1ea3n ph\u1ea9m<\/h3>\n<ul>\n<li>Thi\u1ebft k\u1ebf t\u1ee7 l\u1ea1nh ki\u1ec3u Ph\u00e1p<\/li>\n<li>B\u1ec1 m\u1eb7t k\u00ednh \u0111en<\/li>\n<li>Thi\u1ebft k\u1ebf bao g\u1ed3m m\u1ed9t khoang l\u1ea1nh, m\u1ed9t ng\u0103n k\u00e9o Vitafresh (c\u00f3 th\u1ec3 \u0111i\u1ec1u ch\u1ec9nh nhi\u1ec7t \u0111\u1ed9 v\u00e0 m\u1ee9c \u0111\u1ed9 \u1ea9m),2 ng\u0103n \u0111\u00f4ng ri\u00eang bi\u1ec7t<\/li>\n<li>Th\u1ec3 t\u00edch t\u1ed5ng 540 l, khoang \u0111\u00f4ng 397 l, khoang l\u1ea1nh 143 l<\/li>\n<li>\u0110i\u1ec1u khi\u1ec3n c\u1ea3m \u1ee9ng \u0111i\u1ec7n t\u1eed<\/li>\n<li>H\u1ec7 th\u1ed1ng chi\u1ebfu s\u00e1ng b\u1eb1ng \u0111\u00e8n LED<\/li>\n<li>Xu\u1ea5t x\u1ee9 Trung Qu\u1ed1c<\/li>\n<\/ul>\n<figure id=\"attachment_59435\" aria-describedby=\"caption-attachment-59435\" style=\"width: 800px\" class=\"wp-caption alignnone\"><img loading=\"lazy\" decoding=\"async\" class=\"wp-image-59435 size-large\" src=\"https:\/\/livinghome.vn\/thiet-bi\/wp-content\/uploads\/nha-bep\/bosch-hmh\/tu-lanh-side-by-side\/tu-lanh-side-by-side-bosch-kfn86aa76j\/tu-lanh-side-by-side-bosch-kfn86aa76j-1-800x800.jpg\" alt=\"T\u1ee7 l\u1ea1nh Bosch KFN86AA76J - Ki\u1ec3u Ph\u00e1p 540 l\u00edt k\u1ebft n\u1ed1i Home Connect\" width=\"800\" height=\"800\" title=\"\"><figcaption id=\"caption-attachment-59435\" class=\"wp-caption-text\">T\u1ee7 l\u1ea1nh Bosch KFN86AA76J &#8211; \u0110i\u1ec1u khi\u1ec3n c\u1ea3m \u1ee9ng \u0111i\u1ec7n t\u1eed<\/figcaption><\/figure>\n<h3>Ch\u1ee9c n\u0103ng an to\u00e0n<\/h3>\n<ul>\n<li>\u0110i\u1ec1u khi\u1ec3n nhi\u1ec7t \u0111\u1ed9 3 khoang ri\u00eang bi\u1ec7t<\/li>\n<li>Kh\u00f3a tr\u1ebb em, c\u1ea3nh b\u00e1o m\u1edf c\u1eeda qu\u00e1 l\u00e2u<\/li>\n<li>K\u1ec7 k\u00ednh c\u01b0\u1eddng l\u1ef1c<\/li>\n<\/ul>\n<h3>Th\u00f4ng s\u1ed1 k\u0129 thu\u1eadt<\/h3>\n<ul>\n<li>C\u00f4ng su\u1ea5t k\u1ebft n\u1ed1i: 160W<\/li>\n<li>Hi\u1ec7u \u0111i\u1ec7n th\u1ebf:220-240V T\u1ea7n s\u1ed1 : 50\/60Hz,10A<\/li>\n<li>Chi\u1ec1u d\u00e0i d\u00e2y c\u00e1p: 2.4m v\u1edbi ph\u00edch c\u1eafm<\/li>\n<li>K\u00edch th\u01b0\u1edbc s\u1ea3n ph\u1ea9m: 810R x 736S x 1830C mm<\/li>\n<li>Kh\u1ed1i l\u01b0\u1ee3ng 177 kg<\/li>\n<\/ul>\n<figure id=\"attachment_59427\" aria-describedby=\"caption-attachment-59427\" style=\"width: 800px\" class=\"wp-caption alignnone\"><img loading=\"lazy\" decoding=\"async\" class=\"wp-image-59427 size-large\" src=\"https:\/\/livinghome.vn\/thiet-bi\/wp-content\/uploads\/nha-bep\/bosch-hmh\/tu-lanh-side-by-side\/tu-lanh-side-by-side-bosch-kfn86aa76j\/tu-lanh-side-by-side-bosch-kfn86aa76j-9-800x800.jpg\" alt=\"T\u1ee7 l\u1ea1nh Bosch KFN86AA76J - Ki\u1ec3u Ph\u00e1p 540 l\u00edt k\u1ebft n\u1ed1i Home Connect\" width=\"800\" height=\"800\" title=\"\"><figcaption id=\"caption-attachment-59427\" class=\"wp-caption-text\">T\u1ee7 l\u1ea1nh Bosch KFN86AA76J &#8211; Chi ti\u1ebft l\u1eafp \u0111\u1eb7t<\/figcaption><\/figure>\n","protected":false},"excerpt":{"rendered":"<p>Thi\u1ebft k\u1ebf t\u1ee7 l\u1ea1nh ki\u1ec3u Ph\u00e1p<\/p>\n<p>B\u1ec1 m\u1eb7t k\u00ednh \u0111en<\/p>\n<p>Thi\u1ebft k\u1ebf bao g\u1ed3m m\u1ed9t khoang l\u1ea1nh, m\u1ed9t ng\u0103n k\u00e9o Vitafresh (c\u00f3 th\u1ec3 \u0111i\u1ec1u ch\u1ec9nh nhi\u1ec7t \u0111\u1ed9 v\u00e0 m\u1ee9c \u0111\u1ed9 \u1ea9m),2 ng\u0103n \u0111\u00f4ng ri\u00eang bi\u1ec7t<\/p>\n<p>Th\u1ec3 t\u00edch t\u1ed5ng 540 l, khoang \u0111\u00f4ng 397 l, khoang l\u1ea1nh 143 l<\/p>\n<p>\u0110i\u1ec1u khi\u1ec3n c\u1ea3m \u1ee9ng \u0111i\u1ec7n t\u1eed<\/p>\n<p>H\u1ec7 th\u1ed1ng chi\u1ebfu s\u00e1ng b\u1eb1ng \u0111\u00e8n LED<\/p>\n<p>Xu\u1ea5t x\u1ee9 Trung Qu\u1ed1c<\/p>\n","protected":false},"featured_media":5208,"comment_status":"open","ping_status":"closed","template":"","meta":[],"product_brand":[],"product_cat":[472,201,530],"product_tag":[473,203,525,527],"class_list":{"0":"post-4990","1":"product","2":"type-product","3":"status-publish","4":"has-post-thumbnail","6":"product_cat-thuong-hieu-bosch","7":"product_cat-tu-lanh","8":"product_cat-tu-lanh-bosch","9":"product_tag-bosch","10":"product_tag-tu-lanh","11":"product_tag-tu-lanh-bosch","12":"product_tag-tu-lanh-kieu-phap","14":"first","15":"instock","16":"sale","17":"shipping-taxable","18":"purchasable","19":"product-type-simple"},"_links":{"self":[{"href":"https:\/\/livinghome.vn\/thiet-bi\/wp-json\/wp\/v2\/product\/4990","targetHints":{"allow":["GET"]}}],"collection":[{"href":"https:\/\/livinghome.vn\/thiet-bi\/wp-json\/wp\/v2\/product"}],"about":[{"href":"https:\/\/livinghome.vn\/thiet-bi\/wp-json\/wp\/v2\/types\/product"}],"replies":[{"embeddable":true,"href":"https:\/\/livinghome.vn\/thiet-bi\/wp-json\/wp\/v2\/comments?post=4990"}],"wp:featuredmedia":[{"embeddable":true,"href":"https:\/\/livinghome.vn\/thiet-bi\/wp-json\/wp\/v2\/media\/5208"}],"wp:attachment":[{"href":"https:\/\/livinghome.vn\/thiet-bi\/wp-json\/wp\/v2\/media?parent=4990"}],"wp:term":[{"taxonomy":"product_brand","embeddable":true,"href":"https:\/\/livinghome.vn\/thiet-bi\/wp-json\/wp\/v2\/product_brand?post=4990"},{"taxonomy":"product_cat","embeddable":true,"href":"https:\/\/livinghome.vn\/thiet-bi\/wp-json\/wp\/v2\/product_cat?post=4990"},{"taxonomy":"product_tag","embeddable":true,"href":"https:\/\/livinghome.vn\/thiet-bi\/wp-json\/wp\/v2\/product_tag?post=4990"}],"curies":[{"name":"wp","href":"https:\/\/api.w.org\/{rel}","templated":true}]}}