{"id":4970,"date":"2023-01-12T19:20:07","date_gmt":"2023-01-12T19:20:07","guid":{"rendered":"https:\/\/livinghome.vn\/thiet-bi\/?post_type=product&#038;p=4970"},"modified":"2024-11-29T14:19:39","modified_gmt":"2024-11-29T07:19:39","slug":"tu-lanh-bosch-kad92sb30-side-by-side-639-lit","status":"publish","type":"product","link":"https:\/\/livinghome.vn\/thiet-bi\/tu-lanh-bosch-kad92sb30-side-by-side-639-lit\/","title":{"rendered":"T\u1ee7 l\u1ea1nh Bosch KAD92SB30 &#8211; side by side 639 l\u00edt"},"content":{"rendered":"<h1>Living Home xin tr\u00e2n tr\u1ecdng gi\u1edbi thi\u1ec7u \u0111\u1ebfn b\u1ea1n T\u1ee7 l\u1ea1nh Bosch KAD92SB30 v\u1edbi nh\u1eefng t\u00ednh n\u0103ng v\u00f4 c\u00f9ng h\u1ea5p d\u1eabn nh\u01b0 sau<\/h1>\n<h3>Th\u00f4ng tin thi\u1ebft b\u1ecb<\/h3>\n<ul>\n<li>C\u00f4ng ngh\u1ec7 VarioInverter ti\u1ebft ki\u1ec7m n\u0103ng l\u01b0\u1ee3ng theo ti\u00eau chu\u1ea9n A<sup>++<\/sup>Ch\u00e2u \u00c2u<\/li>\n<li>Ng\u0103n l\u1ea5y \u0111\u00e1 v\u00e0 l\u1ea5y n\u01b0\u1edbc ngo\u00e0i ti\u1ec7n d\u1ee5ng. \u0110\u00e8n LED b\u00ean trong v\u00e0 t\u1ea1i ng\u0103n l\u1ea5y \u0111\u00e1.<\/li>\n<li>Dung t\u00edch l\u00ean \u0111\u1ebfn 636 L<\/li>\n<li>Thi\u1ebft k\u1ebf sang tr\u1ecdng v\u1edbi b\u1ec1 m\u1eb7t k\u00ednh \u0111en<\/li>\n<li>M\u00e0n h\u00ecnh \u0111i\u1ec1u khi\u1ec3n c\u1ea3m \u1ee9ng v\u1edbi c\u00e1cv\u1ecb tr\u00ed\u00a0n\u00fat \u0111i\u1ec1u khi\u1ec3n \u0111\u01b0\u1ee3c thi\u1ebft k\u1ebf tinh t\u1ebf v\u00e0 d\u1ec5 d\u00e0ng s\u1eed d\u1ee5ng<\/li>\n<li>H\u1ec7 th\u1ed1ng Supercooling t\u1ef1 \u0111\u1ed9ng \u0111i\u1ec1u ch\u1ec9nh nhi\u1ec7t \u0111\u1ed9 ng\u0103n \u0111\u00f4ng xu\u1ed1ng t\u1ed1i \u01b0u qu\u00e1 tr\u00ecnh l\u01b0u gi\u1eef th\u1ef1c ph\u1ea9m m\u1edbi<\/li>\n<li>H\u1ec7 th\u1ed1ng ng\u0103n lan m\u00f9i gi\u1eefa ng\u0103n \u0111\u00f4ng v\u00e0 ng\u0103n m\u00e1t<\/li>\n<li>B\u1ed9 l\u1ecdc than ho\u1ea1t t\u00ednh k\u00e8m theo mang l\u1ea1i ch\u1ea5t l\u01b0\u1ee3ng n\u01b0\u1edbc u\u1ed1ng v\u00e0 \u0111\u00e1 \u0111\u1ea3m b\u1ea3o \u00e0n to\u00e0n v\u1ec7 sinh trong qu\u00e1 tr\u00ecnh s\u1eed d\u1ee5ng<\/li>\n<\/ul>\n<figure id=\"attachment_59398\" aria-describedby=\"caption-attachment-59398\" style=\"width: 800px\" class=\"wp-caption alignnone\"><img loading=\"lazy\" decoding=\"async\" class=\"wp-image-59398 size-large\" src=\"https:\/\/livinghome.vn\/thiet-bi\/wp-content\/uploads\/nha-bep\/bosch-hmh\/tu-lanh-side-by-side\/tu-lanh-side-by-side-bosch-kad92sb30\/tu-lanh-side-by-side-bosch-kad92sb30-5-800x800.jpg\" alt=\"T\u1ee7 l\u1ea1nh Bosch KAD92SB30 - side by side 639 l\u00edt\" width=\"800\" height=\"800\" title=\"\"><figcaption id=\"caption-attachment-59398\" class=\"wp-caption-text\">T\u1ee7 l\u1ea1nh Bosch KAD92SB30 &#8211; C\u00f4ng ngh\u1ec7 VarioInverter ti\u1ebft ki\u1ec7m n\u0103ng l\u01b0\u1ee3ng theo ti\u00eau chu\u1ea9n A++Ch\u00e2u \u00c2u<\/figcaption><\/figure>\n<h3>Ch\u1ee9c n\u0103ng an to\u00e0n<\/h3>\n<ul>\n<li>\u0110i\u1ec1u khi\u1ec3n nhi\u1ec7t \u0111\u1ed9 ng\u0103n \u0111\u00f4ng v\u00e0 ng\u0103n m\u00e1t ri\u00eang bi\u1ec7t<\/li>\n<li>\u00c2m b\u00e1o khi m\u1edf c\u1eeda th\u1eddi gian qu\u00e1 30 gi\u00e2y<\/li>\n<li>Ch\u1ee9c n\u0103ng kh\u00f3a tr\u1ebb em an to\u00e0n. C\u00e1c k\u1ec7 k\u00ednh c\u01b0\u1eddng l\u1ef1c ch\u1ecbu t\u1ea3i tr\u1ecdng cao<\/li>\n<\/ul>\n<h3>Th\u00f4ng s\u1ed1 k\u1ef9 thu\u1eadt<\/h3>\n<ul>\n<li>M\u00e0u: m\u1eb7t k\u00ednh \u0111en<\/li>\n<li>Tr\u1ecdng l\u01b0\u1ee3ng: 170 kg<\/li>\n<li>\u0110\u1ed9 \u1ed3n: 42 dB<\/li>\n<li>C\u00f4ng su\u1ea5t: 190 W<\/li>\n<li>Hi\u1ec7u \u0111i\u1ec7n th\u1ebf: 220 \u2013 240V; C\u01b0\u1eddng \u0111\u1ed9: 50Hz<\/li>\n<li>\u00c1p l\u1ef1c n\u01b0\u1edbc y\u00eau c\u1ea7u: 1 \u2013 3 bar<\/li>\n<li>K\u00edch th\u01b0\u1edbc: Cao 1756 x R\u1ed9ng 912 x S\u00e2u 732 mm<\/li>\n<\/ul>\n<figure id=\"attachment_59400\" aria-describedby=\"caption-attachment-59400\" style=\"width: 800px\" class=\"wp-caption alignnone\"><img loading=\"lazy\" decoding=\"async\" class=\"wp-image-59400 size-large\" src=\"https:\/\/livinghome.vn\/thiet-bi\/wp-content\/uploads\/nha-bep\/bosch-hmh\/tu-lanh-side-by-side\/tu-lanh-side-by-side-bosch-kad92sb30\/tu-lanh-side-by-side-bosch-kad92sb30-3-800x800.jpg\" alt=\"T\u1ee7 l\u1ea1nh Bosch KAD92SB30 - side by side 639 l\u00edt\" width=\"800\" height=\"800\" title=\"\"><figcaption id=\"caption-attachment-59400\" class=\"wp-caption-text\">T\u1ee7 l\u1ea1nh Bosch KAD92SB30 &#8211; Chi ti\u1ebft l\u1eafp \u0111\u1eb7t<\/figcaption><\/figure>\n","protected":false},"excerpt":{"rendered":"<p>C\u00f4ng ngh\u1ec7 VarioInverter ti\u1ebft ki\u1ec7m n\u0103ng l\u01b0\u1ee3ng theo ti\u00eau chu\u1ea9n A<sup>++<\/sup>Ch\u00e2u \u00c2u<\/p>\n<p>Ng\u0103n l\u1ea5y \u0111\u00e1 v\u00e0 l\u1ea5y n\u01b0\u1edbc ngo\u00e0i ti\u1ec7n d\u1ee5ng. \u0110\u00e8n LED b\u00ean trong v\u00e0 t\u1ea1i ng\u0103n l\u1ea5y \u0111\u00e1.<\/p>\n<p>Dung t\u00edch l\u00ean \u0111\u1ebfn 636 L<\/p>\n<p>Thi\u1ebft k\u1ebf sang tr\u1ecdng v\u1edbi b\u1ec1 m\u1eb7t k\u00ednh \u0111en<\/p>\n<p>M\u00e0n h\u00ecnh \u0111i\u1ec1u khi\u1ec3n c\u1ea3m \u1ee9ng v\u1edbi c\u00e1cv\u1ecb tr\u00ed\u00a0n\u00fat \u0111i\u1ec1u khi\u1ec3n \u0111\u01b0\u1ee3c thi\u1ebft k\u1ebf tinh t\u1ebf v\u00e0 d\u1ec5 d\u00e0ng s\u1eed d\u1ee5ng<\/p>\n<p>H\u1ec7 th\u1ed1ng Supercooling t\u1ef1 \u0111\u1ed9ng \u0111i\u1ec1u ch\u1ec9nh nhi\u1ec7t \u0111\u1ed9 ng\u0103n \u0111\u00f4ng xu\u1ed1ng t\u1ed1i \u01b0u qu\u00e1 tr\u00ecnh l\u01b0u gi\u1eef th\u1ef1c ph\u1ea9m m\u1edbi<\/p>\n<p>H\u1ec7 th\u1ed1ng ng\u0103n lan m\u00f9i gi\u1eefa ng\u0103n \u0111\u00f4ng v\u00e0 ng\u0103n m\u00e1t<\/p>\n<p>B\u1ed9 l\u1ecdc than ho\u1ea1t t\u00ednh k\u00e8m theo mang l\u1ea1i ch\u1ea5t l\u01b0\u1ee3ng n\u01b0\u1edbc u\u1ed1ng v\u00e0 \u0111\u00e1 \u0111\u1ea3m b\u1ea3o \u00e0n to\u00e0n v\u1ec7 sinh trong qu\u00e1 tr\u00ecnh s\u1eed d\u1ee5ng<\/p>\n","protected":false},"featured_media":5188,"comment_status":"open","ping_status":"closed","template":"","meta":[],"product_brand":[],"product_cat":[472,201,530],"product_tag":[473,203,525,363],"class_list":{"0":"post-4970","1":"product","2":"type-product","3":"status-publish","4":"has-post-thumbnail","6":"product_cat-thuong-hieu-bosch","7":"product_cat-tu-lanh","8":"product_cat-tu-lanh-bosch","9":"product_tag-bosch","10":"product_tag-tu-lanh","11":"product_tag-tu-lanh-bosch","12":"product_tag-tu-lanh-side-by-side","14":"first","15":"instock","16":"sale","17":"shipping-taxable","18":"purchasable","19":"product-type-simple"},"_links":{"self":[{"href":"https:\/\/livinghome.vn\/thiet-bi\/wp-json\/wp\/v2\/product\/4970","targetHints":{"allow":["GET"]}}],"collection":[{"href":"https:\/\/livinghome.vn\/thiet-bi\/wp-json\/wp\/v2\/product"}],"about":[{"href":"https:\/\/livinghome.vn\/thiet-bi\/wp-json\/wp\/v2\/types\/product"}],"replies":[{"embeddable":true,"href":"https:\/\/livinghome.vn\/thiet-bi\/wp-json\/wp\/v2\/comments?post=4970"}],"wp:featuredmedia":[{"embeddable":true,"href":"https:\/\/livinghome.vn\/thiet-bi\/wp-json\/wp\/v2\/media\/5188"}],"wp:attachment":[{"href":"https:\/\/livinghome.vn\/thiet-bi\/wp-json\/wp\/v2\/media?parent=4970"}],"wp:term":[{"taxonomy":"product_brand","embeddable":true,"href":"https:\/\/livinghome.vn\/thiet-bi\/wp-json\/wp\/v2\/product_brand?post=4970"},{"taxonomy":"product_cat","embeddable":true,"href":"https:\/\/livinghome.vn\/thiet-bi\/wp-json\/wp\/v2\/product_cat?post=4970"},{"taxonomy":"product_tag","embeddable":true,"href":"https:\/\/livinghome.vn\/thiet-bi\/wp-json\/wp\/v2\/product_tag?post=4970"}],"curies":[{"name":"wp","href":"https:\/\/api.w.org\/{rel}","templated":true}]}}