{"id":4951,"date":"2023-01-12T19:19:42","date_gmt":"2023-01-12T19:19:42","guid":{"rendered":"https:\/\/livinghome.vn\/thiet-bi\/?post_type=product&#038;p=4951"},"modified":"2024-11-29T14:19:39","modified_gmt":"2024-11-29T07:19:39","slug":"tu-lanh-bosch-kag93aiepg-side-by-side-560-lit","status":"publish","type":"product","link":"https:\/\/livinghome.vn\/thiet-bi\/tu-lanh-bosch-kag93aiepg-side-by-side-560-lit\/","title":{"rendered":"T\u1ee7 l\u1ea1nh Bosch KAG93AIEPG &#8211; side by side 560 l\u00edt"},"content":{"rendered":"<h1>Living Home xin tr\u00e2n tr\u1ecdng gi\u1edbi thi\u1ec7u \u0111\u1ebfn b\u1ea1n T\u1ee7 l\u1ea1nh Bosch KAG93AIEPG v\u1edbi nh\u1eefng t\u00ednh n\u0103ng v\u00f4 c\u00f9ng h\u1ea5p d\u1eabn nh\u01b0 sau<\/h1>\n<h3>\u0110\u1eb7c t\u00ednh s\u1ea3n ph\u1ea9m<\/h3>\n<ul>\n<li>B\u1ec1 m\u1eb7t Inox ch\u1ed1ng b\u00e1m v\u00e2n tay<\/li>\n<li>C\u1ea5p n\u01b0\u1edbc tr\u1ef1c ti\u1ebfp qua m\u1ed9t \u1ed1ng d\u1eabn<\/li>\n<li>Ch\u1ee9c n\u0103ng l\u1ea5y n\u01b0\u1edbc, \u0111\u00e1 vi\u00ean, \u0111\u00e1 xay<\/li>\n<li>Thi\u1ebft k\u1ebf m\u1ed9t c\u1eeda ph\u1ee5 Minibar<\/li>\n<li>Th\u1ec3 t\u00edch t\u1ed5ng 560 l, khoang \u0111\u00f4ng 369 l, khoang l\u1ea1nh 191 l<\/li>\n<li>\u0110i\u1ec1u khi\u1ec3n c\u1ea3m \u1ee9ng qua m\u00e0n h\u00ecnh k\u0129 thu\u1eadt s\u1ed1 LCD<\/li>\n<li>H\u1ec7 th\u1ed1ng chi\u1ebfu s\u00e1ng b\u1eb1ng \u0111\u00e8n LED<\/li>\n<li>Xu\u1ea5t x\u1ee9 Trung Qu\u1ed1c<\/li>\n<\/ul>\n<figure id=\"attachment_59414\" aria-describedby=\"caption-attachment-59414\" style=\"width: 800px\" class=\"wp-caption alignnone\"><img loading=\"lazy\" decoding=\"async\" class=\"wp-image-59414 size-large\" src=\"https:\/\/livinghome.vn\/thiet-bi\/wp-content\/uploads\/nha-bep\/bosch-hmh\/tu-lanh-side-by-side\/tu-lanh-side-by-side-bosch-kag93aiepg\/tu-lanh-side-by-side-bosch-kag93aiepg-1-800x800.jpg\" alt=\"T\u1ee7 l\u1ea1nh Bosch KAG93AIEPG - side by side 560 l\u00edt\" width=\"800\" height=\"800\" title=\"\"><figcaption id=\"caption-attachment-59414\" class=\"wp-caption-text\">T\u1ee7 l\u1ea1nh Bosch KAG93AIEPG &#8211; H\u1ec7 th\u1ed1ng chi\u1ebfu s\u00e1ng b\u1eb1ng \u0111\u00e8n LED<\/figcaption><\/figure>\n<figure id=\"attachment_59411\" aria-describedby=\"caption-attachment-59411\" style=\"width: 800px\" class=\"wp-caption alignnone\"><img loading=\"lazy\" decoding=\"async\" class=\"wp-image-59411 size-large\" src=\"https:\/\/livinghome.vn\/thiet-bi\/wp-content\/uploads\/nha-bep\/bosch-hmh\/tu-lanh-side-by-side\/tu-lanh-side-by-side-bosch-kag93aiepg\/tu-lanh-side-by-side-bosch-kag93aiepg-12-800x800.jpg\" alt=\"T\u1ee7 l\u1ea1nh Bosch KAG93AIEPG - side by side 560 l\u00edt\" width=\"800\" height=\"800\" title=\"\"><figcaption id=\"caption-attachment-59411\" class=\"wp-caption-text\">T\u1ee7 l\u1ea1nh Bosch KAG93AIEPG &#8211; \u0110i\u1ec1u khi\u1ec3n c\u1ea3m \u1ee9ng qua m\u00e0n h\u00ecnh k\u0129 thu\u1eadt s\u1ed1 LCD<\/figcaption><\/figure>\n<h3>Ch\u1ee9c n\u0103ng an to\u00e0n<\/h3>\n<ul>\n<li>\u0110i\u1ec1u khi\u1ec3n nhi\u1ec7t \u0111\u1ed9 2 khoang ri\u00eang bi\u1ec7t<\/li>\n<li>Kh\u00f3a tr\u1ebb em, c\u1ea3nh b\u00e1o m\u1edf c\u1eeda qu\u00e1 l\u00e2u<\/li>\n<li>K\u1ec7 k\u00ednh c\u01b0\u1eddng l\u1ef1c<\/li>\n<\/ul>\n<figure id=\"attachment_59404\" aria-describedby=\"caption-attachment-59404\" style=\"width: 1067px\" class=\"wp-caption alignnone\"><img loading=\"lazy\" decoding=\"async\" class=\"wp-image-59404 size-large\" src=\"https:\/\/livinghome.vn\/thiet-bi\/wp-content\/uploads\/nha-bep\/bosch-hmh\/tu-lanh-side-by-side\/tu-lanh-side-by-side-bosch-kag93aiepg\/tu-lanh-side-by-side-bosch-kag93aiepg-8-1067x800.jpg\" alt=\"T\u1ee7 l\u1ea1nh Bosch KAG93AIEPG - side by side 560 l\u00edt\" width=\"1067\" height=\"800\" title=\"\"><figcaption id=\"caption-attachment-59404\" class=\"wp-caption-text\">T\u1ee7 l\u1ea1nh Bosch KAG93AIEPG &#8211; Ch\u1ee9c n\u0103ng l\u1ea5y n\u01b0\u1edbc, \u0111\u00e1 vi\u00ean, \u0111\u00e1 xay<\/figcaption><\/figure>\n<div class=\"tabs-information-layout\">\n<div class=\"tabs-information-content\">\n<div id=\"tabs-information\" class=\"col-md-12 tabs-information\">\n<div class=\"col-md-12 tabs-content\">\n<div class=\"tab-content\">\n<div id=\"features\" class=\"tab-pane fade active in\">\n<h3>Th\u00f4ng tin k\u1ef9 thu\u1eadt<\/h3>\n<ul>\n<li>Ti\u1ebft ki\u1ec7m n\u0103ng l\u01b0\u1ee3ng m\u1ee9c E (theo chu\u1ea9n G &#8211; A)<\/li>\n<li>C\u00f4ng su\u1ea5t ti\u00eau th\u1ee5 h\u00e0ng n\u0103m: 323 (kW\/h)\/n\u0103m<\/li>\n<li>C\u00f4ng su\u1ea5t k\u1ebft n\u1ed1i: 240W<\/li>\n<li>Hi\u1ec7u \u0111i\u1ec7n th\u1ebf: 220-240V, T\u1ea7n s\u1ed1:50\/60Hz,13A<\/li>\n<li>Chi\u1ec1u d\u00e0i d\u00e2y c\u00e1p: 2.0m v\u1edbi ph\u00edch c\u1eafm<\/li>\n<li>K\u00edch th\u01b0\u1edbc s\u1ea3n ph\u1ea9m: 908R x 707S x 1787C mm<\/li>\n<li>Kh\u1ed1i l\u01b0\u1ee3ng 121 kg<\/li>\n<\/ul>\n<figure id=\"attachment_59412\" aria-describedby=\"caption-attachment-59412\" style=\"width: 1067px\" class=\"wp-caption alignnone\"><img loading=\"lazy\" decoding=\"async\" class=\"wp-image-59412 size-large\" src=\"https:\/\/livinghome.vn\/thiet-bi\/wp-content\/uploads\/nha-bep\/bosch-hmh\/tu-lanh-side-by-side\/tu-lanh-side-by-side-bosch-kag93aiepg\/tu-lanh-side-by-side-bosch-kag93aiepg-11-1067x800.jpg\" alt=\"T\u1ee7 l\u1ea1nh Bosch KAG93AIEPG - side by side 560 l\u00edt\" width=\"1067\" height=\"800\" title=\"\"><figcaption id=\"caption-attachment-59412\" class=\"wp-caption-text\">T\u1ee7 l\u1ea1nh Bosch KAG93AIEPG &#8211; Chi ti\u1ebft l\u1eafp \u0111\u1eb7t<\/figcaption><\/figure>\n<\/div>\n<\/div>\n<\/div>\n<\/div>\n<\/div>\n<\/div>\n","protected":false},"excerpt":{"rendered":"<p>B\u1ec1 m\u1eb7t Inox ch\u1ed1ng b\u00e1m v\u00e2n tay<\/p>\n<p>C\u1ea5p n\u01b0\u1edbc tr\u1ef1c ti\u1ebfp qua m\u1ed9t \u1ed1ng d\u1eabn<\/p>\n<p>Ch\u1ee9c n\u0103ng l\u1ea5y n\u01b0\u1edbc, \u0111\u00e1 vi\u00ean, \u0111\u00e1 xay<\/p>\n<p>Thi\u1ebft k\u1ebf m\u1ed9t c\u1eeda ph\u1ee5 Minibar<\/p>\n<p>Th\u1ec3 t\u00edch t\u1ed5ng 560 l, khoang \u0111\u00f4ng 369 l, khoang l\u1ea1nh 191 l<\/p>\n<p>\u0110i\u1ec1u khi\u1ec3n c\u1ea3m \u1ee9ng qua m\u00e0n h\u00ecnh k\u0129 thu\u1eadt s\u1ed1 LCD<\/p>\n<p>H\u1ec7 th\u1ed1ng chi\u1ebfu s\u00e1ng b\u1eb1ng \u0111\u00e8n LED<\/p>\n<p>Xu\u1ea5t x\u1ee9 Trung Qu\u1ed1c<\/p>\n","protected":false},"featured_media":5176,"comment_status":"open","ping_status":"closed","template":"","meta":[],"product_brand":[],"product_cat":[472,201,530],"product_tag":[473,203,525,363],"class_list":{"0":"post-4951","1":"product","2":"type-product","3":"status-publish","4":"has-post-thumbnail","6":"product_cat-thuong-hieu-bosch","7":"product_cat-tu-lanh","8":"product_cat-tu-lanh-bosch","9":"product_tag-bosch","10":"product_tag-tu-lanh","11":"product_tag-tu-lanh-bosch","12":"product_tag-tu-lanh-side-by-side","14":"first","15":"instock","16":"sale","17":"shipping-taxable","18":"purchasable","19":"product-type-simple"},"_links":{"self":[{"href":"https:\/\/livinghome.vn\/thiet-bi\/wp-json\/wp\/v2\/product\/4951","targetHints":{"allow":["GET"]}}],"collection":[{"href":"https:\/\/livinghome.vn\/thiet-bi\/wp-json\/wp\/v2\/product"}],"about":[{"href":"https:\/\/livinghome.vn\/thiet-bi\/wp-json\/wp\/v2\/types\/product"}],"replies":[{"embeddable":true,"href":"https:\/\/livinghome.vn\/thiet-bi\/wp-json\/wp\/v2\/comments?post=4951"}],"wp:featuredmedia":[{"embeddable":true,"href":"https:\/\/livinghome.vn\/thiet-bi\/wp-json\/wp\/v2\/media\/5176"}],"wp:attachment":[{"href":"https:\/\/livinghome.vn\/thiet-bi\/wp-json\/wp\/v2\/media?parent=4951"}],"wp:term":[{"taxonomy":"product_brand","embeddable":true,"href":"https:\/\/livinghome.vn\/thiet-bi\/wp-json\/wp\/v2\/product_brand?post=4951"},{"taxonomy":"product_cat","embeddable":true,"href":"https:\/\/livinghome.vn\/thiet-bi\/wp-json\/wp\/v2\/product_cat?post=4951"},{"taxonomy":"product_tag","embeddable":true,"href":"https:\/\/livinghome.vn\/thiet-bi\/wp-json\/wp\/v2\/product_tag?post=4951"}],"curies":[{"name":"wp","href":"https:\/\/api.w.org\/{rel}","templated":true}]}}