{"id":4922,"date":"2023-01-12T19:19:11","date_gmt":"2023-01-12T19:19:11","guid":{"rendered":"https:\/\/livinghome.vn\/thiet-bi\/?post_type=product&#038;p=4922"},"modified":"2024-11-29T14:19:47","modified_gmt":"2024-11-29T07:19:47","slug":"may-giat-bosch-wna254u0sg-ket-hop-say-14-chuong-trinh-10kg","status":"publish","type":"product","link":"https:\/\/livinghome.vn\/thiet-bi\/may-giat-bosch-wna254u0sg-ket-hop-say-14-chuong-trinh-10kg\/","title":{"rendered":"M\u00e1y gi\u1eb7t Bosch WNA254U0SG &#8211; K\u1ebft h\u1ee3p s\u1ea5y 14 ch\u01b0\u01a1ng tr\u00ecnh 10KG"},"content":{"rendered":"<h1>Living Home xin tr\u00e2n tr\u1ecdng gi\u1edbi thi\u1ec7u \u0111\u1ebfn b\u1ea1n M\u00e1y gi\u1eb7t Bosch WNA254U0SG v\u1edbi nh\u1eefng t\u00ednh n\u0103ng v\u00f4 c\u00f9ng h\u1ea5p d\u1eabn nh\u01b0 sau<\/h1>\n<h2>\u0110\u1eb7c t\u00ednh s\u1ea3n ph\u1ea9m<\/h2>\n<ul>\n<li>Dung l\u01b0\u1ee3ng: 10 kg gi\u1eb7t v\u00e0 6 kg s\u1ea5y, t\u1ed1c \u0111\u1ed9 v\u1eaft 1400 v\u00f2ng\/ ph\u00fat<\/li>\n<li>B\u1ea3ng \u0111i\u1ec1u khi\u1ec3n c\u1ea3m \u1ee9ng v\u00e0 v\u00f2ng xoay l\u1ef1a ch\u1ecdn ch\u01b0\u01a1ng tr\u00ecnh \u0111\u1ed9c \u0111\u00e1o<\/li>\n<li>9 ch\u01b0\u01a1ng tr\u00ecnh gi\u1eb7t<\/li>\n<li>Ch\u1ee9c n\u0103ng \u0111\u1eb7c bi\u1ec7t:<br \/>\n&#8211; Mytime: K\u00e9o d\u00e0i th\u1eddi gian s\u1ea5y l\u00ean \u0111\u1ebfn 120 ph\u00fat \u0111\u1ec3 \u0111\u1ea1t m\u1ee9c \u0111\u1ed9 kh\u00f4 mong mu\u1ed1n<br \/>\n&#8211; Gi\u1eb7t si\u00eau t\u1ed1c &#8211; 15 ph\u00fat<br \/>\n&#8211; Gi\u1eb7t k\u1ebft h\u1ee3p s\u1ea5y<\/li>\n<li>\u0110\u1ed9ng c\u01a1 kh\u00f4ng ch\u1ed5i than EcoSilence Drive\u2122TM<\/li>\n<li>V\u1ecf m\u00e1y ch\u1ed1ng rung AntiVibration\u2122TM<\/li>\n<li>\u0110i\u1ec1u khi\u1ec3n c\u1ea3m \u1ee9ng \u0111i\u1ec7n t\u1eed, m\u00e0n h\u00ecnh LED<\/li>\n<li>Ch\u1ee9c n\u0103ng SpeedPerfect: c\u00f3 th\u1ec3 gi\u1ea3m t\u1edbi 65% th\u1eddi gian gi\u1eb7t<\/li>\n<li>\u0110\u1ed9 \u1ed3n khi gi\u1eb7t: 52 dB<\/li>\n<li>\u0110\u1ed9 \u1ed3n khi v\u1eaft: 74 dB<\/li>\n<li>\u0110\u1ed9 \u1ed3n khi s\u1ea5y: 59 dB<\/li>\n<li>Ti\u1ebft ki\u1ec7m n\u0103ng l\u01b0\u1ee3ng theo ti\u00eau chu\u1ea9n Ch\u00e2u \u00c2u: A<\/li>\n<li>Xu\u1ea5t x\u1ee9 Trung Qu\u1ed1c<\/li>\n<\/ul>\n<figure id=\"attachment_58992\" aria-describedby=\"caption-attachment-58992\" style=\"width: 800px\" class=\"wp-caption alignnone\"><img loading=\"lazy\" decoding=\"async\" class=\"wp-image-58992 size-large\" src=\"https:\/\/livinghome.vn\/thiet-bi\/wp-content\/uploads\/nha-bep\/bosch-hmh\/may-giat-say\/may-giat-say-bosch-wna254u0sg\/may-giat-say-bosch-wna254u0sg-4-800x800.jpg\" alt=\"M\u00e1y gi\u1eb7t Bosch WNA254U0SG - K\u1ebft h\u1ee3p s\u1ea5y 14 ch\u01b0\u01a1ng tr\u00ecnh 10KG\" width=\"800\" height=\"800\" title=\"\"><figcaption id=\"caption-attachment-58992\" class=\"wp-caption-text\">M\u00e1y gi\u1eb7t Bosch WNA254U0SG &#8211; \u0110i\u1ec1u khi\u1ec3n c\u1ea3m \u1ee9ng \u0111i\u1ec7n t\u1eed, m\u00e0n h\u00ecnh LED<\/figcaption><\/figure>\n<p><strong>Ch\u1ee9c n\u0103ng an to\u00e0n<\/strong><\/p>\n<ul>\n<li>Kh\u00f3a tr\u1ebb em<\/li>\n<li>Ch\u1ed1ng r\u00f2 r\u1ec9 n\u01b0\u1edbc<\/li>\n<\/ul>\n<p><strong>Th\u00f4ng s\u1ed1 k\u0129 thu\u1eadt<\/strong><\/p>\n<ul>\n<li>C\u00f4ng su\u1ea5t \u0111i\u1ec7n k\u1ebft n\u1ed1i 2.2 kW<\/li>\n<li>Hi\u1ec7u \u0111i\u1ec7n th\u1ebf: 220 &#8211; 240 V<\/li>\n<li>T\u1ea7n s\u1ed1: 50 Hz, 10 A<\/li>\n<li>Chi\u1ec1u d\u00e0i d\u00e2y c\u00e1p: 2.1 m k\u00e8m \u0111\u1ea7u c\u1eafm<\/li>\n<li>K\u00edch th\u01b0\u1edbc s\u1ea3n ph\u1ea9m: 848C x 600R x 590S mm<\/li>\n<\/ul>\n<figure id=\"attachment_58988\" aria-describedby=\"caption-attachment-58988\" style=\"width: 800px\" class=\"wp-caption alignnone\"><img loading=\"lazy\" decoding=\"async\" class=\"wp-image-58988 size-large\" src=\"https:\/\/livinghome.vn\/thiet-bi\/wp-content\/uploads\/nha-bep\/bosch-hmh\/may-giat-say\/may-giat-say-bosch-wna254u0sg\/may-giat-say-bosch-wna254u0sg-8-800x800.jpg\" alt=\"M\u00e1y gi\u1eb7t Bosch WNA254U0SG - K\u1ebft h\u1ee3p s\u1ea5y 14 ch\u01b0\u01a1ng tr\u00ecnh 10KG\" width=\"800\" height=\"800\" title=\"\"><figcaption id=\"caption-attachment-58988\" class=\"wp-caption-text\">M\u00e1y gi\u1eb7t Bosch WNA254U0SG &#8211; Chi ti\u1ebft l\u1eafp \u0111\u1eb7t<\/figcaption><\/figure>\n","protected":false},"excerpt":{"rendered":"<p>Dung l\u01b0\u1ee3ng: 10 kg gi\u1eb7t v\u00e0 6 kg s\u1ea5y, t\u1ed1c \u0111\u1ed9 v\u1eaft 1400 v\u00f2ng\/ ph\u00fat<\/p>\n<p>B\u1ea3ng \u0111i\u1ec1u khi\u1ec3n c\u1ea3m \u1ee9ng v\u00e0 v\u00f2ng xoay l\u1ef1a ch\u1ecdn ch\u01b0\u01a1ng tr\u00ecnh \u0111\u1ed9c \u0111\u00e1o<\/p>\n<p>9 ch\u01b0\u01a1ng tr\u00ecnh gi\u1eb7t<\/p>\n<p>Ch\u1ee9c n\u0103ng \u0111\u1eb7c bi\u1ec7t:<br \/>\n&#8211; Mytime: K\u00e9o d\u00e0i th\u1eddi gian s\u1ea5y l\u00ean \u0111\u1ebfn 120 ph\u00fat \u0111\u1ec3 \u0111\u1ea1t m\u1ee9c \u0111\u1ed9 kh\u00f4 mong mu\u1ed1n<br \/>\n&#8211; Gi\u1eb7t si\u00eau t\u1ed1c &#8211; 15 ph\u00fat<br \/>\n&#8211; Gi\u1eb7t k\u1ebft h\u1ee3p s\u1ea5y<\/p>\n<p>\u0110\u1ed9ng c\u01a1 kh\u00f4ng ch\u1ed5i than EcoSilence Drive\u2122TM<\/p>\n<p>V\u1ecf m\u00e1y ch\u1ed1ng rung AntiVibration\u2122TM<\/p>\n<p>\u0110i\u1ec1u khi\u1ec3n c\u1ea3m \u1ee9ng \u0111i\u1ec7n t\u1eed, m\u00e0n h\u00ecnh LED<\/p>\n<p>Ch\u1ee9c n\u0103ng SpeedPerfect: c\u00f3 th\u1ec3 gi\u1ea3m t\u1edbi 65% th\u1eddi gian gi\u1eb7t<\/p>\n<p>\u0110\u1ed9 \u1ed3n khi gi\u1eb7t: 52 dB<\/p>\n<p>\u0110\u1ed9 \u1ed3n khi v\u1eaft: 74 dB<\/p>\n<p>\u0110\u1ed9 \u1ed3n khi s\u1ea5y: 59 dB<\/p>\n<p>Ti\u1ebft ki\u1ec7m n\u0103ng l\u01b0\u1ee3ng theo ti\u00eau chu\u1ea9n Ch\u00e2u \u00c2u: A<\/p>\n<p>Xu\u1ea5t x\u1ee9 Trung Qu\u1ed1c<\/p>\n","protected":false},"featured_media":5116,"comment_status":"open","ping_status":"closed","template":"","meta":[],"product_brand":[],"product_cat":[472],"product_tag":[473,209,514,212,516],"class_list":{"0":"post-4922","1":"product","2":"type-product","3":"status-publish","4":"has-post-thumbnail","6":"product_cat-thuong-hieu-bosch","7":"product_tag-bosch","8":"product_tag-may-giat","9":"product_tag-may-giat-bosch","10":"product_tag-may-giat-cua-truoc","11":"product_tag-may-giat-ket-hop-say","13":"first","14":"instock","15":"sale","16":"shipping-taxable","17":"purchasable","18":"product-type-simple"},"_links":{"self":[{"href":"https:\/\/livinghome.vn\/thiet-bi\/wp-json\/wp\/v2\/product\/4922","targetHints":{"allow":["GET"]}}],"collection":[{"href":"https:\/\/livinghome.vn\/thiet-bi\/wp-json\/wp\/v2\/product"}],"about":[{"href":"https:\/\/livinghome.vn\/thiet-bi\/wp-json\/wp\/v2\/types\/product"}],"replies":[{"embeddable":true,"href":"https:\/\/livinghome.vn\/thiet-bi\/wp-json\/wp\/v2\/comments?post=4922"}],"wp:featuredmedia":[{"embeddable":true,"href":"https:\/\/livinghome.vn\/thiet-bi\/wp-json\/wp\/v2\/media\/5116"}],"wp:attachment":[{"href":"https:\/\/livinghome.vn\/thiet-bi\/wp-json\/wp\/v2\/media?parent=4922"}],"wp:term":[{"taxonomy":"product_brand","embeddable":true,"href":"https:\/\/livinghome.vn\/thiet-bi\/wp-json\/wp\/v2\/product_brand?post=4922"},{"taxonomy":"product_cat","embeddable":true,"href":"https:\/\/livinghome.vn\/thiet-bi\/wp-json\/wp\/v2\/product_cat?post=4922"},{"taxonomy":"product_tag","embeddable":true,"href":"https:\/\/livinghome.vn\/thiet-bi\/wp-json\/wp\/v2\/product_tag?post=4922"}],"curies":[{"name":"wp","href":"https:\/\/api.w.org\/{rel}","templated":true}]}}