{"id":4914,"date":"2023-01-12T19:19:10","date_gmt":"2023-01-12T19:19:10","guid":{"rendered":"https:\/\/livinghome.vn\/thiet-bi\/?post_type=product&#038;p=4914"},"modified":"2024-11-29T14:17:41","modified_gmt":"2024-11-29T07:17:41","slug":"may-pha-ca-phe-bosch-ctl636es6-12-chuong-trinh-ket-noi-home-connect","status":"publish","type":"product","link":"https:\/\/livinghome.vn\/thiet-bi\/may-pha-ca-phe-bosch-ctl636es6-12-chuong-trinh-ket-noi-home-connect\/","title":{"rendered":"M\u00e1y pha c\u00e0 ph\u00ea Bosch CTL636ES6 &#8211; 12 ch\u01b0\u01a1ng tr\u00ecnh k\u1ebft n\u1ed1i Home Connect"},"content":{"rendered":"<h1>Living Home xin tr\u00e2n tr\u1ecdng gi\u1edbi thi\u1ec7u \u0111\u1ebfn b\u1ea1n M\u00e1y pha c\u00e0 ph\u00ea Bosch CTL636ES6 v\u1edbi nh\u1eefng t\u00ednh n\u0103ng v\u00f4 c\u00f9ng h\u1ea5p d\u1eabn nh\u01b0 sau<\/h1>\n<h3>\u0110\u1eb7c t\u00ednh s\u1ea3n ph\u1ea9m<\/h3>\n<ul>\n<li>Thi\u1ebft k\u1ebf Series 8 v\u1edbi v\u00f2ng xuy\u1ebfn v\u00e0 m\u00e0n h\u00ecnh TFT<\/li>\n<li>Home connect k\u1ebft n\u1ed1i \u0111i\u1ec1u khi\u1ec3n v\u1edbi ipad v\u00e0 \u0111i\u1ec7n tho\u1ea1i<\/li>\n<li>Cappuccino: C\u00f3 th\u1ec3 pha c\u00f9ng l\u00fac 2 c\u1ed1c c\u00e0 ph\u00ea<\/li>\n<li>12 ch\u01b0\u01a1ng tr\u00ecnh pha ch\u1ebf<\/li>\n<li>MyCoffee: c\u00f3 th\u1ec3 l\u01b0u tr\u1eef 8 c\u00e0i \u0111\u1eb7t pha ch\u1ebf theo s\u1edf th\u00edch c\u00e1 nh\u00e2n<\/li>\n<li>AromaDouble Shot: Pha c\u00e0 ph\u00ea c\u1ef1c m\u1ea1nh v\u1edbi \u00edt v\u1ecb \u0111\u1eafng h\u01a1n nh\u1edd 2 qu\u00e1 tr\u00ecnh xay v\u00e0 pha<\/li>\n<li>L\u00e0m s\u1ea1ch b\u1eb1ng h\u01a1i n\u01b0\u1edbc t\u1ef1 \u0111\u1ed9ng gi\u00fap v\u1ec7 sinh ho\u00e0n to\u00e0n h\u1ec7 th\u1ed1ng s\u1eefa<\/li>\n<li>B\u01a1m n\u01b0\u1edbc v\u1edbi \u00e1p su\u1ea5t 19 bar<\/li>\n<li>Khay \u0111\u1eb7t ly c\u00f3 th\u1ec3 thay \u0111\u1ed5i chi\u1ec1u cao<\/li>\n<li>Gi\u1ea3m th\u1eddi gian gia nhi\u1ec7t: Nhanh nh\u1ea5t l\u00e0 c\u1ed1c \u0111\u1ea7u ti\u00ean<\/li>\n<li>Calc\u2019n\u2019Clean: Ch\u01b0\u01a1ng tr\u00ecnh l\u00e0m s\u1ea1ch v\u00e0 t\u1ea9y c\u1eb7n t\u1ef1 \u0111\u1ed9ng<\/li>\n<li>Xu\u1ea5t x\u1ee9 Slovenia<\/li>\n<\/ul>\n<h3>Ch\u1ee9c n\u0103ng an to\u00e0n<\/h3>\n<ul>\n<li>Kh\u00f3a tr\u1ebb em<\/li>\n<li>Kh\u00f3a trong c\u00e1c tr\u01b0\u1eddng h\u1ee3p sau: N\u1ebfu \u0111\u1ea7u phun b\u1ecb m\u1ea5t, khay ch\u1ee9a n\u01b0\u1edbc tr\u00e0n \u0111\u1ea7y, n\u1ebfu thi\u1ebfu v\u00f2i phun s\u1eefa, h\u1ebft n\u01b0\u1edbc trong b\u00ecnh ch\u1ee9a, n\u1ebfu kh\u00f4ng l\u1eafp b\u00ecnh ch\u1ee9a n\u01b0\u1edbc<\/li>\n<\/ul>\n<h3>Th\u00f4ng s\u1ed1 k\u0129 thu\u1eadt<\/h3>\n<ul>\n<li>T\u1ed5ng c\u00f4ng su\u1ea5t 1.6 kW<\/li>\n<li>Hi\u1ec7u \u0111i\u1ec7n th\u1ebf: 220-240 V<\/li>\n<li>T\u1ea7n s\u1ed1: 50\/60 Hz, 10 A<\/li>\n<li>K\u00edch th\u01b0\u1edbc s\u1ea3n ph\u1ea9m: 455C x 594R x 375S mm<\/li>\n<li>K\u00edch th\u01b0\u1edbc l\u1eafp \u0111\u1eb7t: 449C x 558R x 356S mm<\/li>\n<\/ul>\n<figure id=\"attachment_59116\" aria-describedby=\"caption-attachment-59116\" style=\"width: 800px\" class=\"wp-caption alignnone\"><img loading=\"lazy\" decoding=\"async\" class=\"wp-image-59116 size-large\" src=\"https:\/\/livinghome.vn\/thiet-bi\/wp-content\/uploads\/nha-bep\/bosch-hmh\/may-pha-cafe\/may-pha-cafe-bosch-ctl636es6\/may-pha-cafe-bosch-ctl636es6-8-800x800.jpg\" alt=\"M\u00e1y pha c\u00e0 ph\u00ea Bosch CTL636ES6 - 12 ch\u01b0\u01a1ng tr\u00ecnh k\u1ebft n\u1ed1i Home Connect\" width=\"800\" height=\"800\" title=\"\"><figcaption id=\"caption-attachment-59116\" class=\"wp-caption-text\">M\u00e1y pha c\u00e0 ph\u00ea Bosch CTL636ES6 &#8211; Chi thi\u1ebft l\u1eafp \u0111\u1eb7t<\/figcaption><\/figure>\n","protected":false},"excerpt":{"rendered":"<p>Thi\u1ebft k\u1ebf Series 8 v\u1edbi v\u00f2ng xuy\u1ebfn v\u00e0 m\u00e0n h\u00ecnh TFT<\/p>\n<p>Home connect k\u1ebft n\u1ed1i \u0111i\u1ec1u khi\u1ec3n v\u1edbi ipad v\u00e0 \u0111i\u1ec7n tho\u1ea1i<\/p>\n<p>Cappuccino: C\u00f3 th\u1ec3 pha c\u00f9ng l\u00fac 2 c\u1ed1c c\u00e0 ph\u00ea<\/p>\n<p>12 ch\u01b0\u01a1ng tr\u00ecnh pha ch\u1ebf<\/p>\n<p>MyCoffee: c\u00f3 th\u1ec3 l\u01b0u tr\u1eef 8 c\u00e0i \u0111\u1eb7t pha ch\u1ebf theo s\u1edf th\u00edch c\u00e1 nh\u00e2n<\/p>\n<p>AromaDouble Shot: Pha c\u00e0 ph\u00ea c\u1ef1c m\u1ea1nh v\u1edbi \u00edt v\u1ecb \u0111\u1eafng h\u01a1n nh\u1edd 2 qu\u00e1 tr\u00ecnh xay v\u00e0 pha<\/p>\n<p>L\u00e0m s\u1ea1ch b\u1eb1ng h\u01a1i n\u01b0\u1edbc t\u1ef1 \u0111\u1ed9ng gi\u00fap v\u1ec7 sinh ho\u00e0n to\u00e0n h\u1ec7 th\u1ed1ng s\u1eefa<\/p>\n","protected":false},"featured_media":5065,"comment_status":"open","ping_status":"closed","template":"","meta":[],"product_brand":[],"product_cat":[340,472],"product_tag":[473,341,512],"class_list":{"0":"post-4914","1":"product","2":"type-product","3":"status-publish","4":"has-post-thumbnail","6":"product_cat-may-pha-cafe","7":"product_cat-thuong-hieu-bosch","8":"product_tag-bosch","9":"product_tag-may-pha-ca-phe","10":"product_tag-may-pha-ca-phe-bosch","12":"first","13":"instock","14":"sale","15":"shipping-taxable","16":"purchasable","17":"product-type-simple"},"_links":{"self":[{"href":"https:\/\/livinghome.vn\/thiet-bi\/wp-json\/wp\/v2\/product\/4914","targetHints":{"allow":["GET"]}}],"collection":[{"href":"https:\/\/livinghome.vn\/thiet-bi\/wp-json\/wp\/v2\/product"}],"about":[{"href":"https:\/\/livinghome.vn\/thiet-bi\/wp-json\/wp\/v2\/types\/product"}],"replies":[{"embeddable":true,"href":"https:\/\/livinghome.vn\/thiet-bi\/wp-json\/wp\/v2\/comments?post=4914"}],"wp:featuredmedia":[{"embeddable":true,"href":"https:\/\/livinghome.vn\/thiet-bi\/wp-json\/wp\/v2\/media\/5065"}],"wp:attachment":[{"href":"https:\/\/livinghome.vn\/thiet-bi\/wp-json\/wp\/v2\/media?parent=4914"}],"wp:term":[{"taxonomy":"product_brand","embeddable":true,"href":"https:\/\/livinghome.vn\/thiet-bi\/wp-json\/wp\/v2\/product_brand?post=4914"},{"taxonomy":"product_cat","embeddable":true,"href":"https:\/\/livinghome.vn\/thiet-bi\/wp-json\/wp\/v2\/product_cat?post=4914"},{"taxonomy":"product_tag","embeddable":true,"href":"https:\/\/livinghome.vn\/thiet-bi\/wp-json\/wp\/v2\/product_tag?post=4914"}],"curies":[{"name":"wp","href":"https:\/\/api.w.org\/{rel}","templated":true}]}}