{"id":4912,"date":"2023-01-12T19:19:10","date_gmt":"2023-01-12T19:19:10","guid":{"rendered":"https:\/\/livinghome.vn\/thiet-bi\/?post_type=product&#038;p=4912"},"modified":"2024-11-29T14:19:47","modified_gmt":"2024-11-29T07:19:47","slug":"lo-vi-song-bosch-bel554ms0b-25-lit-38cm","status":"publish","type":"product","link":"https:\/\/livinghome.vn\/thiet-bi\/lo-vi-song-bosch-bel554ms0b-25-lit-38cm\/","title":{"rendered":"L\u00f2 vi s\u00f3ng Bosch BEL554MS0B &#8211; 25 l\u00edt 38cm"},"content":{"rendered":"<h1>Living Home xin tr\u00e2n tr\u1ecdng gi\u1edbi thi\u1ec7u \u0111\u1ebfn b\u1ea1n L\u00f2 vi s\u00f3ng Bosch BEL554MS0B v\u1edbi nh\u1eefng t\u00ednh n\u0103ng v\u00f4 c\u00f9ng h\u1ea5p d\u1eabn nh\u01b0 sau<\/h1>\n<h3>\u0110\u1eb7c t\u00ednh s\u1ea3n ph\u1ea9m<\/h3>\n<ul>\n<li><span class=\"fontstyle0\">Dung t\u00edch l\u00f2: 25 l\u00edt<br \/>\n<\/span><\/li>\n<li><span class=\"fontstyle0\">C\u00f4ng su\u1ea5t vi s\u00f3ng t\u1ed1i \u0111a: 900 W;<br \/>\n<\/span><\/li>\n<li><span class=\"fontstyle0\">5 m\u1ee9c c\u00f4ng su\u1ea5t vi s\u00f3ng (90W, 180W, 360W, 600W, 900W)<br \/>\n<\/span><\/li>\n<li><span class=\"fontstyle2\">1 m\u1ee9c c\u00f4ng su\u1ea5t n\u01b0\u1edbng 1200W<br \/>\n<\/span><\/li>\n<li><span class=\"fontstyle0\">N\u01b0\u1edbng k\u1ebft h\u1ee3p vi s\u00f3ng \u1edf c\u00e1c m\u1ee9c vi s\u00f3ng 90W, 180W, 360W<br \/>\n<\/span><\/li>\n<li><span class=\"fontstyle2\">8 ch\u01b0\u01a1ng tr\u00ecnh vi s\u00f3ng t\u1ef1 \u0111\u1ed9ng<br \/>\n<\/span><\/li>\n<li><span class=\"fontstyle0\">M\u00e0n h\u00ecnh LED hi\u1ec3n th\u1ecb th\u1eddi gian v\u00e0 c\u00f4ng su\u1ea5t vi s\u00f3ng<br \/>\n<\/span><\/li>\n<li><span class=\"fontstyle0\">\u0110i\u1ec1u khi\u1ec3n c\u1ea3m \u1ee9ng \u0111i\u1ec7n t\u1eed<br \/>\n<\/span><\/li>\n<li><span class=\"fontstyle0\">Ph\u1ee5 ki\u1ec7n \u0111i k\u00e8m: 1 \u0111\u0129a xoay th\u1ee7y tinh, 1 v\u1ec9 n\u01b0\u1edbng<br \/>\n<\/span><\/li>\n<li><span class=\"fontstyle2\">C\u1ea3m bi\u1ebfn ch\u1ea1m m\u1edf c\u1eeda<br \/>\n<\/span><\/li>\n<li><span class=\"fontstyle2\">Ch\u1ee9c n\u0103ng ghi nh\u1edb<\/span><\/li>\n<\/ul>\n<figure id=\"attachment_58935\" aria-describedby=\"caption-attachment-58935\" style=\"width: 800px\" class=\"wp-caption alignnone\"><img loading=\"lazy\" decoding=\"async\" class=\"wp-image-58935 size-large\" src=\"https:\/\/livinghome.vn\/thiet-bi\/wp-content\/uploads\/nha-bep\/bosch-hmh\/lo-vi-song\/lo-vi-song-bosch-bel554ms0b\/lo-vi-song-bosch-bel554ms0b-2-800x800.jpg\" alt=\"L\u00f2 vi s\u00f3ng Bosch BEL554MS0B - 25 l\u00edt 38cm\" width=\"800\" height=\"800\" title=\"\"><figcaption id=\"caption-attachment-58935\" class=\"wp-caption-text\">L\u00f2 vi s\u00f3ng Bosch BEL554MS0B &#8211; M\u00e0n h\u00ecnh LED hi\u1ec3n th\u1ecb th\u1eddi gian v\u00e0 c\u00f4ng su\u1ea5t vi s\u00f3ng<\/figcaption><\/figure>\n<h3>Ch\u1ee9c n\u0103ng an to\u00e0n<\/h3>\n<ul>\n<li>T\u1eaft khi kh\u00f4ng s\u1eed d\u1ee5ng<\/li>\n<\/ul>\n","protected":false},"excerpt":{"rendered":"<p><span class=\"fontstyle0\">Dung t\u00edch l\u00f2: 25 l\u00edt<br \/>\n<\/span><\/p>\n<p><span class=\"fontstyle0\">C\u00f4ng su\u1ea5t vi s\u00f3ng t\u1ed1i \u0111a: 900 W;<br \/>\n<\/span><\/p>\n<p><span class=\"fontstyle0\">5 m\u1ee9c c\u00f4ng su\u1ea5t vi s\u00f3ng (90W, 180W, 360W, 600W, 900W)<br \/>\n<\/span><\/p>\n<p><span class=\"fontstyle2\">1 m\u1ee9c c\u00f4ng su\u1ea5t n\u01b0\u1edbng 1200W<br \/>\n<\/span><\/p>\n<p><span class=\"fontstyle0\">N\u01b0\u1edbng k\u1ebft h\u1ee3p vi s\u00f3ng \u1edf c\u00e1c m\u1ee9c vi s\u00f3ng 90W, 180W, 360W<br \/>\n<\/span><\/p>\n<p><span class=\"fontstyle2\">8 ch\u01b0\u01a1ng tr\u00ecnh vi s\u00f3ng t\u1ef1 \u0111\u1ed9ng<br \/>\n<\/span><\/p>\n<p><span class=\"fontstyle0\">M\u00e0n h\u00ecnh LED hi\u1ec3n th\u1ecb th\u1eddi gian v\u00e0 c\u00f4ng su\u1ea5t vi s\u00f3ng<br \/>\n<\/span><\/p>\n<p><span class=\"fontstyle0\">\u0110i\u1ec1u khi\u1ec3n c\u1ea3m \u1ee9ng \u0111i\u1ec7n t\u1eed<br \/>\n<\/span><\/p>\n<p><span class=\"fontstyle0\">Ph\u1ee5 ki\u1ec7n \u0111i k\u00e8m: 1 \u0111\u0129a xoay th\u1ee7y tinh, 1 v\u1ec9 n\u01b0\u1edbng<br \/>\n<\/span><\/p>\n<p><span class=\"fontstyle2\">C\u1ea3m bi\u1ebfn ch\u1ea1m m\u1edf c\u1eeda<br \/>\n<\/span><\/p>\n<p><span class=\"fontstyle2\">Ch\u1ee9c n\u0103ng ghi nh\u1edb<\/span><\/p>\n","protected":false},"featured_media":5052,"comment_status":"open","ping_status":"closed","template":"","meta":[],"product_brand":[],"product_cat":[510,472],"product_tag":[473,158,511],"class_list":{"0":"post-4912","1":"product","2":"type-product","3":"status-publish","4":"has-post-thumbnail","6":"product_cat-lo-vi-song-bosch","7":"product_cat-thuong-hieu-bosch","8":"product_tag-bosch","9":"product_tag-lo-vi-song","10":"product_tag-lo-vi-song-bosch","12":"first","13":"instock","14":"sale","15":"shipping-taxable","16":"purchasable","17":"product-type-simple"},"_links":{"self":[{"href":"https:\/\/livinghome.vn\/thiet-bi\/wp-json\/wp\/v2\/product\/4912","targetHints":{"allow":["GET"]}}],"collection":[{"href":"https:\/\/livinghome.vn\/thiet-bi\/wp-json\/wp\/v2\/product"}],"about":[{"href":"https:\/\/livinghome.vn\/thiet-bi\/wp-json\/wp\/v2\/types\/product"}],"replies":[{"embeddable":true,"href":"https:\/\/livinghome.vn\/thiet-bi\/wp-json\/wp\/v2\/comments?post=4912"}],"wp:featuredmedia":[{"embeddable":true,"href":"https:\/\/livinghome.vn\/thiet-bi\/wp-json\/wp\/v2\/media\/5052"}],"wp:attachment":[{"href":"https:\/\/livinghome.vn\/thiet-bi\/wp-json\/wp\/v2\/media?parent=4912"}],"wp:term":[{"taxonomy":"product_brand","embeddable":true,"href":"https:\/\/livinghome.vn\/thiet-bi\/wp-json\/wp\/v2\/product_brand?post=4912"},{"taxonomy":"product_cat","embeddable":true,"href":"https:\/\/livinghome.vn\/thiet-bi\/wp-json\/wp\/v2\/product_cat?post=4912"},{"taxonomy":"product_tag","embeddable":true,"href":"https:\/\/livinghome.vn\/thiet-bi\/wp-json\/wp\/v2\/product_tag?post=4912"}],"curies":[{"name":"wp","href":"https:\/\/api.w.org\/{rel}","templated":true}]}}