{"id":4905,"date":"2023-01-12T19:19:10","date_gmt":"2023-01-12T19:19:10","guid":{"rendered":"https:\/\/livinghome.vn\/thiet-bi\/?post_type=product&#038;p=4905"},"modified":"2024-11-29T14:19:50","modified_gmt":"2024-11-29T07:19:50","slug":"lo-nuong-bosch-hng6764s1a-ket-hop-hap-vi-song-67-lit-60cm","status":"publish","type":"product","link":"https:\/\/livinghome.vn\/thiet-bi\/lo-nuong-bosch-hng6764s1a-ket-hop-hap-vi-song-67-lit-60cm\/","title":{"rendered":"L\u00f2 n\u01b0\u1edbng Bosch HNG6764S1A &#8211; K\u1ebft h\u1ee3p h\u1ea5p vi s\u00f3ng 67 l\u00edt 60cm"},"content":{"rendered":"<h1>Living Home xin tr\u00e2n tr\u1ecdng gi\u1edbi thi\u1ec7u \u0111\u1ebfn b\u1ea1n L\u00f2 n\u01b0\u1edbng Bosch HNG6764S1A v\u1edbi nh\u1eefng t\u00ednh n\u0103ng v\u00f4 c\u00f9ng h\u1ea5p d\u1eabn nh\u01b0 sau<\/h1>\n<p><strong>\u0110\u1eb7c t\u00ednh s\u1ea3n ph\u1ea9m<\/strong><\/p>\n<ul>\n<li>Dung t\u00edch l\u00f2: 67 l\u00edt<\/li>\n<li>14 ph\u01b0\u01a1ng ph\u00e1p gia nhi\u1ec7t<\/li>\n<li>Ch\u01b0\u01a1ng tr\u00ecnh \u0111\u1eb7c bi\u1ec7t: 4D hot-air; Pizza; L\u00e0m n\u00f3ng nhanh; R\u00e3 \u0111\u00f4ng; 4D hot-air Eco; Gi\u1eef \u1ea5m; Ch\u01b0\u01a1ng tr\u00ecnh n\u01b0\u1edbng k\u1ebft h\u1ee3p h\u1ea5p; Ch\u01b0\u01a1ng tr\u00ecnh n\u01b0\u1edbng k\u1ebft h\u1ee3p vi s\u00f3ng<\/li>\n<li>Ch\u1ee9c n\u0103ng h\u1ea5p \u0111\u01b0\u1ee3c t\u00edch h\u1ee3p v\u1edbi khay n\u01b0\u1edbc dung t\u00edch 1 l\u00edt<\/li>\n<li>5 m\u1ee9c c\u00f4ng su\u1ea5t vi s\u00f3ng: (90W, 180W, 360W, 600W, 900W) v\u1edbi c\u00f4ng ngh\u1ec7 Inverter<\/li>\n<li>DishAssist: t\u1ef1 \u0111\u1ed9ng \u0111i\u1ec1u ch\u1ec9nh nhi\u1ec7t \u0111\u1ed9, th\u1eddi gian v\u00e0 ph\u01b0\u01a1ng ph\u00e1p gia nhi\u1ec7t t\u1ed1i \u01b0u cho t\u1eebng m\u00f3n \u0103n<\/li>\n<li>C\u1ea3m bi\u1ebfn nhi\u1ec7t \u0111\u1ed9 t\u1eeb b\u00ean trong h\u1ed7 tr\u1ee3 hi\u1ec7u qu\u1ea3 cho vi\u1ec7c n\u01b0\u1edbng b\u00e1nh c\u0169ng nh\u01b0 c\u00e1c th\u1ef1c ph\u1ea9m kh\u00e1c<\/li>\n<li>Nhi\u1ec7t \u0111\u1ed9 t\u1eeb 30\u00b0C &#8211; 300\u00b0C<\/li>\n<li>C\u1eeda l\u00f2 thi\u1ebft k\u1ebf \u0111\u00f3ng\/m\u1edf \u00eam \u00e1i<\/li>\n<li>\u0110i\u1ec1u khi\u1ec3n c\u1ea3m \u1ee9ng tr\u00ean m\u00e0n h\u00ecnh TFT k\u1ebft h\u1ee3p v\u1edbi v\u00f2ng xoay \u0111\u1ed9c \u0111\u00e1o;<\/li>\n<li>M\u00e0n h\u00ecnh TFT hi\u1ec3n th\u1ecb tr\u1ef1c quan th\u1eddi gian, nhi\u1ec7t \u0111\u1ed9 v\u00e0 ch\u01b0\u01a1ng tr\u00ecnh n\u01b0\u1edbng \u0111ang v\u1eadn h\u00e0nh<\/li>\n<li>Ch\u1ee9c n\u0103ng v\u1ec7 sinh b\u1eb1ng ph\u01b0\u01a1ng ph\u00e1p nhi\u1ec7t ph\u00e2n<\/li>\n<li>\u0110\u00e8n LED chi\u1ebfu s\u00e1ng b\u00ean trong l\u00f2, s\u00e1ng khi c\u1eeda m\u1edf<\/li>\n<li>Ph\u1ee5 ki\u1ec7n \u0111i k\u00e8m: 2 khay n\u01b0\u1edbng, 1 v\u1ec9 n\u01b0\u1edbng, 1 que th\u0103m nhi\u1ec7t<\/li>\n<li>Xu\u1ea5t x\u1ee9 \u0110\u1ee9c<\/li>\n<\/ul>\n<figure id=\"attachment_58923\" aria-describedby=\"caption-attachment-58923\" style=\"width: 800px\" class=\"wp-caption alignnone\"><img loading=\"lazy\" decoding=\"async\" class=\"wp-image-58923 size-large\" src=\"https:\/\/livinghome.vn\/thiet-bi\/wp-content\/uploads\/nha-bep\/bosch-hmh\/lo-nuong\/lo-nuong-bosch-hng6764s1a\/lo-nuong-bosch-hng6764s1a-6-800x800.jpg\" alt=\"L\u00f2 n\u01b0\u1edbng Bosch HNG6764S1A - K\u1ebft h\u1ee3p h\u1ea5p vi s\u00f3ng 67 l\u00edt 60cm\" width=\"800\" height=\"800\" title=\"\"><figcaption id=\"caption-attachment-58923\" class=\"wp-caption-text\">L\u00f2 n\u01b0\u1edbng Bosch HNG6764S1A &#8211; \u0110i\u1ec1u khi\u1ec3n c\u1ea3m \u1ee9ng tr\u00ean m\u00e0n h\u00ecnh TFT k\u1ebft h\u1ee3p v\u1edbi v\u00f2ng xoay \u0111\u1ed9c \u0111\u00e1o<\/figcaption><\/figure>\n<p><strong>Ch\u1ee9c n\u0103ng an to\u00e0n<\/strong><\/p>\n<ul>\n<li>C\u1eeda k\u00ednh 4 l\u1edbp<\/li>\n<li>Kh\u00f3a an to\u00e0n tr\u1ebb em<\/li>\n<li>T\u1ef1 \u0111\u1ed9ng t\u1eaft khi kh\u00f4ng s\u1eed d\u1ee5ng<\/li>\n<li>N\u00fat nh\u1ea5n Start\/Stop;<\/li>\n<li>T\u1ef1 ng\u1eaft l\u00f2 khi c\u1eeda m\u1edf<\/li>\n<li>Nhi\u1ec7t \u0111\u1ed9 m\u1eb7t k\u00ednh ngo\u00e0i t\u1ed1i \u0111a 30<sup>o<\/sup>C<\/li>\n<li>\u00c2m b\u00e1o khi qu\u00e1 tr\u00ecnh n\u01b0\u1edbng ho\u00e0n t\u1ea5t<\/li>\n<\/ul>\n<p><strong>Th\u00f4ng tin k\u0129 thu\u1eadt<\/strong><\/p>\n<ul>\n<li>T\u1ed5ng c\u00f4ng su\u1ea5t: 3.65 kW<\/li>\n<li>Hi\u1ec7u \u0111i\u1ec7n th\u1ebf: 220 &#8211; 240 V<\/li>\n<li>T\u1ea7n s\u1ed1: 50\/60 Hz, 16 A<\/li>\n<li>K\u00edch th\u01b0\u1edbc s\u1ea3n ph\u1ea9m: 595C x 595R x 548S mm<\/li>\n<li>K\u00edch th\u01b0\u1edbc h\u1ed9c t\u1ee7: 585 &#8211; 595C x 560 &#8211; 568R x 550S mm<\/li>\n<\/ul>\n<figure id=\"attachment_58928\" aria-describedby=\"caption-attachment-58928\" style=\"width: 800px\" class=\"wp-caption alignnone\"><img loading=\"lazy\" decoding=\"async\" class=\"wp-image-58928 size-large\" src=\"https:\/\/livinghome.vn\/thiet-bi\/wp-content\/uploads\/nha-bep\/bosch-hmh\/lo-nuong\/lo-nuong-bosch-hng6764s1a\/lo-nuong-bosch-hng6764s1a-10-800x800.jpg\" alt=\"L\u00f2 n\u01b0\u1edbng Bosch HNG6764S1A - K\u1ebft h\u1ee3p h\u1ea5p vi s\u00f3ng 67 l\u00edt 60cm\" width=\"800\" height=\"800\" title=\"\"><figcaption id=\"caption-attachment-58928\" class=\"wp-caption-text\">L\u00f2 n\u01b0\u1edbng Bosch HNG6764S1A &#8211; Chi ti\u1ebft l\u1eafp \u0111\u1eb7t<\/figcaption><\/figure>\n","protected":false},"excerpt":{"rendered":"<p>Dung t\u00edch l\u00f2: 67 l\u00edt<\/p>\n<p>14 ph\u01b0\u01a1ng ph\u00e1p gia nhi\u1ec7t<\/p>\n<p>Ch\u01b0\u01a1ng tr\u00ecnh \u0111\u1eb7c bi\u1ec7t: 4D hot-air; Pizza; L\u00e0m n\u00f3ng nhanh; R\u00e3 \u0111\u00f4ng; 4D hot-air Eco; Gi\u1eef \u1ea5m; Ch\u01b0\u01a1ng tr\u00ecnh n\u01b0\u1edbng k\u1ebft h\u1ee3p h\u1ea5p; Ch\u01b0\u01a1ng tr\u00ecnh n\u01b0\u1edbng k\u1ebft h\u1ee3p vi s\u00f3ng<\/p>\n<p>Ch\u1ee9c n\u0103ng h\u1ea5p \u0111\u01b0\u1ee3c t\u00edch h\u1ee3p v\u1edbi khay n\u01b0\u1edbc dung t\u00edch 1 l\u00edt<\/p>\n<p>\u0110i\u1ec1u khi\u1ec3n c\u1ea3m \u1ee9ng tr\u00ean m\u00e0n h\u00ecnh TFT k\u1ebft h\u1ee3p v\u1edbi v\u00f2ng xoay \u0111\u1ed9c \u0111\u00e1o<\/p>\n<p>M\u00e0n h\u00ecnh TFT hi\u1ec3n th\u1ecb tr\u1ef1c quan th\u1eddi gian, nhi\u1ec7t \u0111\u1ed9 v\u00e0 ch\u01b0\u01a1ng tr\u00ecnh n\u01b0\u1edbng \u0111ang v\u1eadn h\u00e0nh<\/p>\n<p>Ch\u1ee9c n\u0103ng v\u1ec7 sinh b\u1eb1ng ph\u01b0\u01a1ng ph\u00e1p nhi\u1ec7t ph\u00e2n<\/p>\n<p>\u0110\u00e8n LED chi\u1ebfu s\u00e1ng b\u00ean trong l\u00f2, s\u00e1ng khi c\u1eeda m\u1edf<\/p>\n<p>&nbsp;<\/p>\n","protected":false},"featured_media":4992,"comment_status":"open","ping_status":"closed","template":"","meta":[],"product_brand":[],"product_cat":[95,472],"product_tag":[473,96,504,505],"class_list":{"0":"post-4905","1":"product","2":"type-product","3":"status-publish","4":"has-post-thumbnail","6":"product_cat-lo-nuong","7":"product_cat-thuong-hieu-bosch","8":"product_tag-bosch","9":"product_tag-lo-nuong","10":"product_tag-lo-nuong-bosch","11":"product_tag-lo-nuong-ket-hop-hap-vi-song","13":"first","14":"instock","15":"sale","16":"shipping-taxable","17":"purchasable","18":"product-type-simple"},"_links":{"self":[{"href":"https:\/\/livinghome.vn\/thiet-bi\/wp-json\/wp\/v2\/product\/4905","targetHints":{"allow":["GET"]}}],"collection":[{"href":"https:\/\/livinghome.vn\/thiet-bi\/wp-json\/wp\/v2\/product"}],"about":[{"href":"https:\/\/livinghome.vn\/thiet-bi\/wp-json\/wp\/v2\/types\/product"}],"replies":[{"embeddable":true,"href":"https:\/\/livinghome.vn\/thiet-bi\/wp-json\/wp\/v2\/comments?post=4905"}],"wp:featuredmedia":[{"embeddable":true,"href":"https:\/\/livinghome.vn\/thiet-bi\/wp-json\/wp\/v2\/media\/4992"}],"wp:attachment":[{"href":"https:\/\/livinghome.vn\/thiet-bi\/wp-json\/wp\/v2\/media?parent=4905"}],"wp:term":[{"taxonomy":"product_brand","embeddable":true,"href":"https:\/\/livinghome.vn\/thiet-bi\/wp-json\/wp\/v2\/product_brand?post=4905"},{"taxonomy":"product_cat","embeddable":true,"href":"https:\/\/livinghome.vn\/thiet-bi\/wp-json\/wp\/v2\/product_cat?post=4905"},{"taxonomy":"product_tag","embeddable":true,"href":"https:\/\/livinghome.vn\/thiet-bi\/wp-json\/wp\/v2\/product_tag?post=4905"}],"curies":[{"name":"wp","href":"https:\/\/api.w.org\/{rel}","templated":true}]}}