{"id":462,"date":"2023-01-12T10:19:42","date_gmt":"2023-01-12T10:19:42","guid":{"rendered":"https:\/\/livinghome.vn\/thiet-bi\/?post_type=product&#038;p=462"},"modified":"2024-11-29T14:21:02","modified_gmt":"2024-11-29T07:21:02","slug":"bep-dien-tu-eurosun-eu-te509max-2-vung-nau-nhap-khau-tu-malaysia","status":"publish","type":"product","link":"https:\/\/livinghome.vn\/thiet-bi\/bep-dien-tu-eurosun-eu-te509max-2-vung-nau-nhap-khau-tu-malaysia\/","title":{"rendered":"B\u1ebfp \u0111i\u1ec7n t\u1eeb Eurosun EU-TE509Max 2 v\u00f9ng n\u1ea5u nh\u1eadp kh\u1ea9u t\u1eeb Malaysia"},"content":{"rendered":"<h2>B\u1ebfp \u0111i\u1ec7n t\u1eeb Eurosun EU-TE509Max 2 v\u00f9ng n\u1ea5u nh\u1eadp kh\u1ea9u t\u1eeb Malaysia ph\u00f9 h\u1ee3p v\u1edbi m\u1ecdi nh\u00e0 v\u1edbi c\u00e1c t\u00ednh n\u0103ng v\u01b0\u1ee3t tr\u1ed9i<\/h2>\n<figure id=\"attachment_44026\" aria-describedby=\"caption-attachment-44026\" style=\"width: 800px\" class=\"wp-caption alignnone\"><img loading=\"lazy\" decoding=\"async\" class=\"wp-image-44026 size-large\" src=\"https:\/\/livinghome.vn\/thiet-bi\/wp-content\/uploads\/nha-bep\/eurosun\/bep-dien-tu\/bep-dien-tu-eurosun-eu-te509max\/bep-dien-tu-eurosun-eu-te509max-1-800x800.jpg\" alt=\"B\u1ebfp \u0111i\u1ec7n t\u1eeb Eurosun EU-TE509Max 2 v\u00f9ng n\u1ea5u nh\u1eadp kh\u1ea9u t\u1eeb Malaysia\" width=\"800\" height=\"800\" title=\"\"><figcaption id=\"caption-attachment-44026\" class=\"wp-caption-text\">B\u1ebfp \u0111i\u1ec7n t\u1eeb Eurosun EU-TE509Max 2 v\u00f9ng n\u1ea5u nh\u1eadp kh\u1ea9u t\u1eeb Malaysia<\/figcaption><\/figure>\n<h3><strong><span class=\"fontstyle0\">\u0110\u1eb7c t\u00ednh s\u1ea3n ph\u1ea9m<\/span> <\/strong><\/h3>\n<ul>\n<li><span class=\"fontstyle0\">L\u00f2 tr\u00e1i <a href=\"https:\/\/livinghome.vn\/thiet-bi\/bep-tu\/\">c\u1ea3m \u1ee9ng t\u1eeb<\/a><br \/>\n<\/span><\/li>\n<li><span class=\"fontstyle0\">L\u00f2 ph\u1ea3i B\u1ebfp h\u1ed3ng ngo\u1ea1i, 2 v\u00f2ng nhi\u1ec7t ti\u1ec7n d\u1ee5ng<br \/>\n<\/span><\/li>\n<li><span class=\"fontstyle0\">M\u1eb7t k\u00ednh <\/span><span class=\"fontstyle2\">EURO Platinum <\/span><span class=\"fontstyle0\">v\u00e1t 4 c\u1ea1nh<br \/>\n<\/span><\/li>\n<li><span class=\"fontstyle0\">C\u00f4ng ngh\u1ec7 bi\u1ebfn t\u1ea7n <\/span><span class=\"fontstyle2\">Bridge INVERTER <\/span><span class=\"fontstyle0\">th\u00f4ng minh v\u01b0\u1ee3t tr\u1ed9i \u0111un <\/span><span class=\"fontstyle0\">n\u1ea5u v\u00e0 gi\u1eef nhi\u1ec7t li\u00ean t\u1ee5c \u1edf m\u1ee9c th\u1ea5p nh\u1ea5t kh\u00f4ng t\u1eaft m\u1edf. Ti\u1ebft ki\u1ec7m <\/span><span class=\"fontstyle0\">l\u00ean t\u1edbi 30% \u0111i\u1ec7n n\u0103ng.<br \/>\n<\/span><\/li>\n<li><span class=\"fontstyle0\">Ch\u1ee9c n\u0103ng &#8221; <\/span><span class=\"fontstyle2\">Booster<\/span><span class=\"fontstyle0\">&#8221; 2 v\u00f9ng n\u1ea5u ri\u00eang bi\u1ec7t Max 2800W<\/span><\/li>\n<li>\u0110i\u1ec1u khi\u1ec3n <span class=\"fontstyle2\" style=\"font-size: 14.4px;\">c\u1ea3m \u1ee9ng 12 m\u1ee9c c\u00f4ng su\u1ea5t<\/span><\/li>\n<li><span class=\"fontstyle0\">T\u1ed1c \u0111\u1ed9 t\u0103ng nhi\u1ec7t nhanh g\u1ea5p 2 l\u1ea7n so v\u1edbi b\u1ebfp truy\u1ec1n th\u1ed1ng.<br \/>\n<\/span><\/li>\n<li><span class=\"fontstyle0\">N\u1ea5u th\u1ee9c \u0103n v\u1edbi \u0111\u1ed9 ch\u00ednh x\u00e1c cao ph\u1ea3n \u1ee9ng t\u1ee9c th\u00ec v\u1edbi m\u1ee9c nhi\u1ec7t mong mu\u1ed1n<br \/>\n<\/span><\/li>\n<li><span class=\"fontstyle0\">T\u1ef1 \u0111\u1ed9ng ph\u00e1t hi\u1ec7n v\u00f9ng n\u1ea5u v\u00e0 v\u00f9ng n\u1ea5u ch\u1ec9 n\u00f3ng l\u00ean khi c\u00f3 n\u1ed3i.<br \/>\n<\/span><\/li>\n<li><span class=\"fontstyle0\">Ch\u1ee9c n\u0103ng <\/span><span class=\"fontstyle2\">h\u00e2m n\u00f3ng Warm <\/span><span class=\"fontstyle0\">\u1edf nhi\u1ec7t \u0111\u1ed9 m\u1ee9c 4<\/span><span class=\"fontstyle2\">5\u00baC, 65\u00baC, 85\u00baC<br \/>\n<\/span><\/li>\n<li><span class=\"fontstyle0\">Ch\u1ee9c n\u0103ng <\/span><span class=\"fontstyle2\">chi\u00ean r\u00e1n Frying <\/span><span class=\"fontstyle0\">v\u1edbi nhi\u1ec1u m\u1ee9c nhi\u1ec7t \u0111\u1ed9<\/span><\/li>\n<\/ul>\n<h3><strong style=\"font-size: 20.16px;\"><span class=\"fontstyle0\">Ch\u1ee9c n\u0103ng an to\u00e0n<\/span><\/strong><\/h3>\n<ul>\n<li><span class=\"fontstyle0\">Ch\u1ee9c n\u0103ng <\/span><span class=\"fontstyle2\">t\u1ea1m d\u1eebng \u201cStop go\u201d<br \/>\n<\/span><\/li>\n<li><span class=\"fontstyle0\">Ch\u1ee9c n\u0103ng <\/span><span class=\"fontstyle2\">ch\u1ed1ng tr\u00e0o n\u01b0\u1edbc Water overflow<br \/>\n<\/span><\/li>\n<li><span class=\"fontstyle0\">Ch\u1ee9c n\u0103ng t\u1eaft t\u1ef1 \u0111\u1ed9ng t\u1eaft b\u1ebfp khi kh\u00f4ng c\u00f3 n\u1ed3i<br \/>\n<\/span><\/li>\n<li><span class=\"fontstyle0\">Kh\u00f3a tr\u1ebb em <\/span><span class=\"fontstyle3\">Child lock<br \/>\n<\/span><\/li>\n<li><span class=\"fontstyle0\">H\u1eb9n gi\u1edd gi\u1edbi h\u1ea1n th\u1eddi gian ho\u1ea1t \u0111\u1ed9ng.<br \/>\n<\/span><\/li>\n<li><span class=\"fontstyle0\">B\u1ea3o v\u1ec7 qu\u00e1 nhi\u1ec7t (c\u1ea3m bi\u1ebfn nhi\u1ec7t \u0111\u1ed9 t\u00edch h\u1ee3p trong t\u1eebng v\u00f9ng n\u1ea5u)<br \/>\n<\/span><\/li>\n<li><span class=\"fontstyle0\">Ch\u1ec9 b\u00e1o nhi\u1ec7t d\u01b0: <\/span><span class=\"fontstyle2\">&#8220;H&#8221; <\/span><span class=\"fontstyle0\">\u0111\u01b0\u1ee3c hi\u1ec3n th\u1ecb cho m\u1ed7i v\u00f9ng n\u1ea5u c\u00f2n n\u00f3ng<br \/>\n<\/span><\/li>\n<li><span class=\"fontstyle0\">T\u00ednh n\u0103ng chia s\u1ebb c\u00f4ng su\u1ea5t c\u1ee7a 2 v\u00f9ng n\u1ea5u t\u1ed1i \u0111a 3600W<\/span><\/li>\n<\/ul>\n<h3>\u00a0<strong><span class=\"fontstyle0\">Th\u00f4ng tin k\u1ef9 thu\u1eadt<\/span><\/strong><\/h3>\n<ul>\n<li><span class=\"fontstyle0\">\u0110i\u1ec7n \u00e1p: 220V \/ 50Hz<br \/>\n<\/span><\/li>\n<li><span class=\"fontstyle0\">C\u00f4ng su\u1ea5t l\u00f2 tr\u00e1i: 2200W &#8211; Booster 2800W<br \/>\n<\/span><\/li>\n<li><span class=\"fontstyle0\">C\u00f4ng su\u1ea5t l\u00f2 ph\u1ea3i: 2200\/1000W<br \/>\n<\/span><\/li>\n<li><span class=\"fontstyle0\">K\u00edch th\u01b0\u1edbc s\u1ea3n ph\u1ea9m: 730R x 430S x 60C mm<br \/>\n<\/span><\/li>\n<li><span class=\"fontstyle0\">K\u00edch th\u01b0\u1edbc kho\u00e9t \u0111\u00e1: 700R x 412S mm<\/span><\/li>\n<\/ul>\n","protected":false},"excerpt":{"rendered":"<p>B\u1ebfp \u0111i\u1ec7n t\u1eeb Eurosun EU-TE509Max 2 v\u00f9ng n\u1ea5u nh\u1eadp kh\u1ea9u t\u1eeb Malaysia ph\u00f9 h\u1ee3p v\u1edbi m\u1ecdi nh\u00e0 v\u1edbi c\u00e1c t\u00ednh n\u0103ng v\u01b0\u1ee3t tr\u1ed9i \u0110\u1eb7c t\u00ednh s\u1ea3n ph\u1ea9m L\u00f2 tr\u00e1i c\u1ea3m \u1ee9ng t\u1eeb L\u00f2 ph\u1ea3i B\u1ebfp h\u1ed3ng ngo\u1ea1i, 2 v\u00f2ng nhi\u1ec7t ti\u1ec7n d\u1ee5ng M\u1eb7t k\u00ednh EURO Platinum v\u00e1t 4 c\u1ea1nh C\u00f4ng ngh\u1ec7 bi\u1ebfn t\u1ea7n Bridge INVERTER [&#8230;]\n","protected":false},"featured_media":568,"comment_status":"open","ping_status":"closed","template":"","meta":[],"product_brand":[],"product_cat":[745,793,813,796,715,799,80,801,807,741,106],"product_tag":[81,113,115,114,108],"class_list":{"0":"post-462","1":"product","2":"type-product","3":"status-publish","4":"has-post-thumbnail","6":"product_cat-bep-dien-tu","7":"product_cat-bep-1-dien-1-tu","8":"product_cat-bep-dien-tu-chung-cu","9":"product_cat-bep-dien-tu-doi","10":"product_cat-bep-dien-tu-eurosun","11":"product_cat-bep-dien-tu-hinh-chu-nhat","12":"product_cat-bep-dien-tu-ket-hop","13":"product_cat-bep-dien-tu-khong-ken-noi","14":"product_cat-bep-dien-tu-tiet-kiem-dien","15":"product_cat-bep-hong-ngoai","16":"product_cat-thuong-hieu-eurosun","17":"product_tag-bep-dien-tu","18":"product_tag-bep-dien-tu-2-vung-nau","19":"product_tag-bep-dien-tu-am","20":"product_tag-bep-dien-tu-eurosun","21":"product_tag-eurosun","23":"first","24":"instock","25":"sale","26":"shipping-taxable","27":"purchasable","28":"product-type-simple"},"_links":{"self":[{"href":"https:\/\/livinghome.vn\/thiet-bi\/wp-json\/wp\/v2\/product\/462","targetHints":{"allow":["GET"]}}],"collection":[{"href":"https:\/\/livinghome.vn\/thiet-bi\/wp-json\/wp\/v2\/product"}],"about":[{"href":"https:\/\/livinghome.vn\/thiet-bi\/wp-json\/wp\/v2\/types\/product"}],"replies":[{"embeddable":true,"href":"https:\/\/livinghome.vn\/thiet-bi\/wp-json\/wp\/v2\/comments?post=462"}],"wp:featuredmedia":[{"embeddable":true,"href":"https:\/\/livinghome.vn\/thiet-bi\/wp-json\/wp\/v2\/media\/568"}],"wp:attachment":[{"href":"https:\/\/livinghome.vn\/thiet-bi\/wp-json\/wp\/v2\/media?parent=462"}],"wp:term":[{"taxonomy":"product_brand","embeddable":true,"href":"https:\/\/livinghome.vn\/thiet-bi\/wp-json\/wp\/v2\/product_brand?post=462"},{"taxonomy":"product_cat","embeddable":true,"href":"https:\/\/livinghome.vn\/thiet-bi\/wp-json\/wp\/v2\/product_cat?post=462"},{"taxonomy":"product_tag","embeddable":true,"href":"https:\/\/livinghome.vn\/thiet-bi\/wp-json\/wp\/v2\/product_tag?post=462"}],"curies":[{"name":"wp","href":"https:\/\/api.w.org\/{rel}","templated":true}]}}