{"id":4548,"date":"2023-01-12T19:09:03","date_gmt":"2023-01-12T19:09:03","guid":{"rendered":"https:\/\/livinghome.vn\/thiet-bi\/?post_type=product&#038;p=4548"},"modified":"2024-11-29T14:19:52","modified_gmt":"2024-11-29T07:19:52","slug":"may-hut-mui-bosch-ddd97bm60b-am-ban-62db-90cm","status":"publish","type":"product","link":"https:\/\/livinghome.vn\/thiet-bi\/may-hut-mui-bosch-ddd97bm60b-am-ban-62db-90cm\/","title":{"rendered":"M\u00e1y h\u00fat m\u00f9i Bosch DDD97BM60B &#8211; \u00c2m b\u00e0n 62dB 90cm"},"content":{"rendered":"<h1>Living Home xin tr\u00e2n tr\u1ecdng gi\u1edbi thi\u1ec7u \u0111\u1ebfn b\u1ea1n M\u00e1y h\u00fat m\u00f9i Bosch DDD97BM60B v\u1edbi nh\u1eefng t\u00ednh n\u0103ng v\u00f4 c\u00f9ng h\u1ea5p d\u1eabn nh\u01b0 sau<\/h1>\n<h3>\u0110\u1eb7c t\u00ednh s\u1ea3n ph\u1ea9m<\/h3>\n<ul>\n<li><span class=\"fontstyle2\">Thi\u1ebft k\u1ebf \u00e2m b\u00e0n<br \/>\n<\/span><\/li>\n<li><span class=\"fontstyle2\">M\u1eb7t k\u00ednh m\u00e0u \u0111en<br \/>\n<\/span><\/li>\n<li><span class=\"fontstyle0\">C\u00f4ng su\u1ea5t h\u00fat t\u1ed1i \u0111a theo ti\u00eau chu\u1ea9n ch\u00e2u \u00c2u DIN\/EN 61591: 750 m\u00b3\/h<br \/>\n<\/span><\/li>\n<li><span class=\"fontstyle0\">3 m\u1ee9c c\u00f4ng su\u1ea5t h\u00fat v\u00e0 2 m\u1ee9c t\u0103ng c\u01b0\u1eddng<br \/>\n<\/span><\/li>\n<li><span class=\"fontstyle0\">\u0110\u1ed9 \u1ed3n 62dB<\/span><\/li>\n<li><span class=\"fontstyle2\">\u0110i\u1ec1u khi\u1ec3n c\u1ea3m \u1ee9ng<br \/>\n<\/span><\/li>\n<li><span class=\"fontstyle0\">H\u1ec7 th\u1ed1ng chi\u1ebfu s\u00e1ng b\u1eb1ng d\u1ea3i \u0111\u00e8n LED ti\u1ebft ki\u1ec7m \u0111i\u1ec7n n\u0103ng t\u1ed1i \u0111a v\u00e0 cung c\u1ea5p \u00e1nh s\u00e1ng hi\u1ec7u qu\u1ea3 h\u01a1n (1&#215;7 W)<br \/>\n<\/span><\/li>\n<li><span class=\"fontstyle0\">Ti\u1ebft ki\u1ec7m n\u0103ng l\u01b0\u1ee3ng theo ti\u00eau chu\u1ea9n Ch\u00e2u \u00c2u: A<br \/>\n<\/span><\/li>\n<li><span class=\"fontstyle0\">Xu\u1ea5t x\u1ee9 \u00dd<\/span><\/li>\n<\/ul>\n<figure id=\"attachment_59001\" aria-describedby=\"caption-attachment-59001\" style=\"width: 1067px\" class=\"wp-caption alignnone\"><img loading=\"lazy\" decoding=\"async\" class=\"wp-image-59001 size-large\" src=\"https:\/\/livinghome.vn\/thiet-bi\/wp-content\/uploads\/nha-bep\/bosch-hmh\/may-hut-mui\/may-hut-mui-bosch-ddd97bm60b\/may-hut-mui-bosch-ddd97bm60b-4-1067x800.jpg\" alt=\"M\u00e1y h\u00fat m\u00f9i Bosch DDD97BM60B - \u00c2m b\u00e0n 62dB 90cm\" width=\"1067\" height=\"800\" title=\"\"><figcaption id=\"caption-attachment-59001\" class=\"wp-caption-text\">M\u00e1y h\u00fat m\u00f9i Bosch DDD97BM60B &#8211; Thi\u1ebft k\u1ebf \u00e2m b\u00e0n \u0111\u1ed9c \u0111\u00e1o<\/figcaption><\/figure>\n<h3>Ch\u1ee9c n\u0103ng an to\u00e0n<\/h3>\n<ul>\n<li>T\u1ea5m l\u01b0\u1edbi l\u1ecdc c\u00f3 th\u1ec3 r\u1eeda b\u1eb1ng m\u00e1y r\u1eeda ch\u00e9n<\/li>\n<li>C\u1ea3m bi\u1ebfn an to\u00e0n khi v\u01b0\u1edbng ngo\u1ea1i v\u1eadt trong qu\u00e1 tr\u00ecnh ho\u1ea1t \u0111\u1ed9ng<\/li>\n<\/ul>\n<h3>Th\u00f4ng s\u1ed1 k\u1ef9 thu\u1eadt<\/h3>\n<ul>\n<li>T\u1ed5ng c\u00f4ng su\u1ea5t: 317W<\/li>\n<li><span class=\"fontstyle0\">\u0110\u1ed9 \u1ed3n 62dB<\/span><\/li>\n<li>Hi\u1ec7u \u0111i\u1ec7n th\u1ebf: 220 &#8211; 240V, T\u1ea7n s\u1ed1 50\/60 Hz, 10A<\/li>\n<li>Chi\u1ec1u d\u00e0i d\u00e2y c\u00e1p: 150 cm, kh\u00f4ng k\u00e8m \u0111\u1ea7u c\u1eafm<\/li>\n<li>K\u00edch th\u01b0\u1edbc s\u1ea3n ph\u1ea9m: 738 &#8211; 1038C x 918R x 268S (mm)<\/li>\n<\/ul>\n","protected":false},"excerpt":{"rendered":"<p>Living Home xin tr\u00e2n tr\u1ecdng gi\u1edbi thi\u1ec7u \u0111\u1ebfn b\u1ea1n M\u00e1y h\u00fat m\u00f9i Bosch DDD97BM60B v\u1edbi nh\u1eefng t\u00ednh n\u0103ng v\u00f4 c\u00f9ng h\u1ea5p d\u1eabn nh\u01b0 sau \u0110\u1eb7c t\u00ednh s\u1ea3n ph\u1ea9m Thi\u1ebft k\u1ebf \u00e2m b\u00e0n M\u1eb7t k\u00ednh m\u00e0u \u0111en C\u00f4ng su\u1ea5t h\u00fat t\u1ed1i \u0111a theo ti\u00eau chu\u1ea9n ch\u00e2u \u00c2u DIN\/EN 61591: 750 m\u00b3\/h 3 m\u1ee9c c\u00f4ng su\u1ea5t h\u00fat [&#8230;]\n","protected":false},"featured_media":4786,"comment_status":"open","ping_status":"closed","template":"","meta":[],"product_brand":[],"product_cat":[499,472],"product_tag":[473,86,280,500],"class_list":{"0":"post-4548","1":"product","2":"type-product","3":"status-publish","4":"has-post-thumbnail","6":"product_cat-may-hut-mui-bosch","7":"product_cat-thuong-hieu-bosch","8":"product_tag-bosch","9":"product_tag-may-hut-mui","10":"product_tag-may-hut-mui-am-ban","11":"product_tag-may-hut-mui-bosch","13":"first","14":"instock","15":"sale","16":"shipping-taxable","17":"purchasable","18":"product-type-simple"},"_links":{"self":[{"href":"https:\/\/livinghome.vn\/thiet-bi\/wp-json\/wp\/v2\/product\/4548","targetHints":{"allow":["GET"]}}],"collection":[{"href":"https:\/\/livinghome.vn\/thiet-bi\/wp-json\/wp\/v2\/product"}],"about":[{"href":"https:\/\/livinghome.vn\/thiet-bi\/wp-json\/wp\/v2\/types\/product"}],"replies":[{"embeddable":true,"href":"https:\/\/livinghome.vn\/thiet-bi\/wp-json\/wp\/v2\/comments?post=4548"}],"wp:featuredmedia":[{"embeddable":true,"href":"https:\/\/livinghome.vn\/thiet-bi\/wp-json\/wp\/v2\/media\/4786"}],"wp:attachment":[{"href":"https:\/\/livinghome.vn\/thiet-bi\/wp-json\/wp\/v2\/media?parent=4548"}],"wp:term":[{"taxonomy":"product_brand","embeddable":true,"href":"https:\/\/livinghome.vn\/thiet-bi\/wp-json\/wp\/v2\/product_brand?post=4548"},{"taxonomy":"product_cat","embeddable":true,"href":"https:\/\/livinghome.vn\/thiet-bi\/wp-json\/wp\/v2\/product_cat?post=4548"},{"taxonomy":"product_tag","embeddable":true,"href":"https:\/\/livinghome.vn\/thiet-bi\/wp-json\/wp\/v2\/product_tag?post=4548"}],"curies":[{"name":"wp","href":"https:\/\/api.w.org\/{rel}","templated":true}]}}