{"id":452,"date":"2023-01-12T10:19:41","date_gmt":"2023-01-12T10:19:41","guid":{"rendered":"https:\/\/livinghome.vn\/thiet-bi\/?post_type=product&#038;p=452"},"modified":"2024-11-29T14:21:03","modified_gmt":"2024-11-29T07:21:03","slug":"bep-tu-eurosun-eu-t892g-2-vung-nau-thiet-ke-sang-trong-dep-mat","status":"publish","type":"product","link":"https:\/\/livinghome.vn\/thiet-bi\/bep-tu-eurosun-eu-t892g-2-vung-nau-thiet-ke-sang-trong-dep-mat\/","title":{"rendered":"B\u1ebfp t\u1eeb Eurosun EU-T892G 2 v\u00f9ng n\u1ea5u thi\u1ebft k\u1ebf sang tr\u1ecdng \u0111\u1eb9p m\u1eaft"},"content":{"rendered":"<h2>B\u1ebfp t\u1eeb Eurosun EU-T892G 2 v\u00f9ng n\u1ea5u thi\u1ebft k\u1ebf sang tr\u1ecdng \u0111\u1eb9p m\u1eaft v\u1edbi nh\u1eefng t\u00ednh n\u0103ng v\u01b0\u1ee3t tr\u1ed9i:<\/h2>\n<figure id=\"attachment_43808\" aria-describedby=\"caption-attachment-43808\" style=\"width: 800px\" class=\"wp-caption alignnone\"><img loading=\"lazy\" decoding=\"async\" class=\"wp-image-43808 size-large\" src=\"https:\/\/livinghome.vn\/thiet-bi\/wp-content\/uploads\/nha-bep\/eurosun\/bep-tu\/bep-tu-eurosun-eu-t892g\/bep-tu-eurosun-eu-t892g-1-800x800.jpg\" alt=\"B\u1ebfp t\u1eeb Eurosun EU-T892G 2 v\u00f9ng n\u1ea5u thi\u1ebft k\u1ebf sang tr\u1ecdng \u0111\u1eb9p m\u1eaft\" width=\"800\" height=\"800\" title=\"\"><figcaption id=\"caption-attachment-43808\" class=\"wp-caption-text\">B\u1ebfp t\u1eeb Eurosun EU-T892G 2 v\u00f9ng n\u1ea5u thi\u1ebft k\u1ebf sang tr\u1ecdng \u0111\u1eb9p m\u1eaft<\/figcaption><\/figure>\n<h3><strong> <span class=\"fontstyle0\">\u0110\u1eb7c t\u00ednh s\u1ea3n ph\u1ea9m<\/span> <\/strong><\/h3>\n<ul>\n<li><span class=\"fontstyle0\">2 v\u00f9ng n\u1ea5u <a href=\"https:\/\/livinghome.vn\/product-category\/nha-bep\/bep-nau\/\">c\u1ea3m \u1ee9ng t\u1eeb<\/a><\/span><\/li>\n<li><span class=\"fontstyle0\">M\u1eb7t k\u00ednh <\/span><span class=\"fontstyle2\">SCHOTT CERAN <\/span><span class=\"fontstyle0\">Made in Germany, v\u00e1t 4 c\u1ea1nh , bo vi\u1ec1n h\u1ee3p kim nh\u00f4m cao c\u1ea5p<br \/>\n<\/span><\/li>\n<li><span class=\"fontstyle0\">C\u00f4ng ngh\u1ec7 bi\u1ebfn t\u1ea7n <\/span><span class=\"fontstyle2\">Bridge INVERTER <\/span><span class=\"fontstyle0\">th\u00f4ng minh. Ti\u1ebft ki\u1ec7m l\u00ean t\u1edbi 35% \u0111i\u1ec7n n\u0103ng<br \/>\n<\/span><\/li>\n<li><span class=\"fontstyle0\">Ch\u1ee9c n\u0103ng &#8220;<\/span><span class=\"fontstyle2\">Booster<\/span><span class=\"fontstyle0\">&#8221; si\u00eau nhanh <\/span><span class=\"fontstyle2\">Max 3000W<br \/>\n<\/span><\/li>\n<li><span class=\"fontstyle0\">T\u00ednh n\u0103ng h\u1eb9n gi\u1edd \u0111\u1ed9c l\u1eadp 9h59m<br \/>\n<\/span><\/li>\n<li><span class=\"fontstyle0\">T\u1ef1 \u0111\u1ed9ng l\u1ef1a ch\u1ecdn v\u00f9ng n\u1ea5u<br \/>\n<\/span><\/li>\n<li><span class=\"fontstyle0\">T\u1ef1 \u0111\u1ed9ng ph\u00e1t hi\u1ec7n v\u00f9ng n\u1ea5u v\u00e0 v\u00f9ng n\u1ea5u ch\u1ec9 n\u00f3ng l\u00ean khi c\u00f3 n\u1ed3i.<br \/>\n<\/span><\/li>\n<li><span class=\"fontstyle0\">Ch\u1ee9c n\u0103ng <\/span><span class=\"fontstyle2\">h\u00e2m n\u00f3ng Warm <\/span><span class=\"fontstyle0\">\u1edf nhi\u1ec7t \u0111\u1ed9 m\u1ee9c <\/span><span class=\"fontstyle2\">65\u00baC<\/span><\/li>\n<\/ul>\n<h3><strong style=\"font-size: 20.16px;\"><span class=\"fontstyle0\">Ch\u1ee9c n\u0103ng an to\u00e0n<\/span><\/strong><\/h3>\n<ul>\n<li><span class=\"fontstyle0\">Ch\u1ee9c n\u0103ng <\/span><span class=\"fontstyle2\">t\u1ea1m d\u1eebng Pause \u201cStop go\u201d<br \/>\n<\/span><\/li>\n<li><span class=\"fontstyle0\">Ch\u1ee9c n\u0103ng <\/span><span class=\"fontstyle2\">ch\u1ed1ng tr\u00e0o n\u01b0\u1edbc Water overflow<br \/>\n<\/span><\/li>\n<li><span class=\"fontstyle0\">Ch\u1ee9c n\u0103ng t\u1eaft t\u1ef1 \u0111\u1ed9ng t\u1eaft b\u1ebfp khi kh\u00f4ng c\u00f3 n\u1ed3i<br \/>\n<\/span><\/li>\n<li><span class=\"fontstyle0\">Kh\u00f3a tr\u1ebb em <\/span><span class=\"fontstyle3\">Child lock<br \/>\n<\/span><\/li>\n<li><span class=\"fontstyle0\">H\u1eb9n gi\u1edd gi\u1edbi h\u1ea1n th\u1eddi gian ho\u1ea1t \u0111\u1ed9ng.<br \/>\n<\/span><\/li>\n<li><span class=\"fontstyle0\">B\u1ea3o v\u1ec7 qu\u00e1 nhi\u1ec7t (c\u1ea3m bi\u1ebfn nhi\u1ec7t \u0111\u1ed9 t\u00edch h\u1ee3p trong t\u1eebng v\u00f9ng n\u1ea5u)<br \/>\n<\/span><\/li>\n<li><span class=\"fontstyle0\">Ch\u1ec9 b\u00e1o nhi\u1ec7t d\u01b0: <\/span><span class=\"fontstyle4\">\u201dH\u201d <\/span><span class=\"fontstyle0\">\u0111\u01b0\u1ee3c hi\u1ec3n th\u1ecb tr\u00ean v\u00f9ng n\u00f3ng.<br \/>\n<\/span><\/li>\n<li><span class=\"fontstyle0\">T\u00ednh n\u0103ng chia s\u1ebb c\u00f4ng su\u1ea5t c\u1ee7a 2 v\u00f9ng n\u1ea5u t\u1ed1i \u0111a 3700W<\/span><\/li>\n<\/ul>\n<h3>\u00a0<strong><span class=\"fontstyle0\">Th\u00f4ng tin k\u1ef9 thu\u1eadt<\/span><\/strong><\/h3>\n<ul>\n<li><span class=\"fontstyle0\">\u0110i\u1ec7n \u00e1p: 220V \/ 50Hz<br \/>\n<\/span><\/li>\n<li><span class=\"fontstyle0\">C\u00f4ng su\u1ea5t l\u00f2 tr\u00e1i: 2300W &#8211; Booster 3000W<br \/>\n<\/span><\/li>\n<li><span class=\"fontstyle0\">C\u00f4ng su\u1ea5t l\u00f2 ph\u1ea3i: 2300W &#8211; Booster 3000W<br \/>\n<\/span><\/li>\n<li><span class=\"fontstyle0\">K\u00edch th\u01b0\u1edbc s\u1ea3n ph\u1ea9m: 760R x 450S x 60C mm<br \/>\n<\/span><\/li>\n<li><span class=\"fontstyle0\">K\u00edch th\u01b0\u1edbc kho\u00e9t \u0111\u00e1: 680R x 380S mm<\/span><\/li>\n<\/ul>\n","protected":false},"excerpt":{"rendered":"<p>B\u1ebfp t\u1eeb Eurosun EU-T892G 2 v\u00f9ng n\u1ea5u thi\u1ebft k\u1ebf sang tr\u1ecdng \u0111\u1eb9p m\u1eaft v\u1edbi nh\u1eefng t\u00ednh n\u0103ng v\u01b0\u1ee3t tr\u1ed9i: \u0110\u1eb7c t\u00ednh s\u1ea3n ph\u1ea9m 2 v\u00f9ng n\u1ea5u c\u1ea3m \u1ee9ng t\u1eeb M\u1eb7t k\u00ednh SCHOTT CERAN Made in Germany, v\u00e1t 4 c\u1ea1nh , bo vi\u1ec1n h\u1ee3p kim nh\u00f4m cao c\u1ea5p C\u00f4ng ngh\u1ec7 bi\u1ebfn t\u1ea7n Bridge INVERTER th\u00f4ng minh. [&#8230;]\n","protected":false},"featured_media":528,"comment_status":"open","ping_status":"closed","template":"","meta":[],"product_brand":[],"product_cat":[745,794,796,809,799,802,807,75,795,714,106],"product_tag":[76,168,739,111,109,108],"class_list":{"0":"post-452","1":"product","2":"type-product","3":"status-publish","4":"has-post-thumbnail","6":"product_cat-bep-dien-tu","7":"product_cat-bep-2-tu","8":"product_cat-bep-dien-tu-doi","9":"product_cat-bep-dien-tu-duc-germany","10":"product_cat-bep-dien-tu-hinh-chu-nhat","11":"product_cat-bep-dien-tu-mat-kinh-schott-ceran","12":"product_cat-bep-dien-tu-tiet-kiem-dien","13":"product_cat-bep-tu","14":"product_cat-bep-tu-doi","15":"product_cat-bep-tu-eurosun","16":"product_cat-thuong-hieu-eurosun","17":"product_tag-bep-tu","18":"product_tag-bep-tu-am","19":"product_tag-bep-tu-am-eurosun","20":"product_tag-bep-tu-doi","21":"product_tag-bep-tu-eurosun","22":"product_tag-eurosun","24":"first","25":"instock","26":"sale","27":"shipping-taxable","28":"purchasable","29":"product-type-simple"},"_links":{"self":[{"href":"https:\/\/livinghome.vn\/thiet-bi\/wp-json\/wp\/v2\/product\/452","targetHints":{"allow":["GET"]}}],"collection":[{"href":"https:\/\/livinghome.vn\/thiet-bi\/wp-json\/wp\/v2\/product"}],"about":[{"href":"https:\/\/livinghome.vn\/thiet-bi\/wp-json\/wp\/v2\/types\/product"}],"replies":[{"embeddable":true,"href":"https:\/\/livinghome.vn\/thiet-bi\/wp-json\/wp\/v2\/comments?post=452"}],"wp:featuredmedia":[{"embeddable":true,"href":"https:\/\/livinghome.vn\/thiet-bi\/wp-json\/wp\/v2\/media\/528"}],"wp:attachment":[{"href":"https:\/\/livinghome.vn\/thiet-bi\/wp-json\/wp\/v2\/media?parent=452"}],"wp:term":[{"taxonomy":"product_brand","embeddable":true,"href":"https:\/\/livinghome.vn\/thiet-bi\/wp-json\/wp\/v2\/product_brand?post=452"},{"taxonomy":"product_cat","embeddable":true,"href":"https:\/\/livinghome.vn\/thiet-bi\/wp-json\/wp\/v2\/product_cat?post=452"},{"taxonomy":"product_tag","embeddable":true,"href":"https:\/\/livinghome.vn\/thiet-bi\/wp-json\/wp\/v2\/product_tag?post=452"}],"curies":[{"name":"wp","href":"https:\/\/api.w.org\/{rel}","templated":true}]}}