{"id":4317,"date":"2023-01-12T18:55:41","date_gmt":"2023-01-12T18:55:41","guid":{"rendered":"https:\/\/livinghome.vn\/thiet-bi\/?post_type=product&#038;p=4317"},"modified":"2024-11-29T14:20:00","modified_gmt":"2024-11-29T07:20:00","slug":"chao-long-sau-arber-ac26smd","status":"publish","type":"product","link":"https:\/\/livinghome.vn\/thiet-bi\/chao-long-sau-arber-ac26smd\/","title":{"rendered":"Ch\u1ea3o l\u00f2ng s\u00e2u Arber AC26SMD"},"content":{"rendered":"<h2>Ch\u1ea3o l\u00f2ng s\u00e2u Arber AC26SMD c\u00f3 g\u00ec n\u1ed5i b\u1eadt<\/h2>\n<p><a href=\"https:\/\/livinghome.vn\/thiet-bi\/gia-dung-khac\/\">Ch\u1ea3o l\u00f2ng s\u00e2u Arber<\/a> AC26SMD l\u00e0 s\u1ea3n ph\u1ea9m m\u1edbi \u0111\u1ebfn t\u1eeb th\u01b0\u01a1ng hi\u1ec7u Arber. S\u1ea3n ph\u1ea9m thi\u1ebft k\u1ebf \u0111\u1eb7c bi\u1ec7t v\u00e0 d\u00f9ng \u0111\u01b0\u1ee3c cho t\u1ea5t c\u1ea3 c\u00e1c b\u1ebfp nh\u01b0 b\u1ebfp t\u1eeb, b\u1ebfp \u0111i\u1ec7n t\u1eeb, h\u1ed3ng ngo\u1ea1i, b\u1ebfp gas\u2026 Thi\u1ebft k\u1ebf ki\u1ec3u d\u00e1ng trang nh\u00e3, hi\u1ec7n \u0111\u1ea1i, ph\u1ee7 ch\u1ed1ng d\u00ednh cao c\u1ea5p, t\u0103ng kh\u1ea3 n\u0103ng ch\u1ed1ng d\u00ednh v\u00e0 ch\u1ecbu m\u00e0i m\u00f2n cao, an to\u00e0n cho s\u1ee9c kh\u1ecfe ng\u01b0\u1eddi s\u1eed d\u1ee5ng. S\u1ea3n ph\u1ea9m s\u1ebd gi\u00fap b\u1ea1n ch\u1ebf bi\u1ebfn nhi\u1ec1u m\u00f3n \u0103n ngon cho c\u1ea3 nh\u00e0, r\u1ea5t ti\u1ec7n l\u1ee3i v\u00e0 d\u1ec5 d\u00e0ng v\u1ec7 sinh.<\/p>\n<p>V\u1edbi \u0111\u01b0\u1eddng k\u00ednh 30cm v\u1eeba \u0111\u1ee7, c\u00f9ng v\u1edbi l\u00f2ng ch\u1ea3o s\u00e2u gi\u00fap b\u1ea1n l\u00e0m \u0111\u01b0\u1ee3c nhi\u1ec1u m\u00f3n \u0103n ngon nh\u01b0 c\u00e1c m\u00f3n c\u00e1 r\u00e1n, th\u1ecbt chi\u00ean th\u01a1m ngon gi\u00f2n r\u1ee5m, m\u00f3n rau x\u00e0o gi\u00f2n v\u00e0 gi\u1eef \u0111\u01b0\u1ee3c m\u00e0u s\u1eafc \u0111\u1eb9p m\u1eaft, \u00a0th\u1eadm ch\u00ed c\u00f3 th\u1ec3 d\u00f9ng \u0111\u1ec3 tr\u00e1ng b\u00e1nh x\u00e8o, h\u1ea5p h\u1ea3i s\u1ea3n\u2026 \u0111\u1ee7 n\u1ea5u cho c\u1ea3 gia \u0111\u00ecnh nh\u1ecf c\u1ee7a b\u1ea1n.<\/p>\n<figure id=\"attachment_4420\" aria-describedby=\"caption-attachment-4420\" style=\"width: 900px\" class=\"wp-caption alignnone\"><img loading=\"lazy\" decoding=\"async\" class=\"size-full wp-image-4420\" src=\"https:\/\/livinghome.vn\/thiet-bi\/wp-content\/uploads\/2023\/01\/hang-gia-dung-arber-ac26smd.jpg\" alt=\"Ch\u1ea3o l\u00f2ng s\u00e2u Arber AC26SMD\" width=\"900\" height=\"900\" title=\"\" srcset=\"https:\/\/livinghome.vn\/thiet-bi\/wp-content\/uploads\/2023\/01\/hang-gia-dung-arber-ac26smd.jpg 900w, https:\/\/livinghome.vn\/thiet-bi\/wp-content\/uploads\/2023\/01\/hang-gia-dung-arber-ac26smd-300x300.jpg 300w, https:\/\/livinghome.vn\/thiet-bi\/wp-content\/uploads\/2023\/01\/hang-gia-dung-arber-ac26smd-100x100.jpg 100w, https:\/\/livinghome.vn\/thiet-bi\/wp-content\/uploads\/2023\/01\/hang-gia-dung-arber-ac26smd-600x600.jpg 600w, https:\/\/livinghome.vn\/thiet-bi\/wp-content\/uploads\/2023\/01\/hang-gia-dung-arber-ac26smd-400x400.jpg 400w, https:\/\/livinghome.vn\/thiet-bi\/wp-content\/uploads\/2023\/01\/hang-gia-dung-arber-ac26smd-800x800.jpg 800w, https:\/\/livinghome.vn\/thiet-bi\/wp-content\/uploads\/2023\/01\/hang-gia-dung-arber-ac26smd-280x280.jpg 280w, https:\/\/livinghome.vn\/thiet-bi\/wp-content\/uploads\/2023\/01\/hang-gia-dung-arber-ac26smd-768x768.jpg 768w\" sizes=\"auto, (max-width: 900px) 100vw, 900px\" \/><figcaption id=\"caption-attachment-4420\" class=\"wp-caption-text\">Ch\u1ea3o l\u00f2ng s\u00e2u Arber AC26SMD<\/figcaption><\/figure>\n<h2>\u0110\u1eb7c \u0111i\u1ec3m n\u1ed5i b\u1eadt c\u1ee7a Ch\u1ea3o l\u00f2ng s\u00e2u Arber AC26SMD<\/h2>\n<p><strong>Ch\u1ea3o ch\u1ed1ng d\u00ednh cao c\u1ea5p<\/strong><\/p>\n<ul>\n<li>Ch\u1ea3o l\u00f2ng s\u00e2u Arber AC26SMD c\u00f3 l\u00f2ng ch\u1ea3o s\u00e2u ti\u1ec7n l\u1ee3i gi\u00fap b\u1ea1n tho\u1ea3i m\u00e1i n\u1ea5u \u0103n v\u1edbi s\u1ed1 l\u01b0\u1ee3ng nhi\u1ec1u m\u00e0 kh\u00f4ng lo th\u1ee9c \u0103n b\u1ecb v\u0103ng ra ngo\u00e0i. B\u1ec1 m\u1eb7t ch\u1ed1ng d\u00ednh Xylan Plus c\u1ee7a C\u00f4ng ty Whitford si\u00eau b\u1ec1n, ch\u1ed1ng d\u00ednh t\u1ed1t, ch\u1ecbu m\u00e0i m\u00f2n cao, kh\u00f4ng g\u00e2y h\u1ea1i cho s\u1ee9c kh\u1ecfe v\u00e0 d\u1ec5 d\u00e0ng ch\u00f9i r\u1eeda sau m\u1ed7i l\u1ea7n s\u1eed d\u1ee5ng.<\/li>\n<\/ul>\n<p><strong>Tay c\u1ea7m ch\u1ed1ng n\u00f3ng ti\u1ec7n d\u1ee5ng<\/strong><\/p>\n<ul>\n<li>Ch\u1ea3o l\u00f2ng s\u00e2u Arber AC26SMD c\u00f3 tay c\u1ea7m b\u1eb1ng inox c\u00f3 kh\u1ea3 n\u0103ng c\u00e1ch nhi\u1ec7t, ch\u00f3ng n\u00f3ng hi\u1ec7u qu\u1ea3 \u0111\u1ed3ng th\u1eddi d\u1ec5 v\u1ec7 sinh, cho ph\u00e9p b\u1ea1n d\u1ec5 d\u00e0ng thao t\u00e1c trong khi n\u1ea5u n\u01b0\u1edbng. Tay c\u1ea7m c\u00f2n c\u00f3 l\u1ed7 treo v\u00f4 c\u00f9ng ti\u1ec7n l\u1ee3i khi b\u1ea3o qu\u1ea3n, c\u00f3 th\u1ec3 treo g\u1ecdn l\u00ean m\u00f3c, m\u00f3c ph\u00f9 h\u1ee3p c\u1ea3 v\u1edbi nh\u1eefng gia \u0111\u00ecnh c\u00f3 c\u0103n b\u1ebfp nh\u1ecf, kh\u00f4ng chi\u1ebfm di\u1ec7n t\u00edch v\u00e0 mang l\u1ea1i s\u1ef1 g\u1ecdn g\u00e0ng tinh t\u1ebf cho kh\u00f4ng gian b\u1ebfp trong nh\u00e0 b\u1ea1n.<\/li>\n<\/ul>\n<p><strong>S\u1eed d\u1ee5ng \u0111\u01b0\u1ee3c tr\u00ean m\u1ecdi lo\u1ea1i b\u1ebfp<\/strong><\/p>\n<ul>\n<li>Ch\u1ea3o l\u00f2ng s\u00e2u Arber AC26SMD \u0111\u01b0\u1ee3c l\u00e0m t\u1eeb ch\u1ea5t li\u1ec7u inox tr\u00e1ng men ch\u1ed1ng d\u00ednh kh\u00f4ng ch\u1ec9 cho \u0111\u1ed9 b\u1ec1n cao m\u00e0 c\u00f2n c\u00f3 th\u1ec3 s\u1eed d\u1ee5ng tr\u00ean nhi\u1ec1u lo\u1ea1i b\u1ebfp nh\u01b0 b\u1ebfp t\u1eeb, b\u1ebfp \u0111i\u1ec7n t\u1eeb, b\u1ebfp h\u1ed3ng ngo\u1ea1i, \u0110i\u1ec1u n\u00e0y v\u00f4 c\u00f9ng ti\u1ec7n l\u1ee3i khi s\u1eed d\u1ee5ng v\u00e0 gi\u00fap b\u1ea1n ti\u1ebft ki\u1ec7m kh\u00e1 nhi\u1ec1u chi ph\u00ed khi kh\u00f4ng c\u1ea7n ph\u1ea3i trang b\u1ecb qu\u00e1 nhi\u1ec1u lo\u1ea1i ch\u1ea3o kh\u00e1c nhau.<\/li>\n<\/ul>\n<p><strong>Thi\u1ebft k\u1ebf trang nh\u00e3 s\u1eed d\u1ee5ng l\u00e2u b\u1ec1n<\/strong><\/p>\n<ul>\n<li>Lu\u00f4n h\u01b0\u1edbng \u0111\u1ebfn nh\u1eefng s\u1ea3n ph\u1ea9m ch\u1ea5t l\u01b0\u1ee3ng cao c\u1ea3 v\u1ec1 ki\u1ec3u d\u00e1ng v\u00e0 \u0111\u1ed9 b\u1ec1n, ch\u1ea3o Arber \u2013 th\u01b0\u01a1ng hi\u1ec7u cao c\u1ea5p ti\u00eau chu\u1ea9n v\u00e0 phong c\u00e1ch Ch\u00e2u \u00c2u s\u1ebd l\u00e0m h\u00e0i l\u00f2ng b\u1ea5t k\u1ef3 ng\u01b0\u1eddi d\u00f9ng n\u00e0o v\u1edbi ki\u1ec3u d\u00e1ng thi\u1ebft k\u1ebf trang nh\u00e3 v\u00e0 ti\u1ec7n d\u1ee5ng. Ngo\u00e0i ra, s\u1ea3n ph\u1ea9m c\u00f3 th\u1ec3 s\u1eed d\u1ee5ng t\u1ed1t trong m\u00f4i tr\u01b0\u1eddng nhi\u1ec7t \u0111\u1ed9 cao v\u00e0 ma s\u00e1t nhi\u1ec1u th\u00edch h\u1ee3p cho c\u00f4ng vi\u1ec7c n\u1ea5u n\u01b0\u1edbng m\u1ed7i ng\u00e0y c\u1ee7a b\u1ea1n.<\/li>\n<\/ul>\n<h3>M\u1ed9t s\u1ed1 ch\u00fa \u00fd khi d\u00f9ng ch\u1ea3o ch\u1ed1ng d\u00ednh<\/h3>\n<ul>\n<li>Ch\u1ea3o m\u1edbi mua v\u1ec1 n\u00ean r\u1eeda s\u1ea1ch b\u1eb1ng n\u01b0\u1edbc r\u1eeda b\u00e1t v\u00e0 lau kh\u00f4.<\/li>\n<li>Kh\u00f4ng d\u00f9ng nhi\u1ec7t \u0111\u1ed9 qu\u00e1 l\u1edbn khi s\u1eed d\u1ee5ng ch\u1ea3o v\u00ec c\u00f3 th\u1ec3 l\u00e0m \u1ea3nh h\u01b0\u1edfng \u0111\u1ebfn ch\u1ea5t l\u01b0\u1ee3ng m\u00f3n \u0103n c\u1ee7a b\u1ea1n<\/li>\n<li>N\u00ean t\u1eadn d\u1ee5ng t\u1ed1i \u0111a b\u1ec1 m\u1eb7t ch\u1ea3o khi r\u00e1n.<\/li>\n<li>V\u1ec7 sinh ch\u1ea3o sau s\u1eed d\u1ee5ng \u0111\u00fang c\u00e1ch, kh\u00f4ng d\u00f9ng c\u1ecd s\u1eaft \u0111\u00e1nh ch\u1ea3o s\u1ebd \u1ea3nh h\u01b0\u1edfng \u0111\u1ebfn l\u1edbp ch\u1ed1ng d\u00ednh.<\/li>\n<li>Ch\u1ec9 n\u00ean d\u00f9ng th\u00eca b\u1eb1ng g\u1ed7 ho\u1eb7c nh\u1ef1a \u0111\u1ec3 c\u1ea1o ho\u1eb7c thao t\u00e1c n\u1eb7ng tr\u00ean m\u1eb7t ch\u1ea3o.<\/li>\n<\/ul>\n<p>Xu\u1ea5t x\u1ee9 : Made in china<\/p>\n","protected":false},"excerpt":{"rendered":"<ul>\n<li>Ch\u1ea3o m\u1edbi mua v\u1ec1 n\u00ean r\u1eeda s\u1ea1ch b\u1eb1ng n\u01b0\u1edbc r\u1eeda b\u00e1t v\u00e0 lau kh\u00f4.<\/li>\n<li>Kh\u00f4ng d\u00f9ng nhi\u1ec7t \u0111\u1ed9 qu\u00e1 l\u1edbn khi s\u1eed d\u1ee5ng ch\u1ea3o v\u00ec c\u00f3 th\u1ec3 l\u00e0m \u1ea3nh h\u01b0\u1edfng \u0111\u1ebfn ch\u1ea5t l\u01b0\u1ee3ng m\u00f3n \u0103n c\u1ee7a b\u1ea1n<\/li>\n<li>N\u00ean t\u1eadn d\u1ee5ng t\u1ed1i \u0111a b\u1ec1 m\u1eb7t ch\u1ea3o khi r\u00e1n.<\/li>\n<li>V\u1ec7 sinh ch\u1ea3o sau s\u1eed d\u1ee5ng \u0111\u00fang c\u00e1ch, kh\u00f4ng d\u00f9ng c\u1ecd s\u1eaft \u0111\u00e1nh ch\u1ea3o s\u1ebd \u1ea3nh h\u01b0\u1edfng \u0111\u1ebfn l\u1edbp ch\u1ed1ng d\u00ednh.<\/li>\n<li>Ch\u1ec9 n\u00ean d\u00f9ng th\u00eca b\u1eb1ng g\u1ed7 ho\u1eb7c nh\u1ef1a \u0111\u1ec3 c\u1ea1o ho\u1eb7c thao t\u00e1c n\u1eb7ng tr\u00ean m\u1eb7t ch\u1ea3o.<\/li>\n<\/ul>\n","protected":false},"featured_media":4420,"comment_status":"open","ping_status":"closed","template":"","meta":[],"product_brand":[],"product_cat":[101,447],"product_tag":[448,467],"class_list":{"0":"post-4317","1":"product","2":"type-product","3":"status-publish","4":"has-post-thumbnail","6":"product_cat-gia-dung-khac","7":"product_cat-thuong-hieu-arber","8":"product_tag-arber","9":"product_tag-chao-arber","11":"first","12":"instock","13":"sale","14":"shipping-taxable","15":"purchasable","16":"product-type-simple"},"_links":{"self":[{"href":"https:\/\/livinghome.vn\/thiet-bi\/wp-json\/wp\/v2\/product\/4317","targetHints":{"allow":["GET"]}}],"collection":[{"href":"https:\/\/livinghome.vn\/thiet-bi\/wp-json\/wp\/v2\/product"}],"about":[{"href":"https:\/\/livinghome.vn\/thiet-bi\/wp-json\/wp\/v2\/types\/product"}],"replies":[{"embeddable":true,"href":"https:\/\/livinghome.vn\/thiet-bi\/wp-json\/wp\/v2\/comments?post=4317"}],"wp:featuredmedia":[{"embeddable":true,"href":"https:\/\/livinghome.vn\/thiet-bi\/wp-json\/wp\/v2\/media\/4420"}],"wp:attachment":[{"href":"https:\/\/livinghome.vn\/thiet-bi\/wp-json\/wp\/v2\/media?parent=4317"}],"wp:term":[{"taxonomy":"product_brand","embeddable":true,"href":"https:\/\/livinghome.vn\/thiet-bi\/wp-json\/wp\/v2\/product_brand?post=4317"},{"taxonomy":"product_cat","embeddable":true,"href":"https:\/\/livinghome.vn\/thiet-bi\/wp-json\/wp\/v2\/product_cat?post=4317"},{"taxonomy":"product_tag","embeddable":true,"href":"https:\/\/livinghome.vn\/thiet-bi\/wp-json\/wp\/v2\/product_tag?post=4317"}],"curies":[{"name":"wp","href":"https:\/\/api.w.org\/{rel}","templated":true}]}}