{"id":4254,"date":"2023-01-12T18:54:27","date_gmt":"2023-01-12T18:54:27","guid":{"rendered":"https:\/\/livinghome.vn\/thiet-bi\/?post_type=product&#038;p=4254"},"modified":"2024-11-29T14:20:02","modified_gmt":"2024-11-29T07:20:02","slug":"lo-nuong-arber-abln57l","status":"publish","type":"product","link":"https:\/\/livinghome.vn\/thiet-bi\/lo-nuong-arber-abln57l\/","title":{"rendered":"L\u00f2 n\u01b0\u1edbng Arber ABLN57L thi\u1ebft k\u1ebf chu\u1ea9n Ch\u00e2u \u00c2u 57L"},"content":{"rendered":"<div>\n<p><span style=\"font-size: 25.92px; color: #333333;\">L\u00f2 n\u01b0\u1edbng Arber ABLN57L g\u1ed3m nh\u1eefng chi ti\u1ebft :<\/span><\/p>\n<\/div>\n<h3>Th\u00f4ng tin s\u1ea3n ph\u1ea9m<\/h3>\n<ul>\n<li>Ph\u00e2n lo\u1ea1i : <a href=\"https:\/\/livinghome.vn\/thiet-bi\/lo-nuong-am\/\">L\u00f2 n\u01b0\u1edbng \u00e2m t\u1ee7<\/a> Arber ABLN57L<\/li>\n<li>L\u00f2 n\u01b0\u1edbng \u00e2m t\u1ee7 s\u1ea3n xu\u1ea5t theo ti\u00eau chu\u1ea9n Ch\u00e2u \u00c2u.<\/li>\n<li>\u0110\u1ea1t ti\u00eau chu\u1ea9n an to\u00e0n cho ng\u01b0\u1eddi d\u00f9ng.<\/li>\n<li>V\u1edbi 9 ch\u1ee9c n\u0103ng n\u01b0\u1edbng ti\u1ec7n d\u00f9ng cho gia \u0111\u00ecnh.<\/li>\n<li>Ch\u1ea5t li\u1ec7u :Inox 304\/ 430, k\u00ednh m\u00e0u \u0111en ch\u1ecbu l\u1ef1c, ch\u1ecbu nhi\u1ec7t.<\/li>\n<li>Dung t\u00edch : 57 L\u00edt<\/li>\n<li>Ngu\u1ed3n \u0111i\u1ec7n : 220 &#8211; 240V<\/li>\n<li>C\u00f4ng su\u1ea5t \u00a0: 2,45 KW<\/li>\n<li>\u0110\u00e8n chi\u1ebfu s\u00e1ng chi\u1ebfu s\u00e1ng b\u00ean trong l\u00f2 khi ho\u1ea1t \u0111\u1ed9ng.<\/li>\n<li>Nhi\u1ec7t \u0111\u1ed9 \u0111i\u1ec1u ch\u1ec9nh l\u00f2 khi n\u01b0\u1edbng ( 50\u00ba C &#8211; 250\u00ba C)<\/li>\n<li>Ch\u01b0\u01a1ng tr\u00ecnh l\u1eadp k\u1ef9 thu\u1eadt s\u1ed1 khi n\u01b0\u1edbng.<\/li>\n<li>\u0110i\u1ec1u khi\u1ec3n : N\u00fam xoay, d\u1ea1ng nh\u1ea5n , c\u1ea3m \u1ee9ng<\/li>\n<li>Hi\u1ec3n th\u1ecb : M\u00e0n h\u00ecnh LCD<\/li>\n<li>Thi\u1ebft k\u1ebf k\u00ednh trong su\u1ed1t, c\u00f3 th\u1ec3 nh\u00ecn r\u00f5 th\u1ee9c \u0103n b\u00ean trong.<\/li>\n<li>Ph\u1ee5 ki\u1ec7n k\u00e8m theo : 1 Khay n\u01b0\u1edbng, 1 gi\u00e1.<\/li>\n<li>K\u00edch th\u01b0\u1edbc b\u1ec1 m\u1eb7t\u00a0( R x C x S) 595x590x555 mm<\/li>\n<li>K\u00edch th\u01b0\u1edbc l\u1eafp \u00e2m\u00a0( R x C x S) 574x540x555 mm<\/li>\n<\/ul>\n","protected":false},"excerpt":{"rendered":"<div class=\"clearfix summary mb-3\">\n<p>L\u00f2 n\u01b0\u1edbng \u00e2m t\u1ee7 s\u1ea3n xu\u1ea5t theo ti\u00eau chu\u1ea9n Ch\u00e2u \u00c2u.<\/p>\n<p>\u0110\u1ea1t ti\u00eau chu\u1ea9n an to\u00e0n cho ng\u01b0\u1eddi d\u00f9ng.<\/p>\n<p>V\u1edbi 9 ch\u1ee9c n\u0103ng n\u01b0\u1edbng ti\u1ec7n d\u00f9ng cho gia \u0111\u00ecnh.<\/p>\n<p>Ch\u1ea5t li\u1ec7u :Inox 304\/ 430, k\u00ednh m\u00e0u \u0111en ch\u1ecbu l\u1ef1c, ch\u1ecbu nhi\u1ec7t.<\/p>\n<p>Dung t\u00edch : 57 L\u00edt<\/p>\n<p>Ngu\u1ed3n \u0111i\u1ec7n : 220 &#8211; 240V<\/p>\n<p>C\u00f4ng su\u1ea5t \u00a0: 2,45 KW<\/p>\n<p>\u0110\u00e8n chi\u1ebfu s\u00e1ng chi\u1ebfu s\u00e1ng b\u00ean trong l\u00f2 khi ho\u1ea1t \u0111\u1ed9ng.<\/p>\n<p>Nhi\u1ec7t \u0111\u1ed9 \u0111i\u1ec1u ch\u1ec9nh l\u00f2 khi n\u01b0\u1edbng ( 50\u00ba C &#8211; 250\u00ba C)<\/p>\n<p>Ch\u01b0\u01a1ng tr\u00ecnh l\u1eadp k\u1ef9 thu\u1eadt s\u1ed1 khi n\u01b0\u1edbng.<\/p>\n<p>\u0110i\u1ec1u khi\u1ec3n : N\u00fam xoay, d\u1ea1ng nh\u1ea5n , c\u1ea3m \u1ee9ng<\/p>\n<p>Hi\u1ec3n th\u1ecb : M\u00e0n h\u00ecnh LCD<\/p>\n<p>Thi\u1ebft k\u1ebf k\u00ednh trong su\u1ed1t, c\u00f3 th\u1ec3 nh\u00ecn r\u00f5 th\u1ee9c \u0103n b\u00ean trong.<\/p>\n<p>Ph\u1ee5 ki\u1ec7n k\u00e8m theo : 1 Khay n\u01b0\u1edbng, 1 gi\u00e1.<\/p>\n<\/div>\n","protected":false},"featured_media":4347,"comment_status":"open","ping_status":"closed","template":"","meta":[],"product_brand":[],"product_cat":[95,447],"product_tag":[448,156,460],"class_list":{"0":"post-4254","1":"product","2":"type-product","3":"status-publish","4":"has-post-thumbnail","6":"product_cat-lo-nuong","7":"product_cat-thuong-hieu-arber","8":"product_tag-arber","9":"product_tag-lo-nuong-am-tu","10":"product_tag-lo-nuong-arber","12":"first","13":"instock","14":"sale","15":"shipping-taxable","16":"purchasable","17":"product-type-simple"},"_links":{"self":[{"href":"https:\/\/livinghome.vn\/thiet-bi\/wp-json\/wp\/v2\/product\/4254","targetHints":{"allow":["GET"]}}],"collection":[{"href":"https:\/\/livinghome.vn\/thiet-bi\/wp-json\/wp\/v2\/product"}],"about":[{"href":"https:\/\/livinghome.vn\/thiet-bi\/wp-json\/wp\/v2\/types\/product"}],"replies":[{"embeddable":true,"href":"https:\/\/livinghome.vn\/thiet-bi\/wp-json\/wp\/v2\/comments?post=4254"}],"wp:featuredmedia":[{"embeddable":true,"href":"https:\/\/livinghome.vn\/thiet-bi\/wp-json\/wp\/v2\/media\/4347"}],"wp:attachment":[{"href":"https:\/\/livinghome.vn\/thiet-bi\/wp-json\/wp\/v2\/media?parent=4254"}],"wp:term":[{"taxonomy":"product_brand","embeddable":true,"href":"https:\/\/livinghome.vn\/thiet-bi\/wp-json\/wp\/v2\/product_brand?post=4254"},{"taxonomy":"product_cat","embeddable":true,"href":"https:\/\/livinghome.vn\/thiet-bi\/wp-json\/wp\/v2\/product_cat?post=4254"},{"taxonomy":"product_tag","embeddable":true,"href":"https:\/\/livinghome.vn\/thiet-bi\/wp-json\/wp\/v2\/product_tag?post=4254"}],"curies":[{"name":"wp","href":"https:\/\/api.w.org\/{rel}","templated":true}]}}