{"id":4114,"date":"2023-01-12T18:51:39","date_gmt":"2023-01-12T18:51:39","guid":{"rendered":"https:\/\/livinghome.vn\/thiet-bi\/?post_type=product&#038;p=4114"},"modified":"2024-11-29T14:20:09","modified_gmt":"2024-11-29T07:20:09","slug":"bep-gas-arber-ab755b-2-vung-nau-sang-trong","status":"publish","type":"product","link":"https:\/\/livinghome.vn\/thiet-bi\/bep-gas-arber-ab755b-2-vung-nau-sang-trong\/","title":{"rendered":"B\u1ebfp gas Arber AB755B 2 v\u00f9ng n\u1ea5u sang tr\u1ecdng"},"content":{"rendered":"<p>&nbsp;<\/p>\n<h2>B\u1ebfp gas Arber AB755B c\u00f3 nh\u1eefng chi ti\u1ebft n\u00e0o n\u1ed5i b\u1eadt<\/h2>\n<h3>T\u00ean s\u1ea3n ph\u1ea9m<\/h3>\n<ul>\n<li>Ph\u00e2n lo\u1ea1i : <a href=\"https:\/\/livinghome.vn\/thiet-bi\/bep-gas-am\/\">B\u1ebfp gas \u00e2m<\/a> Arber AB755B<\/li>\n<li>S\u1ed1 l\u01b0\u1ee3ng : 2 b\u1ebfp<\/li>\n<\/ul>\n<h3>T\u00ednh n\u0103ng<\/h3>\n<ul>\n<li>H\u1ec7 th\u1ed1ng c\u1ea3m \u1ee9ng : T\u1ef1 \u0111\u1ed9ng ng\u1eaft gas an to\u00e0n.<\/li>\n<li>H\u1ec7 th\u1ed1ng \u0111\u00e1nh l\u1eeda IC t\u1ef1 \u0111\u1ed9ng: Pin 1,5V<\/li>\n<li>B\u1ed9 chia l\u1eeda : B\u1eb1ng \u0111\u1ed3ng<\/li>\n<li>S\u1ed1 v\u00f2ng l\u1eeda : 3+3<\/li>\n<li>Ki\u1ec1ng : B\u1eb1ng gang si\u00eau b\u1ec1n<\/li>\n<li>H\u1ecdng : Gang si\u00eau b\u1ec1n<\/li>\n<li>L\u01b0\u1ee3ng ti\u00eau thu gas : Ti\u1ebft ki\u1ec7m gas<\/li>\n<\/ul>\n<h3>Ch\u1ea5t li\u1ec7u<\/h3>\n<ul>\n<li>M\u1eb7t b\u1ebfp : K\u00ednh m\u00e0u \u0111en, c\u00f3 vi\u1ec1n g\u01b0\u01a1ng, ch\u1ecbu l\u1ef1c, ch\u1ecbu nhi\u1ec7t<\/li>\n<li>Khung b\u1ebfp : Th\u00e9p s\u01a1n t\u0129nh \u0111i\u1ec7n kh\u00f4ng g\u1ec9.<\/li>\n<\/ul>\n<h3>Th\u00f4ng s\u1ed1 k\u1ef7 thu\u1eadt<\/h3>\n<ul>\n<li>K\u00edch th\u01b0\u1edbc m\u1eb7t b\u1ebfp : 730 x 430 x 80mm<\/li>\n<li>K\u00edch th\u01b0\u1edbc l\u1eafp \u0111\u1eb7t : 690 x 390mm<\/li>\n<li>Xu\u1ea5t x\u1ee9 : Made in China<\/li>\n<\/ul>\n<figure id=\"attachment_65078\" aria-describedby=\"caption-attachment-65078\" style=\"width: 800px\" class=\"wp-caption aligncenter\"><img loading=\"lazy\" decoding=\"async\" class=\"wp-image-65078 size-large\" src=\"https:\/\/livinghome.vn\/thiet-bi\/wp-content\/uploads\/nha-bep\/arber\/bep-ga\/bep-ga-arber-ab755b\/bep-ga-arber-ab755b-1-800x800.jpg\" alt=\"B\u1ebfp gas Arber AB755B 2 v\u00f9ng n\u1ea5u sang tr\u1ecdng \" width=\"800\" height=\"800\" title=\"\"><figcaption id=\"caption-attachment-65078\" class=\"wp-caption-text\">B\u1ebfp gas Arber AB755B 2 v\u00f9ng n\u1ea5u sang tr\u1ecdng<\/figcaption><\/figure>\n","protected":false},"excerpt":{"rendered":"<p>H\u1ec7 th\u1ed1ng c\u1ea3m \u1ee9ng : T\u1ef1 \u0111\u1ed9ng ng\u1eaft gas an to\u00e0n.<\/p>\n<p>H\u1ec7 th\u1ed1ng \u0111\u00e1nh l\u1eeda IC t\u1ef1 \u0111\u1ed9ng: Pin 1,5V<\/p>\n<p>B\u1ed9 chia l\u1eeda : B\u1eb1ng \u0111\u1ed3ng nguy\u00ean ch\u1ea5t<\/p>\n<p>S\u1ed1 v\u00f2ng l\u1eeda : 3+3<\/p>\n<p>Ki\u1ec1ng : B\u1eb1ng gang ki\u1ec3u c\u00e1ch<\/p>\n<p>H\u1ecdng : Gang si\u00eau b\u1ec1n<\/p>\n<p>L\u01b0\u1ee3ng ti\u00eau thu gas : Ti\u1ebft ki\u1ec7m gas<\/p>\n","protected":false},"featured_media":4204,"comment_status":"open","ping_status":"closed","template":"","meta":[],"product_brand":[],"product_cat":[731,123,447],"product_tag":[448,126,732,458],"class_list":{"0":"post-4114","1":"product","2":"type-product","3":"status-publish","4":"has-post-thumbnail","6":"product_cat-bep-gas-arber","7":"product_cat-bep-gas","8":"product_cat-thuong-hieu-arber","9":"product_tag-arber","10":"product_tag-bep-gas-am","11":"product_tag-bep-gas-am-arber","12":"product_tag-bep-gas-arber","14":"first","15":"instock","16":"sale","17":"shipping-taxable","18":"purchasable","19":"product-type-simple"},"_links":{"self":[{"href":"https:\/\/livinghome.vn\/thiet-bi\/wp-json\/wp\/v2\/product\/4114","targetHints":{"allow":["GET"]}}],"collection":[{"href":"https:\/\/livinghome.vn\/thiet-bi\/wp-json\/wp\/v2\/product"}],"about":[{"href":"https:\/\/livinghome.vn\/thiet-bi\/wp-json\/wp\/v2\/types\/product"}],"replies":[{"embeddable":true,"href":"https:\/\/livinghome.vn\/thiet-bi\/wp-json\/wp\/v2\/comments?post=4114"}],"wp:featuredmedia":[{"embeddable":true,"href":"https:\/\/livinghome.vn\/thiet-bi\/wp-json\/wp\/v2\/media\/4204"}],"wp:attachment":[{"href":"https:\/\/livinghome.vn\/thiet-bi\/wp-json\/wp\/v2\/media?parent=4114"}],"wp:term":[{"taxonomy":"product_brand","embeddable":true,"href":"https:\/\/livinghome.vn\/thiet-bi\/wp-json\/wp\/v2\/product_brand?post=4114"},{"taxonomy":"product_cat","embeddable":true,"href":"https:\/\/livinghome.vn\/thiet-bi\/wp-json\/wp\/v2\/product_cat?post=4114"},{"taxonomy":"product_tag","embeddable":true,"href":"https:\/\/livinghome.vn\/thiet-bi\/wp-json\/wp\/v2\/product_tag?post=4114"}],"curies":[{"name":"wp","href":"https:\/\/api.w.org\/{rel}","templated":true}]}}