{"id":4075,"date":"2023-01-12T18:50:47","date_gmt":"2023-01-12T18:50:47","guid":{"rendered":"https:\/\/livinghome.vn\/thiet-bi\/?post_type=product&#038;p=4075"},"modified":"2024-11-29T14:20:11","modified_gmt":"2024-11-29T07:20:11","slug":"bep-tu-don-arber-ab301-mat-kinh-ceramic-2200w","status":"publish","type":"product","link":"https:\/\/livinghome.vn\/thiet-bi\/bep-tu-don-arber-ab301-mat-kinh-ceramic-2200w\/","title":{"rendered":"B\u1ebfp t\u1eeb \u0111\u01a1n Arber AB301 m\u1eb7t k\u00ednh ceramic 2200W"},"content":{"rendered":"<p>B\u1ebfp t\u1eeb \u0111\u01a1n Arber AB301\u00a0ngo\u00e0i kh\u1ea3 n\u0103ng l\u00e0m n\u00f3ng nhanh, an to\u00e0n tuy\u1ec7t \u0111\u1ed1i, b\u1ebfp c\u00f2n \u0111\u01b0\u1ee3c t\u00edch h\u1ee3p r\u1ea5t nhi\u1ec1u t\u00ednh n\u0103ng th\u00f4ng minh gi\u00fap c\u00f4ng vi\u1ec7c b\u1ebfp n\u00fac tr\u1edf n\u00ean \u0111\u01a1n gi\u1ea3n, d\u1ec5 d\u00e0ng h\u01a1n.<\/p>\n<h2>B\u1ebfp t\u1eeb \u0111\u01a1n Arber AB301 c\u00f3 nh\u1eefng chi ti\u1ebft g\u00ec n\u1ed5i b\u1eadt<\/h2>\n<h3>T\u00ednh n\u0103ng s\u1ea3n ph\u1ea9m<\/h3>\n<ul>\n<li>Ph\u00e2n lo\u1ea1i : <a href=\"https:\/\/livinghome.vn\/thiet-bi\/bep-tu\/\">B\u1ebfp t\u1eeb<\/a> \u0111\u01a1n Arber AB301<\/li>\n<li>M\u1eb7t k\u00ednh ceramic ch\u1ecbu nhi\u1ec7t<\/li>\n<li>M\u00e2m t\u1eeb \u0111\u01b0\u1eddng k\u00ednh 20cm<\/li>\n<li>Ch\u1ee9c n\u0103ng h\u1eb9n gi\u1edd, ch\u1ebf \u0111\u1ed9 x\u00e0o r\u00e1n.<\/li>\n<li>\u0110i\u1ec1u khi\u1ec3n c\u00f4ng su\u1ea5t \/ nhi\u1ec7t \u0111\u1ed9<\/li>\n<li>B\u00e0n ph\u00edm nh\u1ea5n si\u00eau nh\u1ea1y c\u1ea3 khi tay \u01b0\u1edbt<\/li>\n<\/ul>\n<figure id=\"attachment_64727\" aria-describedby=\"caption-attachment-64727\" style=\"width: 800px\" class=\"wp-caption aligncenter\"><img loading=\"lazy\" decoding=\"async\" class=\"size-full wp-image-64727\" src=\"https:\/\/livinghome.vn\/thiet-bi\/wp-content\/uploads\/nha-bep\/arber\/bep-tu\/bep-tu-don-arber-ab301\/bep-tu-don-arber-ab301-1.jpg\" alt=\"B\u1ebfp t\u1eeb \u0111\u01a1n Arber AB301 m\u1eb7t k\u00ednh ceramic 2200W\" width=\"800\" height=\"433\" title=\"\"><figcaption id=\"caption-attachment-64727\" class=\"wp-caption-text\">B\u1ebfp t\u1eeb \u0111\u01a1n Arber AB301 m\u1eb7t k\u00ednh ceramic 2200W<\/figcaption><\/figure>\n<p>B\u1ebfp t\u01b0 \u0111\u01a1n Arber AB301 thi\u1ebft k\u1ebf ki\u1ec3u d\u00e1ng hi\u1ec7n \u0111\u1ea1i, sang tr\u1ecdng, m\u1eb7t k\u00ednh li\u1ec1n nguy\u00ean kh\u1ed1i, m\u00e0u \u0111en \u0111em \u0111\u1ebfn v\u1ebb sang tr\u1ecdng cho kh\u00f4ng gian b\u1ebfp, b\u1ec1 m\u1eb7t ch\u1ed1ng tr\u1ea7y x\u01b0\u1edbc, ch\u1ecbu l\u1ef1c cao b\u1ec1n b\u1ec9 khi s\u1eed d\u1ee5ng, kh\u1ea3 n\u0103ng ch\u1ecbu nhi\u1ec7t l\u00ean \u0111\u1ebfn 1000 \u0111\u1ed9 C. B\u1ebfp \u0111i\u1ec7n t\u1eebn\u00e0y trang b\u1ecb m\u00e2m t\u1eeb \u0111\u01b0\u1eddng k\u00ednh 20cm, \u0111\u01b0\u1eddng k\u00ednh b\u1ebfp r\u1ed9ng c\u00f3 \u0111un n\u1ea5u nhanh ch\u00edn h\u01a1n, \u0111un n\u1ea5u \u0111\u01b0\u1ee3c nhi\u1ec1u n\u1ed3i k\u00edch c\u1ee1 to nh\u1ecf kh\u00e1c nhau.<\/p>\n<h3>T\u00ednh n\u0103ng an to\u00e0n<\/h3>\n<ul>\n<li>Kh\u00f3a an to\u00e0n tr\u1ebb em Child lock<\/li>\n<li>H\u1ec7 th\u1ed1ng b\u1ea3o v\u1ec7 an to\u00e0n qu\u00e1 nhi\u1ec7t, qu\u00e1 \u00e1p<\/li>\n<\/ul>\n<h3>T\u00ednh n\u0103ng m\u1eb7t k\u00ednh<\/h3>\n<ul>\n<li>M\u1eb7t k\u00ednh li\u1ec1n nguy\u00ean kh\u1ed1i, m\u00e0u \u0111en<\/li>\n<li>B\u1ec1 m\u1eb7t ch\u1ed1ng tr\u1ea7y x\u01b0\u1edbc, ch\u1ecbu l\u1ef1c cao<\/li>\n<li>Kh\u1ea3 n\u0103ng ch\u1ecbu nhi\u1ec7t l\u00ean \u0111\u1ebfn 1000<\/li>\n<\/ul>\n<h3><span style=\"font-size: 22.68px;\">Th\u00f4ng s\u1ed1 k\u1ef9 thu\u1eadt<\/span><\/h3>\n<ul>\n<li>\u0110i\u1ec7n \u00e1p 220V \/ 50Hz<\/li>\n<li>C\u00f4ng su\u1ea5t: max 2200W<\/li>\n<li>K\u00edch th\u01b0\u1edbc (d\u00e0i x r\u1ed9ng x cao): 370 x 290 x 55mm<\/li>\n<li>Tr\u1ecdng l\u01b0\u1ee3ng: 2.0 kg<\/li>\n<li>K\u1ebft c\u1ea5u khung v\u1ecf b\u1eb1ng nh\u1ef1a, k\u00ednh<\/li>\n<li>Su\u1ea5t x\u1ee9 : Trung Qu\u1ed1c<\/li>\n<\/ul>\n","protected":false},"excerpt":{"rendered":"<div class=\"clearfix summary mb-3\">\n<p>\u0110i\u1ec7n \u00e1p 220V \/ 50Hz<\/p>\n<p>C\u00f4ng su\u1ea5t: max 2200W<\/p>\n<p>K\u00edch th\u01b0\u1edbc (d\u00e0i x r\u1ed9ng x cao): 370 x 290 x 55mm<\/p>\n<p>Tr\u1ecdng l\u01b0\u1ee3ng: 2.0 kg<\/p>\n<p>K\u1ebft c\u1ea5u khung v\u1ecf b\u1eb1ng nh\u1ef1a, k\u00ednh<\/p>\n<p>TCVN: IEMM.22\/EMC\/0102-SP-01<\/p>\n<p>Th\u1eddi gian b\u1ea3o h\u00e0nh : 12 th\u00e1ng<\/p>\n<\/div>\n","protected":false},"featured_media":4177,"comment_status":"open","ping_status":"closed","template":"","meta":[],"product_brand":[],"product_cat":[745,814,75,710,733,447],"product_tag":[448,76,456,83,457],"class_list":{"0":"post-4075","1":"product","2":"type-product","3":"status-publish","4":"has-post-thumbnail","6":"product_cat-bep-dien-tu","7":"product_cat-bep-dien-tu-nha-tro","8":"product_cat-bep-tu","9":"product_cat-bep-tu-arber","10":"product_cat-bep-tu-don","11":"product_cat-thuong-hieu-arber","12":"product_tag-arber","13":"product_tag-bep-tu","14":"product_tag-bep-tu-arber","15":"product_tag-bep-tu-don","16":"product_tag-bep-tu-don-arber","18":"first","19":"instock","20":"sale","21":"shipping-taxable","22":"purchasable","23":"product-type-simple"},"_links":{"self":[{"href":"https:\/\/livinghome.vn\/thiet-bi\/wp-json\/wp\/v2\/product\/4075","targetHints":{"allow":["GET"]}}],"collection":[{"href":"https:\/\/livinghome.vn\/thiet-bi\/wp-json\/wp\/v2\/product"}],"about":[{"href":"https:\/\/livinghome.vn\/thiet-bi\/wp-json\/wp\/v2\/types\/product"}],"replies":[{"embeddable":true,"href":"https:\/\/livinghome.vn\/thiet-bi\/wp-json\/wp\/v2\/comments?post=4075"}],"wp:featuredmedia":[{"embeddable":true,"href":"https:\/\/livinghome.vn\/thiet-bi\/wp-json\/wp\/v2\/media\/4177"}],"wp:attachment":[{"href":"https:\/\/livinghome.vn\/thiet-bi\/wp-json\/wp\/v2\/media?parent=4075"}],"wp:term":[{"taxonomy":"product_brand","embeddable":true,"href":"https:\/\/livinghome.vn\/thiet-bi\/wp-json\/wp\/v2\/product_brand?post=4075"},{"taxonomy":"product_cat","embeddable":true,"href":"https:\/\/livinghome.vn\/thiet-bi\/wp-json\/wp\/v2\/product_cat?post=4075"},{"taxonomy":"product_tag","embeddable":true,"href":"https:\/\/livinghome.vn\/thiet-bi\/wp-json\/wp\/v2\/product_tag?post=4075"}],"curies":[{"name":"wp","href":"https:\/\/api.w.org\/{rel}","templated":true}]}}