{"id":4074,"date":"2023-01-12T18:50:47","date_gmt":"2023-01-12T18:50:47","guid":{"rendered":"https:\/\/livinghome.vn\/thiet-bi\/?post_type=product&#038;p=4074"},"modified":"2024-11-29T14:20:11","modified_gmt":"2024-11-29T07:20:11","slug":"bep-tu-don-arber-ab300-2200w","status":"publish","type":"product","link":"https:\/\/livinghome.vn\/thiet-bi\/bep-tu-don-arber-ab300-2200w\/","title":{"rendered":"B\u1ebfp t\u1eeb \u0111\u01a1n Arber AB300 2200W"},"content":{"rendered":"<p>B\u1ebfp t\u1eeb \u0111\u01a1n Arber AB300\u00a0thi\u1ebft k\u1ebf ki\u1ec3u d\u00e1ng hi\u1ec7n \u0111\u1ea1i, nh\u1ecf g\u1ecdn, ti\u1ec7n d\u1ee5ng v\u1edbi 1 v\u00f9ng n\u1ea5u ph\u00f9 h\u1ee3p v\u1edbi gia \u0111\u00ecnh \u00edt th\u00e0nh vi\u00ean hay d\u00f9ng \u0111\u1ec3 n\u1ea5u l\u1ea9u. B\u1ebfp \u0111\u01b0\u1ee3c c\u1ea5u t\u1ea1o t\u1eeb c\u00e1c ch\u1ea5t li\u1ec7u cao c\u1ea5p v\u1edbi m\u1eb7t b\u1ebfp s\u1eed d\u1ee5ng k\u00ednh ceramic li\u1ec1n nguy\u00ean kh\u1ed1i ch\u1ecbu nhi\u1ec7t, ch\u1ecbu l\u1ef1c cao tr\u00e1nh t\u00ecnh tr\u1ea1ng n\u1ee9t v\u1ee1 khi \u0111ang n\u1ea5u n\u01b0\u1edbng.\u00a0B\u1ebfp \u0111i\u1ec7n t\u1eeb\u00a0n\u00e0y v\u1edbi khung b\u1ebfp b\u1eb1ng nh\u1ef1a ch\u1ecbu nhi\u1ec7t v\u1edbi 4 ch\u00e2n \u0111\u1ebf ch\u1eafc ch\u1eafn ch\u1ed1ng tr\u01a1n tr\u01b0\u1ee3t \u0111\u1ea3m b\u1ea3o an to\u00e0n khi n\u1ea5u n\u01b0\u1edbng.<\/p>\n<h2>B\u1ebfp t\u1eeb Arber AB300 c\u00f3 nh\u1eefng chi ti\u1ebft g\u00ec n\u1ed5i b\u1eadt<\/h2>\n<h3>T\u00ednh n\u0103ng s\u1ea3n ph\u1ea9m<\/h3>\n<ul>\n<li>Ph\u00e2n lo\u1ea1i : <a href=\"https:\/\/livinghome.vn\/thiet-bi\/bep-tu\/\">B\u1ebfp t\u1eeb<\/a> Arber AB300<\/li>\n<li>M\u1eb7t k\u00ednh ceramic ch\u1ecbu nhi\u1ec7t<\/li>\n<li>M\u00e2m t\u1eeb \u0111\u01b0\u1eddng k\u00ednh 20cm<\/li>\n<li>Ch\u1ee9c n\u0103ng h\u1eb9n gi\u1edd, ch\u1ebf \u0111\u1ed9 x\u00e0o r\u00e1n.<\/li>\n<li>\u0110i\u1ec1u khi\u1ec3n c\u00f4ng su\u1ea5t \/ nhi\u1ec7t \u0111\u1ed9<\/li>\n<li>B\u00e0n ph\u00edm nh\u1ea5n si\u00eau nh\u1ea1y c\u1ea3 khi tay \u01b0\u1edbt<\/li>\n<\/ul>\n<p>B\u1ebfp t\u1eeb \u0111\u01a1n Arber\u00a0AB300 trang b\u1ecb b\u1ea3ng \u0111i\u1ec1u khi\u1ec3n n\u00fat nh\u1ea5n c\u01a1 d\u1ec5 d\u00e0ng thao t\u00e1c s\u1eed d\u1ee5ng k\u1ebft h\u1ee3p v\u1edbi m\u00e0n h\u00ecnh LED hi\u1ec3n th\u1ecb m\u1ee9c c\u00f4ng su\u1ea5t gi\u00fap b\u1ea1n d\u1ec5 d\u00e0ng theo d\u00f5i \u0111\u01b0\u1ee3c m\u1ee9c c\u00f4ng su\u1ea5t \u0111\u1ec3 \u0111i\u1ec1u ch\u1ec9nh theo nhu c\u1ea7u m\u00f3n \u0103n ph\u00f9 h\u1ee3p.<\/p>\n<figure id=\"attachment_65044\" aria-describedby=\"caption-attachment-65044\" style=\"width: 745px\" class=\"wp-caption aligncenter\"><img loading=\"lazy\" decoding=\"async\" class=\"size-full wp-image-65044\" src=\"https:\/\/livinghome.vn\/thiet-bi\/wp-content\/uploads\/nha-bep\/arber\/bep-tu\/bep-tu-don-arber-ab300\/bep-tu-don-arber-ab300-1.png\" alt=\"B\u1ebfp t\u1eeb \u0111\u01a1n Arber AB300 2200W \" width=\"745\" height=\"465\" title=\"\"><figcaption id=\"caption-attachment-65044\" class=\"wp-caption-text\">B\u1ebfp t\u1eeb \u0111\u01a1n Arber AB300 2200W<\/figcaption><\/figure>\n<p>B\u1ebfp \u0111i\u1ec7n t\u1eeb \u0111\u01a1n\u00a0n\u00e0y c\u00f3 m\u00e2m t\u1eeb \u0111\u01b0\u1eddng k\u00ednh l\u1edbn 20cm v\u1edbi ho\u1ea1t \u0111\u1ed9ng m\u1ee9c c\u00f4ng su\u1ea5t 2200W gi\u00fap th\u1ee9c \u0103n mau ch\u00edn, ti\u1ebft ki\u1ec7m \u0111i\u1ec7n n\u0103ng v\u00e0 th\u1eddi gian hi\u1ec7u qu\u1ea3, ch\u1ee9c n\u0103ng h\u1eb9n gi\u1edd ti\u1ec7n d\u1ee5ng, kh\u00f3a an to\u00e0n tr\u1ebb em, h\u1ec7 th\u1ed1ng b\u1ea3o v\u1ec7 an to\u00e0n khi qu\u00e1 nhi\u1ec7t, qu\u00e1 \u00e1p \u0111\u1ea3 b\u1ea3o an to\u00e0n cho ng\u01b0\u1eddi s\u1eed d\u1ee5ng.<\/p>\n<h3>T\u00ednh n\u0103ng an to\u00e0n<\/h3>\n<ul>\n<li>Kh\u00f3a an to\u00e0n tr\u1ebb em Child lock<\/li>\n<li>H\u1ec7 th\u1ed1ng b\u1ea3o v\u1ec7 an to\u00e0n qu\u00e1 nhi\u1ec7t, qu\u00e1 \u00e1p<\/li>\n<\/ul>\n<h3>T\u00ednh n\u0103ng m\u1eb7t k\u00ednh<\/h3>\n<ul>\n<li>M\u1eb7t k\u00ednh li\u1ec1n nguy\u00ean kh\u1ed1i, m\u00e0u \u0111en<\/li>\n<li>B\u1ec1 m\u1eb7t ch\u1ed1ng tr\u1ea7y x\u01b0\u1edbc, ch\u1ecbu l\u1ef1c cao<\/li>\n<li>Kh\u1ea3 n\u0103ng ch\u1ecbu nhi\u1ec7t l\u00ean \u0111\u1ebfn 1000oC<\/li>\n<\/ul>\n<h3>Th\u00f4ng s\u1ed1 k\u1ef9 thu\u1eadt<\/h3>\n<ul>\n<li>\u0110i\u1ec7n \u00e1p 220V \/ 50Hz<\/li>\n<li>C\u00f4ng su\u1ea5t: max 2200W<\/li>\n<li>K\u00edch th\u01b0\u1edbc (d\u00e0i x r\u1ed9ng x cao): 370 x 290 x 55mm<\/li>\n<li>Tr\u1ecdng l\u01b0\u1ee3ng: 2.0 kg<\/li>\n<li>K\u1ebft c\u1ea5u khung v\u1ecf b\u1eb1ng nh\u1ef1a, k\u00ednh<\/li>\n<li>Su\u1ea5t x\u1ee9 : Trung Qu\u1ed1c<\/li>\n<\/ul>\n","protected":false},"excerpt":{"rendered":"<div class=\"clearfix summary mb-3\">\n<p>\u0110i\u1ec7n \u00e1p 220V \/ 50Hz<\/p>\n<p>C\u00f4ng su\u1ea5t: max 2200W<\/p>\n<p>K\u00edch th\u01b0\u1edbc (d\u00e0i x r\u1ed9ng x cao): 370 x 290 x 55mm<\/p>\n<p>Tr\u1ecdng l\u01b0\u1ee3ng: 2.0 kg<\/p>\n<p>K\u1ebft c\u1ea5u khung v\u1ecf b\u1eb1ng nh\u1ef1a, k\u00ednh<\/p>\n<p>Th\u1eddi gian b\u1ea3o h\u00e0nh : 12 th\u00e1ng<\/p>\n<\/div>\n","protected":false},"featured_media":4171,"comment_status":"open","ping_status":"closed","template":"","meta":[],"product_brand":[],"product_cat":[745,808,814,75,710,733,447],"product_tag":[448,76,456,83,457],"class_list":{"0":"post-4074","1":"product","2":"type-product","3":"status-publish","4":"has-post-thumbnail","6":"product_cat-bep-dien-tu","7":"product_cat-bep-dien-tu-don","8":"product_cat-bep-dien-tu-nha-tro","9":"product_cat-bep-tu","10":"product_cat-bep-tu-arber","11":"product_cat-bep-tu-don","12":"product_cat-thuong-hieu-arber","13":"product_tag-arber","14":"product_tag-bep-tu","15":"product_tag-bep-tu-arber","16":"product_tag-bep-tu-don","17":"product_tag-bep-tu-don-arber","19":"first","20":"instock","21":"sale","22":"shipping-taxable","23":"purchasable","24":"product-type-simple"},"_links":{"self":[{"href":"https:\/\/livinghome.vn\/thiet-bi\/wp-json\/wp\/v2\/product\/4074","targetHints":{"allow":["GET"]}}],"collection":[{"href":"https:\/\/livinghome.vn\/thiet-bi\/wp-json\/wp\/v2\/product"}],"about":[{"href":"https:\/\/livinghome.vn\/thiet-bi\/wp-json\/wp\/v2\/types\/product"}],"replies":[{"embeddable":true,"href":"https:\/\/livinghome.vn\/thiet-bi\/wp-json\/wp\/v2\/comments?post=4074"}],"wp:featuredmedia":[{"embeddable":true,"href":"https:\/\/livinghome.vn\/thiet-bi\/wp-json\/wp\/v2\/media\/4171"}],"wp:attachment":[{"href":"https:\/\/livinghome.vn\/thiet-bi\/wp-json\/wp\/v2\/media?parent=4074"}],"wp:term":[{"taxonomy":"product_brand","embeddable":true,"href":"https:\/\/livinghome.vn\/thiet-bi\/wp-json\/wp\/v2\/product_brand?post=4074"},{"taxonomy":"product_cat","embeddable":true,"href":"https:\/\/livinghome.vn\/thiet-bi\/wp-json\/wp\/v2\/product_cat?post=4074"},{"taxonomy":"product_tag","embeddable":true,"href":"https:\/\/livinghome.vn\/thiet-bi\/wp-json\/wp\/v2\/product_tag?post=4074"}],"curies":[{"name":"wp","href":"https:\/\/api.w.org\/{rel}","templated":true}]}}