{"id":3992,"date":"2023-01-12T18:49:31","date_gmt":"2023-01-12T18:49:31","guid":{"rendered":"https:\/\/livinghome.vn\/thiet-bi\/?post_type=product&#038;p=3992"},"modified":"2024-11-29T14:20:15","modified_gmt":"2024-11-29T07:20:15","slug":"bep-dien-tu-arber-ab3992-72cm-1-dien-1-tu","status":"publish","type":"product","link":"https:\/\/livinghome.vn\/thiet-bi\/bep-dien-tu-arber-ab3992-72cm-1-dien-1-tu\/","title":{"rendered":"B\u1ebfp \u0110i\u1ec7n t\u1eeb Arber AB3992 72CM 1 \u0110i\u1ec7n 1 T\u1eeb M\u1eb7t K\u00ednh Kanger"},"content":{"rendered":"<p>Ng\u00e0y nay, b\u1ebfp \u0111i\u1ec7n t\u1eeb \u0111\u00e3 d\u1ea7n tr\u1edf th\u00e0nh thi\u1ebft b\u1ecb nh\u00e0 b\u1ebfp th\u00e2n thu\u1ed9c c\u1ee7a r\u1ea5t nhi\u1ec1u gia \u0111\u00ecnh mang \u0111\u1ebfn s\u1ef1 ti\u1ec7n l\u1ee3i, t\u00ednh an to\u00e0n, ti\u1ebft ki\u1ec7m cao.<\/p>\n<p>H\u00f4m nay ch\u00fang t\u00f4i s\u1ebd gi\u1edbi thi\u1ec7u \u0111\u1ebfn b\u1ea1n d\u00f2ng b\u1ebfp t\u1eeb c\u1ee7a th\u01b0\u01a1ng hi\u1ec7u Arber \u0111\u00f3 l\u00e0 b\u1ebfp \u0111i\u1ec7n t\u1eeb Arber AB3992 s\u1ef1 l\u1ef1a ch\u1ecdn ho\u00e0n h\u1ea3o cho nh\u1eefng b\u1eefa c\u01a1m ngon, nh\u1eefng n\u1ed3i l\u1ea9u th\u01a1m l\u1eebng h\u1ea5p d\u1eabn hay nh\u1eefng chuy\u1ebfn d\u00e3 ngo\u1ea1i l\u00fd th\u00fa c\u1ee7a gia \u0111\u00ecnh b\u1ea1n.<\/p>\n<h2>B\u1ebfp \u0111i\u1ec7n t\u1eeb Arber AB3992 c\u00f3 nh\u1eefng chi ti\u1ebft nh\u01b0 sau<\/h2>\n<h3><span style=\"font-weight: 400;\">Th\u00f4ng tin s\u1ea3n ph\u1ea9m\u00a0<\/span><\/h3>\n<ul>\n<li><span style=\"font-weight: 400;\">Ph\u00e2n lo\u1ea1i : <a href=\"https:\/\/livinghome.vn\/thiet-bi\/bep-dien-tu-ket-hop\/\">B\u1ebfp \u0111i\u1ec7n t\u1eeb<\/a> Arber AB3992<\/span><\/li>\n<li><span style=\"font-weight: 400;\">S\u1eed d\u1ee5ng \u0111a n\u0103ng v\u1edbi b\u1ebfp h\u1ed3ng ngo\u1ea1i k\u1ebft h\u1ee3p t\u1eeb AB3992<\/span><\/li>\n<li><span style=\"font-weight: 400;\">M\u1eb7t k\u00ednh Kanger ch\u1ecbu nhi\u1ec7t, ch\u1ecbu l\u1ef1c.<\/span><\/li>\n<li><span style=\"font-weight: 400;\">M\u00e2m nhi\u1ec7t \u00d814\/22cm, t\u00edch h\u1ee3p ph\u00edm ch\u1ecdn v\u00f2ng n\u1ea5u<\/span><\/li>\n<li><span style=\"font-weight: 400;\">M\u00e2m t\u1eeb t\u1ef1 \u0111\u1ed9ng nh\u1eadn bi\u1ebft k\u00edch c\u1ee1 xoong n\u1ed3i, \u0111\u01b0\u1eddng k\u00ednh 22cm \/ 2000W<\/span><\/li>\n<li><span style=\"font-weight: 400;\">H\u1eb9n gi\u1edd \u0111\u1ed9c l\u1eadp cho t\u1eebng v\u00f9ng n\u1ea5u, th\u1eddi gian h\u1eb9n \u0111\u1ebfn 8.00 gi\u1edd<\/span><\/li>\n<li><span style=\"font-weight: 400;\">\u0110i\u1ec1u khi\u1ec3n c\u00f4ng su\u1ea5t \/ nhi\u1ec7t \u0111\u1ed9 nhi\u1ec1u m\u1ee9c<\/span><\/li>\n<li><span style=\"font-weight: 400;\">B\u00e0n ph\u00edm d\u1ea1ng tr\u01b0\u1ee3t Silde chung 2 b\u1ebfp, 8 m\u1ee9c c\u00f4ng su\u1ea5t<\/span><\/li>\n<li><span style=\"font-weight: 400;\">T\u1ef1 \u0111\u1ed9ng chia s\u1ebb c\u00f4ng su\u1ea5t gi\u1eefa 2 b\u1ebfp, max 3400W<\/span><\/li>\n<\/ul>\n<p>B\u1ebfp \u0111i\u1ec7n t\u1eeb \u00e2m Arber AB-3992\u00a0thi\u1ebft k\u1ebf hai v\u00f9ng n\u1ea5u \u0111i\u1ec7n t\u1eeb k\u1ebft h\u1ee3p gi\u00fap n\u1ea5u \u0103n ti\u1ec7n l\u1ee3i v\u00e0 nhanh ch\u00f3ng, ph\u00f9 h\u1ee3p v\u1edbi nhu c\u1ea7u n\u1ea5u \u0103n c\u1ee7a gia \u0111\u00ecnh Vi\u1ec7t. B\u1ebfp \u0111\u01b0\u1ee3c s\u1eed d\u1ee5ng linh ki\u1ec7n c\u00f3 ch\u1ea5t l\u01b0\u1ee3ng t\u1ed1t c\u00f3 nhi\u1ec1u \u01b0u \u0111i\u1ec3m n\u1ed5i b\u1eadt v\u00e0 c\u00f3 gi\u00e1 si\u00eau t\u1ed1t ph\u00f9 h\u1ee3p v\u1edbi nhi\u1ec1u ng\u01b0\u1eddi ti\u00eau d\u00f9ng Vi\u1ec7t.<\/p>\n<figure id=\"attachment_63911\" aria-describedby=\"caption-attachment-63911\" style=\"width: 800px\" class=\"wp-caption aligncenter\"><img loading=\"lazy\" decoding=\"async\" class=\"size-large wp-image-63911\" src=\"https:\/\/livinghome.vn\/thiet-bi\/wp-content\/uploads\/nha-bep\/arber\/bep-dien-tu\/bep-dien-tu-arber-ab3992\/bep-dien-tu-arber-ab3992-1-800x800.jpg\" alt=\"B\u1ebfp \u0111i\u1ec7n \u0111\u00f4i Arber AB3992 m\u1eb7t k\u00ednh Kanger 8 m\u1ee9c c\u00f4ng su\u1ea5t\" width=\"800\" height=\"800\" title=\"\"><figcaption id=\"caption-attachment-63911\" class=\"wp-caption-text\">B\u1ebfp \u0111i\u1ec7n \u0111\u00f4i Arber AB3992 m\u1eb7t k\u00ednh Kanger 8 m\u1ee9c c\u00f4ng su\u1ea5t<\/figcaption><\/figure>\n<p>M\u1eb7t k\u00ednh s\u1eed d\u1ee5ng cho b\u1ebfp \u0111i\u1ec7n t\u1eeb \u0111\u00f4i n\u00e0y l\u00e0 lo\u1ea1i k\u00ednh Kanger chuy\u00ean s\u1eed d\u1ee5ng cho b\u1ebfp \u0111i\u1ec7n t\u1eeb c\u00f3 \u0111\u1ed9 ch\u1ecbu nhi\u1ec7t, ch\u1ecbu l\u1ef1c r\u1ea5t t\u1ed1t.<\/p>\n<p>M\u1eb7t k\u00ednh li\u1ec1n nguy\u00ean kh\u1ed1i, m\u00e0u \u0111en v\u00e1t c\u1ea1nh sang tr\u1ecdng ch\u1ed1ng tr\u00e0y x\u01b0\u1edbc v\u00e0 d\u1ec5 v\u1ec7 sinh, linh ki\u1ec7n \u0111i\u1ec7n t\u1eed c\u1ee7a b\u1ebfp \u0111\u01b0\u1ee3c nh\u1eadp kh\u1ea9u c\u00f3 ch\u1ea5t l\u01b0\u1ee3ng t\u1ed1t \u0111\u01b0\u1ee3c b\u1ea3o v\u1ec7 b\u1edfi h\u1ec7 th\u1ed1ng khung inox ch\u1ed1ng oxy ph\u00f9 h\u1ee3p v\u1edbi kh\u00ed h\u1eadu Vi\u1ec7t Nam gi\u00fap b\u1ebfp k\u00e9o d\u00e0i tu\u1ed5i th\u1ecd.<\/p>\n<h3><span style=\"font-weight: 400;\">T\u00ednh n\u0103ng an to\u00e0n<\/span><\/h3>\n<ul>\n<li><span style=\"font-weight: 400;\">C\u1ea3nh b\u00e1o nhi\u1ec7t d\u01b0 v\u00f9ng n\u1ea5u Residual heat<\/span><\/li>\n<li><span style=\"font-weight: 400;\">Kh\u00f3a an to\u00e0n tr\u1ebb em Child lock<\/span><\/li>\n<li><span style=\"font-weight: 400;\">T\u1ef1 \u0111\u1ed9ng t\u1eaft b\u1ebfp khi \u0111\u1ec3 qu\u00ean Automatic switching off<\/span><\/li>\n<li><span style=\"font-weight: 400;\">T\u1ef1 \u0111\u1ed9ng t\u1eaft b\u1ebfp khi kh\u00f4ng c\u00f3 n\u1ed3i ( tr\u00ean b\u1ebfp t\u1eeb)<\/span><\/li>\n<li><span style=\"font-weight: 400;\">H\u1ec7 th\u1ed1ng b\u1ea3o v\u1ec7 an to\u00e0n qu\u00e1 nhi\u1ec7t, qu\u00e1 \u00e1p<\/span><\/li>\n<\/ul>\n<h3><span style=\"font-weight: 400;\">T\u00ednh n\u0103ng m\u1eb7t k\u00ednh<\/span><\/h3>\n<ul>\n<li><span style=\"font-weight: 400;\">M\u1eb7t k\u00ednh li\u1ec1n nguy\u00ean kh\u1ed1i, m\u00e0u \u0111en sang tr\u1ecdng<\/span><\/li>\n<li><span style=\"font-weight: 400;\">B\u1ec1 m\u1eb7t ch\u1ed1ng tr\u1ea7y x\u01b0\u1edbc, ch\u1ecbu l\u1ef1c cao<\/span><\/li>\n<li><span style=\"font-weight: 400;\">Kh\u1ea3 n\u0103ng ch\u1ecbu nhi\u1ec7t l\u00ean \u0111\u1ebfn 1000oC, ch\u1ecbu s\u1ed1c nhi\u1ec7t \u0111\u1ebfn 800oC<\/span><\/li>\n<\/ul>\n<h3><span style=\"font-weight: 400;\">Th\u00f4ng s\u1ed1 k\u1ef9 thu\u1eadt<\/span><\/h3>\n<ul>\n<li><span style=\"font-weight: 400;\">\u0110i\u1ec7n \u00e1p 220-240V\/50Hz<\/span><\/li>\n<li><span style=\"font-weight: 400;\">C\u00f4ng su\u1ea5t: max 3400W ( Ph\u1ea3i: 2000W, Tr\u00e1i 1000 \/ 1200W )<\/span><\/li>\n<li><span style=\"font-weight: 400;\">K\u00edch th\u01b0\u1edbc (d\u00e0i x r\u1ed9ng x cao): 720 x 430 x 100mm<\/span><\/li>\n<li><span style=\"font-weight: 400;\">K\u00edch th\u01b0\u1edbc kho\u00e9t l\u1ed7: 680 x 390mm<\/span><\/li>\n<li><span style=\"font-weight: 400;\">Tr\u1ecdng l\u01b0\u1ee3ng: 9.0 kg<\/span><\/li>\n<li><span style=\"font-weight: 400;\">K\u1ebft c\u1ea5u khung v\u1ecf: b\u1eb1ng th\u00e9p c\u00e1ch \u0111i\u1ec7n<\/span><\/li>\n<li><span style=\"font-weight: 400;\">L\u1eafp \u0111\u1eb7t: l\u1eafp \u00e2m ho\u1eb7c \u0111\u1ec3 n\u1ed5i<\/span><\/li>\n<\/ul>\n<figure id=\"attachment_64143\" aria-describedby=\"caption-attachment-64143\" style=\"width: 800px\" class=\"wp-caption aligncenter\"><img loading=\"lazy\" decoding=\"async\" class=\"size-large wp-image-64143\" src=\"https:\/\/livinghome.vn\/thiet-bi\/wp-content\/uploads\/nha-bep\/arber\/bep-dien-tu\/bep-dien-tu-arber-ab3992\/bep-dien-tu-arber-ab3992-2-800x800.jpg\" alt=\"B\u1ebfp \u0111i\u1ec7n t\u1eeb Arber AB3992 m\u1eb7t k\u00ednh Kanger 8 m\u1ee9c c\u00f4ng su\u1ea5t\" width=\"800\" height=\"800\" title=\"\"><figcaption id=\"caption-attachment-64143\" class=\"wp-caption-text\">B\u1ebfp \u0111i\u1ec7n t\u1eeb Arber AB3992 m\u1eb7t k\u00ednh Kanger 8 m\u1ee9c c\u00f4ng su\u1ea5t<\/figcaption><\/figure>\n<p>&nbsp;<\/p>\n<div class=\"mceTemp\"><\/div>\n","protected":false},"excerpt":{"rendered":"<p>&#8211; <strong>Lo\u1ea1i b\u1ebfp:<\/strong> 1 \u0111i\u1ec7n (h\u1ed3ng ngo\u1ea1i) v\u00e0 1 t\u1eeb<\/p>\n<p>&#8211; <strong>M\u1eb7t k\u00ednh:<\/strong> Kanger<\/p>\n<p>&#8211; <strong>C\u00f4ng su\u1ea5t:<\/strong> 3400W<\/p>\n<p>&#8211; <strong>K\u00edch th\u01b0\u1edbc b\u1ebfp:<\/strong> W720 x D430 x H100mm<\/p>\n<p>&#8211; <strong>K\u00edch th\u01b0\u1edbc c\u1eaft \u0111\u00e1:<\/strong> W680 x D390mm<\/p>\n<p>&#8211; <strong>H\u1ec7 th\u1ed1ng \u0111i\u1ec1u khi\u1ec3n:<\/strong> c\u1ea3m \u1ee9ng d\u1ea1ng ch\u1ea1m + tr\u01b0\u1ee3t<\/p>\n","protected":false},"featured_media":4038,"comment_status":"open","ping_status":"closed","template":"","meta":[],"product_brand":[],"product_cat":[745,793,709,813,796,799,80,801,447],"product_tag":[448,982,452,453,743],"class_list":{"0":"post-3992","1":"product","2":"type-product","3":"status-publish","4":"has-post-thumbnail","6":"product_cat-bep-dien-tu","7":"product_cat-bep-1-dien-1-tu","8":"product_cat-bep-dien-tu-arber","9":"product_cat-bep-dien-tu-chung-cu","10":"product_cat-bep-dien-tu-doi","11":"product_cat-bep-dien-tu-hinh-chu-nhat","12":"product_cat-bep-dien-tu-ket-hop","13":"product_cat-bep-dien-tu-khong-ken-noi","14":"product_cat-thuong-hieu-arber","15":"product_tag-arber","16":"product_tag-bep-1-dien-1-tu","17":"product_tag-bep-dien-tu-arber","18":"product_tag-bep-dien-tu-doi","19":"product_tag-bep-dien-tu-ket-hop","21":"first","22":"instock","23":"sale","24":"shipping-taxable","25":"purchasable","26":"product-type-simple"},"_links":{"self":[{"href":"https:\/\/livinghome.vn\/thiet-bi\/wp-json\/wp\/v2\/product\/3992","targetHints":{"allow":["GET"]}}],"collection":[{"href":"https:\/\/livinghome.vn\/thiet-bi\/wp-json\/wp\/v2\/product"}],"about":[{"href":"https:\/\/livinghome.vn\/thiet-bi\/wp-json\/wp\/v2\/types\/product"}],"replies":[{"embeddable":true,"href":"https:\/\/livinghome.vn\/thiet-bi\/wp-json\/wp\/v2\/comments?post=3992"}],"wp:featuredmedia":[{"embeddable":true,"href":"https:\/\/livinghome.vn\/thiet-bi\/wp-json\/wp\/v2\/media\/4038"}],"wp:attachment":[{"href":"https:\/\/livinghome.vn\/thiet-bi\/wp-json\/wp\/v2\/media?parent=3992"}],"wp:term":[{"taxonomy":"product_brand","embeddable":true,"href":"https:\/\/livinghome.vn\/thiet-bi\/wp-json\/wp\/v2\/product_brand?post=3992"},{"taxonomy":"product_cat","embeddable":true,"href":"https:\/\/livinghome.vn\/thiet-bi\/wp-json\/wp\/v2\/product_cat?post=3992"},{"taxonomy":"product_tag","embeddable":true,"href":"https:\/\/livinghome.vn\/thiet-bi\/wp-json\/wp\/v2\/product_tag?post=3992"}],"curies":[{"name":"wp","href":"https:\/\/api.w.org\/{rel}","templated":true}]}}