{"id":3795,"date":"2023-01-12T18:25:50","date_gmt":"2023-01-12T18:25:50","guid":{"rendered":"https:\/\/livinghome.vn\/thiet-bi\/?post_type=product&#038;p=3795"},"modified":"2024-11-29T14:20:16","modified_gmt":"2024-11-29T07:20:16","slug":"may-loc-nuoc-lap-tren-bon-rua-cleansui-et101-nhap-khau-nhat","status":"publish","type":"product","link":"https:\/\/livinghome.vn\/thiet-bi\/may-loc-nuoc-lap-tren-bon-rua-cleansui-et101-nhap-khau-nhat\/","title":{"rendered":"M\u00e1y l\u1ecdc n\u01b0\u1edbc l\u1eafp tr\u00ean b\u1ed3n r\u1eeda Cleansui ET101 nh\u1eadp kh\u1ea9u Nh\u1eadt"},"content":{"rendered":"<h2>M\u00e1y l\u1ecdc n\u01b0\u1edbc l\u1eafp tr\u00ean b\u1ed3n r\u1eeda Cleansui ET101<\/h2>\n<h3>\u0110\u1eb7c \u0111i\u1ec3m n\u1ed5i b\u1eadt M\u00e1y l\u1ecdc n\u01b0\u1edbc l\u1eafp tr\u00ean b\u1ed3n r\u1eeda Cleansui ET101<\/h3>\n<p><strong>V\u00f2i l\u1ecdc n\u01b0\u1edbc<\/strong><\/p>\n<ul>\n<li>Ch\u1ea5t li\u1ec7u th\u00e9p kh\u00f4ng g\u1ec9<\/li>\n<li>\u0110i\u1ec1u ch\u1ec9nh linh ho\u1ea1t cho ph\u00e9p xoay m\u1ecdi h\u01b0\u1edbng l\u1ea5y n\u01b0\u1edbc \u1edf b\u1ea5t k\u1ef3 v\u1ecb tr\u00ed n\u00e0o<\/li>\n<\/ul>\n<p><strong>Th\u00e2n thi\u1ebft b\u1ecb<\/strong><\/p>\n<ul>\n<li>Ch\u1ea5t li\u1ec7u nh\u1ef1a ABS cao c\u1ea5p<\/li>\n<li>D\u1ec5 d\u00e0ng v\u1ec7 sinh v\u00e0 th\u00e1o l\u1eafp<\/li>\n<li>Kh\u00f4ng b\u1ecb oxy h\u00f3a<\/li>\n<\/ul>\n<p><strong>Van \u0111i\u1ec1u h\u01b0\u1edbng<\/strong><\/p>\n<ul>\n<li>T\u00f9y ch\u1ecdn 3 ch\u1ebf \u0111\u1ed9 n\u01b0\u1edbc<\/li>\n<li>N\u01b0\u1edbc ch\u1ee9a l\u1ecdc dang tia tr\u1ef1c ti\u1ebfp<\/li>\n<li>N\u01b0\u1edbc ch\u1ee9a l\u1ecdc d\u1ea1ng tia sen<\/li>\n<li>N\u01b0\u1edbc l\u1ecdc u\u1ed1ng tr\u1ef1c ti\u1ebfp<\/li>\n<li>L\u1edbp l\u01b0\u1edbi l\u1ecdc th\u00f4 b\u1eb1ng th\u00e9p kh\u00f4ng g\u00ec lo\u1ea1i b\u1ecf c\u1eb7n b\u1ea9n l\u1edbn khi s\u1eed d\u1ee5ng n\u01b0\u1edbc ch\u01b0a l\u1ecdc<\/li>\n<\/ul>\n<p><strong>B\u1ed9 l\u1ecdc c\u00f4ng ngh\u1ec7 cao EUC2000<\/strong><\/p>\n<ul>\n<li>4 c\u1ea5p l\u1ecdc t\u00edch h\u1ee3p trong 1 b\u1ed9 l\u1ecdc, k\u00edch th\u01b0\u1edbc nh\u1ecf, ti\u1ebft ki\u1ec7m di\u1ec7n t\u00edch l\u1eafp \u0111\u1eb7t<\/li>\n<li>C\u00f4ng ngh\u1ec7 m\u00e0ng l\u1ecdc s\u1ee3i r\u1ed7ng lo\u1ea1i b\u1ecf \u0111\u01b0\u1ee3c c\u00e1c vi khu\u1ea9n k\u00edch th\u01b0\u1edbc nh\u1ecf l\u00ean t\u1edbi 0.1\u00b5m<\/li>\n<li>N\u01b0\u1edbc l\u1ecdc s\u1ea1ch u\u1ed1ng tr\u1ef1c ti\u1ebfp v\u00e0 gi\u1eef nguy\u00ean kho\u00e1ng ch\u1ea5t trong n\u01b0\u1edbc<\/li>\n<li>Kh\u00f4ng s\u1eed d\u1ee5ng \u0111i\u1ec7n<\/li>\n<li>Kh\u00f4ng t\u1ed1n n\u01b0\u1edbc th\u1ea3i<\/li>\n<\/ul>\n<p><strong>B\u1ed9 ph\u1ee5 ki\u1ec7n k\u1ebft n\u1ed1i<\/strong><\/p>\n<ul>\n<li>Thu\u1eadn ti\u1ec7n cho vi\u1ec7c l\u1eafp \u0111\u1eb7t v\u1edbi h\u1ea7u h\u1ebft c\u00e1c v\u00f2i th\u00f4ng d\u1ee5ng tr\u00ean th\u1ecb tr\u01b0\u1eddng Vi\u1ec7t Nam<\/li>\n<\/ul>\n<h3>C\u00f4ng ngh\u1ec7 l\u1ecdc M\u00e1y l\u1ecdc n\u01b0\u1edbc l\u1eafp tr\u00ean b\u1ed3n r\u1eeda Cleansui ET101<\/h3>\n<figure id=\"attachment_67467\" aria-describedby=\"caption-attachment-67467\" style=\"width: 1067px\" class=\"wp-caption alignnone\"><img loading=\"lazy\" decoding=\"async\" class=\"wp-image-67467 size-large\" src=\"https:\/\/livinghome.vn\/thiet-bi\/wp-content\/uploads\/loc-nuoc\/cleansui\/may-loc-nuoc-lap-bon-rua-cleansui\/may-loc-nuoc-lap-bon-rua-cleansui-et101\/may-loc-nuoc-lap-bon-rua-cleansui-et101-1-1067x800.jpg\" alt=\"M\u00e1y l\u1ecdc n\u01b0\u1edbc l\u1eafp tr\u00ean b\u1ed3n r\u1eeda Cleansui ET101 nh\u1eadp kh\u1ea9u Nh\u1eadt\" width=\"1067\" height=\"800\" title=\"\"><figcaption id=\"caption-attachment-67467\" class=\"wp-caption-text\">M\u00e1y l\u1ecdc n\u01b0\u1edbc l\u1eafp tr\u00ean b\u1ed3n r\u1eeda Cleansui ET101 nh\u1eadp kh\u1ea9u Nh\u1eadt &#8211; C\u00f4ng ngh\u1ec7 l\u1ecdc<\/figcaption><\/figure>\n<h3>Th\u00f4ng s\u1ed1 k\u1ef9 thu\u1eadt M\u00e1y l\u1ecdc n\u01b0\u1edbc l\u1eafp tr\u00ean b\u1ed3n r\u1eeda Cleansui ET101<\/h3>\n<figure id=\"attachment_67466\" aria-describedby=\"caption-attachment-67466\" style=\"width: 800px\" class=\"wp-caption alignnone\"><img loading=\"lazy\" decoding=\"async\" class=\"wp-image-67466 size-large\" src=\"https:\/\/livinghome.vn\/thiet-bi\/wp-content\/uploads\/loc-nuoc\/cleansui\/may-loc-nuoc-lap-bon-rua-cleansui\/may-loc-nuoc-lap-bon-rua-cleansui-et101\/may-loc-nuoc-lap-bon-rua-cleansui-et101-2-800x800.jpg\" alt=\"M\u00e1y l\u1ecdc n\u01b0\u1edbc l\u1eafp tr\u00ean b\u1ed3n r\u1eeda Cleansui ET101 nh\u1eadp kh\u1ea9u Nh\u1eadt\" width=\"800\" height=\"800\" title=\"\"><figcaption id=\"caption-attachment-67466\" class=\"wp-caption-text\">M\u00e1y l\u1ecdc n\u01b0\u1edbc l\u1eafp tr\u00ean b\u1ed3n r\u1eeda Cleansui ET101 nh\u1eadp kh\u1ea9u Nh\u1eadt &#8211; Th\u00f4ng s\u1ed1 k\u1ef9 thu\u1eadt<\/figcaption><\/figure>\n<figure id=\"attachment_67465\" aria-describedby=\"caption-attachment-67465\" style=\"width: 800px\" class=\"wp-caption alignnone\"><img loading=\"lazy\" decoding=\"async\" class=\"wp-image-67465 size-large\" src=\"https:\/\/livinghome.vn\/thiet-bi\/wp-content\/uploads\/loc-nuoc\/cleansui\/may-loc-nuoc-lap-bon-rua-cleansui\/may-loc-nuoc-lap-bon-rua-cleansui-et101\/may-loc-nuoc-lap-bon-rua-cleansui-et101-3-800x800.jpg\" alt=\"M\u00e1y l\u1ecdc n\u01b0\u1edbc l\u1eafp tr\u00ean b\u1ed3n r\u1eeda Cleansui ET101 nh\u1eadp kh\u1ea9u Nh\u1eadt\" width=\"800\" height=\"800\" title=\"\"><figcaption id=\"caption-attachment-67465\" class=\"wp-caption-text\">M\u00e1y l\u1ecdc n\u01b0\u1edbc l\u1eafp tr\u00ean b\u1ed3n r\u1eeda Cleansui ET101 nh\u1eadp kh\u1ea9u Nh\u1eadt &#8211; Th\u00f4ng s\u1ed1 k\u1ef9 thu\u1eadt<\/figcaption><\/figure>\n<h3>H\u01b0\u1edbng d\u1eabn s\u1eed d\u1ee5ng M\u00e1y l\u1ecdc n\u01b0\u1edbc l\u1eafp tr\u00ean b\u1ed3n r\u1eeda Cleansui ET101<\/h3>\n<figure id=\"attachment_67464\" aria-describedby=\"caption-attachment-67464\" style=\"width: 1067px\" class=\"wp-caption alignnone\"><img loading=\"lazy\" decoding=\"async\" class=\"wp-image-67464 size-large\" src=\"https:\/\/livinghome.vn\/thiet-bi\/wp-content\/uploads\/loc-nuoc\/cleansui\/may-loc-nuoc-lap-bon-rua-cleansui\/may-loc-nuoc-lap-bon-rua-cleansui-et101\/may-loc-nuoc-lap-bon-rua-cleansui-et101-4-1067x800.jpg\" alt=\"M\u00e1y l\u1ecdc n\u01b0\u1edbc l\u1eafp tr\u00ean b\u1ed3n r\u1eeda Cleansui ET101 nh\u1eadp kh\u1ea9u Nh\u1eadt\" width=\"1067\" height=\"800\" title=\"\"><figcaption id=\"caption-attachment-67464\" class=\"wp-caption-text\">M\u00e1y l\u1ecdc n\u01b0\u1edbc l\u1eafp tr\u00ean b\u1ed3n r\u1eeda Cleansui ET101 nh\u1eadp kh\u1ea9u Nh\u1eadt &#8211; H\u01b0\u1edbng d\u1eabn s\u1eed d\u1ee5ng<\/figcaption><\/figure>\n","protected":false},"excerpt":{"rendered":"<p>N\u01b0\u1edbc u\u1ed1ng c\u00f3 kho\u00e1ng ch\u1ea5t t\u1ef1 nhi\u00ean<\/p>\n<p>C\u01a1 ch\u1ebf ch\u1ed1ng r\u00f2 r\u1ec9 n\u01b0\u1edbc th\u00f4ng minh<\/p>\n<p>Kh\u00f4ng d\u00f9ng \u0111i\u1ec7n<\/p>\n<p>Kh\u00f4ng n\u01b0\u1edbc th\u1ea3i<\/p>\n<p>D\u1ec5 l\u1eafp \u0111\u1eb7t, t\u00ednh di \u0111\u1ed9ng cao<\/p>\n","protected":false},"featured_media":3903,"comment_status":"open","ping_status":"closed","template":"","meta":[],"product_brand":[],"product_cat":[440,441],"product_tag":[443,404,446],"class_list":{"0":"post-3795","1":"product","2":"type-product","3":"status-publish","4":"has-post-thumbnail","6":"product_cat-may-loc-nuoc-cleansui","7":"product_cat-thuong-hieu-cleansui","8":"product_tag-cleansui","9":"product_tag-may-loc-nuoc","10":"product_tag-may-loc-nuoc-cleansui","12":"first","13":"instock","14":"shipping-taxable","15":"purchasable","16":"product-type-simple"},"_links":{"self":[{"href":"https:\/\/livinghome.vn\/thiet-bi\/wp-json\/wp\/v2\/product\/3795","targetHints":{"allow":["GET"]}}],"collection":[{"href":"https:\/\/livinghome.vn\/thiet-bi\/wp-json\/wp\/v2\/product"}],"about":[{"href":"https:\/\/livinghome.vn\/thiet-bi\/wp-json\/wp\/v2\/types\/product"}],"replies":[{"embeddable":true,"href":"https:\/\/livinghome.vn\/thiet-bi\/wp-json\/wp\/v2\/comments?post=3795"}],"wp:featuredmedia":[{"embeddable":true,"href":"https:\/\/livinghome.vn\/thiet-bi\/wp-json\/wp\/v2\/media\/3903"}],"wp:attachment":[{"href":"https:\/\/livinghome.vn\/thiet-bi\/wp-json\/wp\/v2\/media?parent=3795"}],"wp:term":[{"taxonomy":"product_brand","embeddable":true,"href":"https:\/\/livinghome.vn\/thiet-bi\/wp-json\/wp\/v2\/product_brand?post=3795"},{"taxonomy":"product_cat","embeddable":true,"href":"https:\/\/livinghome.vn\/thiet-bi\/wp-json\/wp\/v2\/product_cat?post=3795"},{"taxonomy":"product_tag","embeddable":true,"href":"https:\/\/livinghome.vn\/thiet-bi\/wp-json\/wp\/v2\/product_tag?post=3795"}],"curies":[{"name":"wp","href":"https:\/\/api.w.org\/{rel}","templated":true}]}}