{"id":360,"date":"2023-01-12T10:07:06","date_gmt":"2023-01-12T10:07:06","guid":{"rendered":"https:\/\/livinghome.vn\/thiet-bi\/?post_type=product&#038;p=360"},"modified":"2024-11-29T14:21:05","modified_gmt":"2024-11-29T07:21:05","slug":"bo-noi-dmestik-es-009-5-mon","status":"publish","type":"product","link":"https:\/\/livinghome.vn\/thiet-bi\/bo-noi-dmestik-es-009-5-mon\/","title":{"rendered":"B\u1ed9 n\u1ed3i Dmestik ES 009 5 m\u00f3n"},"content":{"rendered":"<h2><strong>B\u1ed9 n\u1ed3i Dmestik ES 009 5 m\u00f3n c\u00f3 \u0111\u1ea7y \u0111\u1ee7 n\u1ed3i, ch\u1ea3o, qu\u00e1nh v\u1edbi k\u00edch th\u01b0\u1edbc kh\u00e1c nhau, v\u00f4 c\u00f9ng ti\u1ec7n l\u1ee3i, ph\u00f9 h\u1ee3p v\u1edbi m\u1ecdi nhu c\u1ea7u n\u1ea5u n\u01b0\u1edbng c\u1ee7a m\u1ecdi gia \u0111\u00ecnh. Thay v\u00ec ch\u1ecdn mua t\u1eebng m\u00f3n, b\u1ea1n n\u00ean s\u1eafm m\u1ed9t b\u1ed9 v\u1eeba \u0111\u1ed3ng b\u1ed9, v\u1eeba ti\u1ebft ki\u1ec7m th\u1eddi gian, l\u1ea1i gi\u00fap c\u0103n b\u1ebfp nh\u00e0 b\u1ea1n th\u00eam ph\u1ea7n sang tr\u1ecdng, tinh t\u1ebf.<\/strong><\/h2>\n<h3>Gi\u1edbi thi\u1ec7u s\u1ea3n ph\u1ea9m<\/h3>\n<ul>\n<li>Ph\u00e2n lo\u1ea1i : <a href=\"https:\/\/livinghome.vn\/thiet-bi\/bo-noi\/\">B\u1ed9 n\u1ed3i<\/a> Dmestik ES 009<\/li>\n<li>B\u1ed9 n\u1ed3i 5 m\u00f3n D&#8217;mestik\u00a0ES 009 bao g\u1ed3m:<\/li>\n<li>1 qu\u00e1nh inox 16&#215;7.5cm, dung t\u00edch 1.5L<\/li>\n<li>1 n\u1ed3i inox 18&#215;8.5cm, dung t\u00edch 2L<\/li>\n<li>1 n\u1ed3i inox 20&#215;9.5cm, dung t\u00edch 3L<\/li>\n<li>1 n\u1ed3i inox 24&#215;11.5cm, dung t\u00edch 5L<\/li>\n<li>1 ch\u1ea3o ch\u1ed1ng d\u00ednh 24x5cm, dung t\u00edch 2L<\/li>\n<li>D\u00f9ng \u0111\u01b0\u1ee3c cho m\u1ecdi lo\u1ea1i b\u1ebfp<\/li>\n<\/ul>\n<figure id=\"attachment_57579\" aria-describedby=\"caption-attachment-57579\" style=\"width: 800px\" class=\"wp-caption aligncenter\"><img loading=\"lazy\" decoding=\"async\" class=\"wp-image-57579 size-large\" src=\"https:\/\/livinghome.vn\/thiet-bi\/wp-content\/uploads\/nha-bep\/dmestik\/bo-noi\/bo-noi-dmestik-009\/bo-noi-dmestik-009-1-800x800.jpg\" alt=\"B\u1ed9 n\u1ed3i Dmestik ES 009 5 m\u00f3n\" width=\"800\" height=\"800\" title=\"\"><figcaption id=\"caption-attachment-57579\" class=\"wp-caption-text\">B\u1ed9 n\u1ed3i Dmestik ES 009 5 m\u00f3n<\/figcaption><\/figure>\n<p><strong>&#8211; Ch\u1ea5t li\u1ec7u an to\u00e0n<\/strong>: V\u1edbi ch\u1ea5t li\u1ec7u th\u00e9p kh\u00f4ng g\u1ec9 cao c\u1ea5p, b\u1ed9 n\u1ed3i 5 m\u00f3n D&#8217;mestik lu\u00f4n nh\u00ecn s\u00e1ng b\u00f3ng v\u00e0 b\u1eaft m\u1eaft, kh\u00f4ng b\u1ecb hoen g\u1ec9, tr\u1ea7y x\u01b0\u1edbc d\u00f9 s\u1eed d\u1ee5ng trong th\u1eddi gian d\u00e0i.<\/p>\n<p>Ch\u1ea3o \u0111\u01b0\u1ee3c ph\u1ee7 l\u1edbp ch\u1ed1ng d\u00ednh kh\u00f4ng ch\u1ee9a PFOA (m\u1ed9t ch\u1ea5t c\u00f3 th\u1ec3 g\u00e2y ung th\u01b0 \u1edf ng\u01b0\u1eddi), kh\u00f4ng ch\u00ec, \u0111\u1ea3m b\u1ea3o qu\u00e1 tr\u00ecnh n\u1ea5u \u0103n kh\u00f4ng ph\u00e1t sinh \u0111\u1ed9c t\u1ed1, an t\u00e2m s\u1eed d\u1ee5ng.<\/p>\n<p><strong>&#8211; T\u00ednh th\u1ea9m m\u1ef9 cao<\/strong>: B\u1ed9 n\u1ed3i \u0111\u01b0\u1ee3c thi\u1ebft k\u1ebf \u0111\u1ed3ng b\u1ed9 m\u1ed9t m\u00e0u inox s\u00e1ng. C\u00e1c chi ti\u1ebft nh\u01b0 tay c\u1ea7m, n\u1eafp k\u00ednh, \u0111inh t\u00e1n \u0111\u01b0\u1ee3c thi\u1ebft k\u1ebf t\u1ec9 m\u1ec9, tinh t\u1ebf t\u1ea1o n\u00ean t\u1ed5ng th\u1ec3 ho\u00e0n h\u1ea3o cho c\u0103n b\u1ebfp c\u1ee7a b\u1ea1n.<\/p>\n<p><strong>&#8211; Ti\u1ec7n d\u1ee5ng<\/strong>: N\u1eafp k\u00ednh \u0111\u01b0\u1ee3c thi\u1ebft k\u1ebf kh\u00edt ch\u1eb7t v\u1edbi n\u1ed3i gi\u00fap ti\u1ebft ki\u1ec7m th\u1eddi gian khi l\u00e0m nh\u1eefng m\u00f3n lu\u1ed9c, h\u1ea7m, kho&#8230; Tay c\u1ea7m c\u00f3 \u0111\u1ed9 cong v\u1eeba tay, thu\u1eadn ti\u1ec7n cho ng\u01b0\u1eddi s\u1eed d\u1ee5ng. Ch\u1ea3o, n\u1ed3i \u0111\u1ec1u c\u00f3 m\u00f3c treo \u0111\u1ec3 b\u1ea1n c\u00f3 th\u1ec3 x\u1ebfp g\u1ecdn l\u00ean gi\u00e1 b\u1ebfp g\u1ecdn g\u00e0ng. \u0110\u00e1y n\u1ed3i, ch\u1ea3o c\u00f3 kh\u1ea3 n\u0103ng ch\u1ed1ng tr\u01a1n tr\u01b0\u1ee3t cao, tr\u00e1nh vi\u1ec7c b\u1ecb x\u00ea d\u1ecbch trong l\u00fac n\u1ea5u n\u01b0\u1edbng.<\/p>\n<p>B\u1ed9 n\u1ed3i Dmestik <span style=\"font-size: 16.2px;\">ES 009 <\/span>d\u00f9ng \u0111\u01b0\u1ee3c cho m\u1ecdi lo\u1ea1i b\u1ebfp, \u0111\u00e1y \u0111\u01b0\u1ee3c thi\u1ebft k\u1ebf truy\u1ec1n nhi\u1ec7t nhanh, t\u1ea3n nhi\u1ec7t \u0111\u1ec1u khi\u1ebfn m\u00f3n \u0103n \u0111\u01b0\u1ee3c n\u1ea5u ch\u00edn m\u1ed9t c\u00e1ch nhanh ch\u00f3ng, ti\u1ebft ki\u1ec7m \u0111i\u1ec7n n\u0103ng, tu\u1ed5i th\u1ecd l\u00e2u d\u00e0i, x\u1ee9ng \u0111\u00e1ng lu\u00f4n n\u1eb1m trong c\u0103n b\u1ebfp nh\u00e0 b\u1ea1n.<\/p>\n<figure id=\"attachment_57578\" aria-describedby=\"caption-attachment-57578\" style=\"width: 800px\" class=\"wp-caption aligncenter\"><img loading=\"lazy\" decoding=\"async\" class=\"wp-image-57578 size-large\" src=\"https:\/\/livinghome.vn\/thiet-bi\/wp-content\/uploads\/nha-bep\/dmestik\/bo-noi\/bo-noi-dmestik-009\/bo-noi-dmestik-009-2-800x800.jpg\" alt=\"B\u1ed9 n\u1ed3i Dmestik ES 009 5 m\u00f3n\" width=\"800\" height=\"800\" title=\"\"><figcaption id=\"caption-attachment-57578\" class=\"wp-caption-text\">B\u1ed9 n\u1ed3i Dmestik ES 009 5 m\u00f3n<\/figcaption><\/figure>\n","protected":false},"excerpt":{"rendered":"<p><strong>B\u1ed9 n\u1ed3i 5 m\u00f3n D&#8217;mestik\u00a0ES 009 bao g\u1ed3m:<\/strong><\/p>\n<p>1 qu\u00e1nh inox 16&#215;7.5cm, dung t\u00edch 1.5L<\/p>\n<p>1 n\u1ed3i inox 18&#215;8.5cm, dung t\u00edch 2L<\/p>\n<p>1 n\u1ed3i inox 20&#215;9.5cm, dung t\u00edch 3L<\/p>\n<p>1 n\u1ed3i inox 24&#215;11.5cm, dung t\u00edch 5L<\/p>\n<p>1 ch\u1ea3o ch\u1ed1ng d\u00ednh 24x5cm, dung t\u00edch 2L<\/p>\n","protected":false},"featured_media":412,"comment_status":"open","ping_status":"closed","template":"","meta":[],"product_brand":[],"product_cat":[98,72],"product_tag":[99,100,74],"class_list":{"0":"post-360","1":"product","2":"type-product","3":"status-publish","4":"has-post-thumbnail","6":"product_cat-bo-noi-bep-tu","7":"product_cat-thuong-hieu-dmestik","8":"product_tag-bo-noi","9":"product_tag-boi-noi-dmestik","10":"product_tag-dmestik","12":"first","13":"instock","14":"sale","15":"shipping-taxable","16":"purchasable","17":"product-type-simple"},"_links":{"self":[{"href":"https:\/\/livinghome.vn\/thiet-bi\/wp-json\/wp\/v2\/product\/360","targetHints":{"allow":["GET"]}}],"collection":[{"href":"https:\/\/livinghome.vn\/thiet-bi\/wp-json\/wp\/v2\/product"}],"about":[{"href":"https:\/\/livinghome.vn\/thiet-bi\/wp-json\/wp\/v2\/types\/product"}],"replies":[{"embeddable":true,"href":"https:\/\/livinghome.vn\/thiet-bi\/wp-json\/wp\/v2\/comments?post=360"}],"wp:featuredmedia":[{"embeddable":true,"href":"https:\/\/livinghome.vn\/thiet-bi\/wp-json\/wp\/v2\/media\/412"}],"wp:attachment":[{"href":"https:\/\/livinghome.vn\/thiet-bi\/wp-json\/wp\/v2\/media?parent=360"}],"wp:term":[{"taxonomy":"product_brand","embeddable":true,"href":"https:\/\/livinghome.vn\/thiet-bi\/wp-json\/wp\/v2\/product_brand?post=360"},{"taxonomy":"product_cat","embeddable":true,"href":"https:\/\/livinghome.vn\/thiet-bi\/wp-json\/wp\/v2\/product_cat?post=360"},{"taxonomy":"product_tag","embeddable":true,"href":"https:\/\/livinghome.vn\/thiet-bi\/wp-json\/wp\/v2\/product_tag?post=360"}],"curies":[{"name":"wp","href":"https:\/\/api.w.org\/{rel}","templated":true}]}}