{"id":3587,"date":"2023-01-12T18:16:07","date_gmt":"2023-01-12T18:16:07","guid":{"rendered":"https:\/\/livinghome.vn\/thiet-bi\/?post_type=product&#038;p=3587"},"modified":"2024-11-29T14:20:17","modified_gmt":"2024-11-29T07:20:17","slug":"may-loc-nuoc-geyser-meastro-2000-nhap-khau-tu-nga","status":"publish","type":"product","link":"https:\/\/livinghome.vn\/thiet-bi\/may-loc-nuoc-geyser-meastro-2000-nhap-khau-tu-nga\/","title":{"rendered":"M\u00e1y l\u1ecdc n\u01b0\u1edbc Geyser Meastro 2000 &#8211; Nh\u1eadp kh\u1ea9u t\u1eeb Nga"},"content":{"rendered":"<h2><strong>S\u1ea3n ph\u1ea9m M\u00e1y l\u1ecdc n\u01b0\u1edbc Geyser Meastro 2000 ch\u00ednh h\u00e3ng cho nh\u00e0 h\u00e0ng, qu\u00e1n c\u00e0 ph\u00ea<\/strong><\/h2>\n<p><strong>M\u00e1y l\u1ecdc n\u01b0\u1edbc Geyser Meastro 2000<\/strong> l\u00e0 d\u00f2ng s\u1ea3n ph\u1ea9m c\u00f4ng ngh\u1ec7 t\u00edch h\u1ee3p RO v\u00e0 Nano 2 in 1 ph\u00f9 h\u1ee3p v\u1edbi ngu\u1ed3n n\u01b0\u1edbc ng\u1ea7m \u0111\u00e3 qua x\u1eed l\u00fd. M\u00e1y l\u1ecdc n\u01b0\u1edbc Geyser Meastro 2000 c\u00f3 kh\u1ea3 n\u0103ng \u0111i\u1ec1u ch\u1ec9nh h\u00e0m l\u01b0\u1ee3ng kho\u00e1ng ch\u1ea5t h\u00f2a tan \u0111\u1ea7u ra \u0111\u1ec3 t\u1ed1i \u01b0u h\u00f3a ch\u1ea5t l\u01b0\u1ee3ng h\u01b0\u01a1ng v\u1ecb t\u00e1ch cafe.<\/p>\n<figure id=\"attachment_66104\" aria-describedby=\"caption-attachment-66104\" style=\"width: 1020px\" class=\"wp-caption alignnone\"><img loading=\"lazy\" decoding=\"async\" class=\"size-large wp-image-66104\" src=\"https:\/\/livinghome.vn\/thiet-bi\/wp-content\/uploads\/loc-nuoc\/geyser\/may-loc-nuoc-thuong-mai-geyser\/may-loc-nuoc-thuong-mai-geyser-meastro-2000\/may-loc-nuoc-thuong-mai-geyser-meastro-2000-4-1067x800.jpg\" alt=\" M\u00e1y l\u1ecdc n\u01b0\u1edbc Geyser Meastro 2000 ch\u00ednh h\u00e3ng cho nh\u00e0 h\u00e0ng, qu\u00e1n c\u00e0 ph\u00ea\" width=\"1020\" height=\"765\" title=\"\"><figcaption id=\"caption-attachment-66104\" class=\"wp-caption-text\">M\u00e1y l\u1ecdc n\u01b0\u1edbc Geyser Meastro 2000 cho m\u00e1y pha c\u00e0 ph\u00ea<\/figcaption><\/figure>\n<h3><strong>M\u00f4 t\u1ea3<\/strong><\/h3>\n<p><strong>M\u00e1y l\u1ecdc n\u01b0\u1edbc HoReCa Geyser Meastro<\/strong>\u00a0\u0111\u01b0\u1ee3c c\u1ea5u t\u1ea1o g\u1ed3m 2 h\u1ec7 th\u1ed1ng l\u1ecdc ch\u00ednh:<\/p>\n<ol>\n<li>C\u00f4ng ngh\u1ec7 l\u1ecdc Nano Aragon 3: \u0110\u00e2y l\u00e0 c\u00f4ng ngh\u1ec7 l\u1ecdc t\u1ed5ng h\u1ee3p \u0111\u1ed9c quy\u1ec1n ph\u00e1t minh s\u00e1ng ch\u1ebf c\u1ee7a Geyser Russia, \u0111i\u1ec1u \u0111\u1eb7c bi\u1ec7t c\u1ee7a c\u00f4ng ngh\u1ec7 n\u00e0y \u0111\u00f3 l\u00e0 kh\u00f4ng nh\u1eefng l\u00e0m s\u00e1ch n\u01b0\u1edbc m\u00e0 c\u00f2n gi\u1eef v\u00e0 chuy\u1ec3n \u0111\u1ed5i c\u1ea5u tr\u00fac canxi trong n\u01b0\u1edbc t\u1eeb th\u1ec3 Calcit sang th\u1ec3 Aragonite \u2013 M\u1ed9t th\u1ec3 canxi d\u1ec5 d\u00e0ng h\u1ea5p th\u1ee5 h\u01a1n cho c\u01a1 th\u1ec3.<\/li>\n<li><a href=\"https:\/\/vi.wikipedia.org\/wiki\/M%C3%A0ng_l%E1%BB%8Dc_R.O#Nguy%C3%AAn_l%C3%BD_ho%E1%BA%A1t_%C4%91%E1%BB%99ng\/\" target=\"_blank\" rel=\"noopener nofollow\">C\u00f4ng ngh\u1ec7 l\u1ecdc RO<\/a>: M\u00e0ng l\u1ecdc th\u1ea9m th\u1ea5u ng\u01b0\u1ee3c cho ph\u00e9p Geyser Meastro lo\u1ea1i b\u1ecf th\u00e0nh ph\u1ea7n kho\u00e1ng ch\u1ea5t trong n\u01b0\u1edbc.<\/li>\n<\/ol>\n<blockquote class=\"m\u00e1y_l\u1ecdc_nh\u1ecf_g\u1ecdn_pha_cafe\" cite=\"https:\/\/www.geyser.com.vn\/san-pham\/may-loc-nuoc-geyser-meastro-2000\/#loc_nuoc_cafe_thom_ngon_dung_vi\/\"><p>S\u1ef1 k\u1ebft h\u1ee3p c\u00f4ng ngh\u1ec7 RO \u2013 Aragon 3 gi\u00fap \u00a0<strong>M\u00e1y l\u1ecdc n\u01b0\u1edbc Geyser Meastro 2000<\/strong>\u00a0d\u1ec5 d\u00e0ng ki\u1ec3m so\u00e1t ch\u1ea5t l\u01b0\u1ee3ng n\u01b0\u1edbc \u0111\u1ea7u ra \u2013 \u0111\u1eb7c bi\u1ec7t l\u00e0 h\u00e0m l\u01b0\u1ee3ng\u00a0kho\u00e1ng ch\u1ea5t h\u00f2a tan\u00a0trong n\u01b0\u1edbc TDS.<\/p><\/blockquote>\n<figure id=\"attachment_66102\" aria-describedby=\"caption-attachment-66102\" style=\"width: 1020px\" class=\"wp-caption alignnone\"><img loading=\"lazy\" decoding=\"async\" class=\"size-large wp-image-66102\" src=\"https:\/\/livinghome.vn\/thiet-bi\/wp-content\/uploads\/loc-nuoc\/geyser\/may-loc-nuoc-thuong-mai-geyser\/may-loc-nuoc-thuong-mai-geyser-meastro-2000\/may-loc-nuoc-thuong-mai-geyser-meastro-2000-3-1067x800.jpg\" alt=\" M\u00e1y l\u1ecdc n\u01b0\u1edbc Geyser Meastro 2000 ch\u00ednh h\u00e3ng cho nh\u00e0 h\u00e0ng, qu\u00e1n c\u00e0 ph\u00ea\" width=\"1020\" height=\"765\" title=\"\"><figcaption id=\"caption-attachment-66102\" class=\"wp-caption-text\">M\u00e1y l\u1ecdc n\u01b0\u1edbc Geyser Meastro 2000 mang l\u1ea1i ch\u1ea5t l\u01b0\u1ee3ng cafe tuy\u1ec7t v\u1eddi<\/figcaption><\/figure>\n<p>\u0110\u00e2y ch\u00ednh l\u00e0 m\u1ed9t \u0111i\u1ec3m kh\u00e1c bi\u1ec7t c\u1ee7a\u00a0<strong>m\u00e1y l\u1ecdc n\u01b0\u1edbc Geyser Meastro 2000<\/strong> v\u1edbi t\u1ea5t c\u1ea3 c\u00e1c d\u00f2ng s\u1ea3n ph\u1ea9m kh\u00e1c \u2013 \u0110\u00f3 l\u00e0 ph\u00f9 h\u1ee3p v\u1edbi ngu\u1ed3n n\u01b0\u1edbc ch\u1ea5t l\u01b0\u1ee3ng th\u1ea5p nh\u01b0 n\u01b0\u1edbc ng\u1ea7m, n\u01b0\u1edbc gi\u1ebfng khoan \u0111\u00e3 qua x\u1eed l\u00fd \u2013 <strong>Geyser Meastro<\/strong>\u00a0v\u1eabn c\u00f3 th\u1ebb cho ra ch\u1ea5t l\u01b0\u1ee3ng n\u01b0\u1edbc ph\u00f9 h\u1ee3p nh\u1ea5t v\u1edbi ti\u00eau chu\u1ea9n n\u01b0\u1edbc pha ch\u1ebf cafe c\u1ee7a Hi\u1ec7p h\u1ed9i cafe th\u1ebf gi\u1edbi.<\/p>\n<figure id=\"attachment_66103\" aria-describedby=\"caption-attachment-66103\" style=\"width: 1020px\" class=\"wp-caption alignnone\"><img loading=\"lazy\" decoding=\"async\" class=\"size-large wp-image-66103\" src=\"https:\/\/livinghome.vn\/thiet-bi\/wp-content\/uploads\/loc-nuoc\/geyser\/may-loc-nuoc-thuong-mai-geyser\/may-loc-nuoc-thuong-mai-geyser-meastro-2000\/may-loc-nuoc-thuong-mai-geyser-meastro-2000-2-1067x800.jpg\" alt=\" M\u00e1y l\u1ecdc n\u01b0\u1edbc Geyser Meastro 2000 ch\u00ednh h\u00e3ng cho nh\u00e0 h\u00e0ng, qu\u00e1n c\u00e0 ph\u00ea\" width=\"1020\" height=\"765\" title=\"\"><figcaption id=\"caption-attachment-66103\" class=\"wp-caption-text\">M\u00e1y l\u1ecdc n\u01b0\u1edbc Geyser Meastro 2000 ch\u00ednh h\u00e3ng cho nh\u00e0 h\u00e0ng, qu\u00e1n c\u00e0 ph\u00ea<\/figcaption><\/figure>\n<h3><strong>Th\u00f4ng s\u1ed1 k\u1ef9 thu\u1eadt<\/strong><\/h3>\n<table>\n<tbody>\n<tr>\n<td>T\u00ednh n\u0103ng<\/td>\n<td>M\u00e1y l\u1ecdc n\u01b0\u1edbc \u0103n u\u1ed1ng<\/td>\n<td><\/td>\n<\/tr>\n<tr>\n<td>Model<\/td>\n<td>Geyser Meastro 2000<\/td>\n<\/tr>\n<tr>\n<td>C\u00f4ng su\u1ea5t<\/td>\n<td>2000 l\u00edt\/ ng\u00e0y<\/td>\n<\/tr>\n<tr>\n<td>K\u00edch th\u01b0\u1edbc<\/td>\n<td>450x410x480<\/td>\n<\/tr>\n<tr>\n<td>Tr\u1ecdng l\u01b0\u1ee3ng<\/td>\n<td>27kg<\/td>\n<\/tr>\n<tr>\n<td>Ngu\u1ed3n \u0111i\u1ec7n<\/td>\n<td>110W<\/td>\n<\/tr>\n<tr>\n<td>\u1ee8ng d\u1ee5ng<\/td>\n<td>M\u00e1y l\u1ecdc n\u01b0\u1edbc cho m\u00e1y pha c\u00e0 ph\u00ea<\/td>\n<\/tr>\n<tr>\n<td>Ngu\u1ed3n n\u01b0\u1edbc \u0111\u1ea7u v\u00e0o<\/td>\n<td>N\u01b0\u1edbc ng\u1ea7m \u0111\u00e3 qua x\u1eed l\u00fd(V\u1edbi tr\u01b0\u1eddng h\u1ee3p n\u01b0\u1edbc m\u1eb7t, s\u1eed d\u1ee5ng Typhoon 10BB &amp; Typhoon 20BB)<\/td>\n<\/tr>\n<\/tbody>\n<\/table>\n","protected":false},"excerpt":{"rendered":"<p style=\"text-align: left;\"><strong>M\u00e1y l\u1ecdc n\u01b0\u1edbc Geyser Meastro 2000<\/strong> l\u00e0 d\u00f2ng s\u1ea3n ph\u1ea9m l\u1ecdc n\u01b0\u1edbc \u0111\u01b0\u1ee3c thi\u1ebft k\u1ebf d\u00e0nh ri\u00eang cho pha ch\u1ebf \u0111\u1ed3 u\u1ed1ng, \u0111\u1eb7c bi\u1ec7t l\u00e0 cafe. C\u00f4ng ngh\u1ec7 c\u1ee7a m\u00e1y l\u1ecdc n\u01b0\u1edbc Geyser Meastro cho ph\u00e9p \u0111i\u1ec1u ch\u1ec9nh h\u00e0m l\u01b0\u1ee3ng kho\u00e1ng ch\u1ea5t \u0111\u1ea7u ra gi\u00fap t\u1ed1i \u01b0u h\u00f3a h\u01b0\u01a1ng v\u1ecb v\u00e0 ch\u1ea5t l\u01b0\u1ee3ng t\u00e1ch cafe th\u1ee9 thi\u1ec7t. \u0110\u01b0\u1ee3c nghi\u00ean c\u1ee9u b\u1edfi c\u00e1c chuy\u00ean gia h\u00e0ng \u0111\u1ea7u v\u1ec1 HoReCa, Geyser Meastro l\u00e0 m\u1ed9t s\u1ef1 l\u1ef1a ch\u1ecdn ho\u00e0n h\u1ea3o cho nh\u1eefng t\u00edn t\u1ed3 h\u01b0\u1edbng t\u1edbi m\u1ed9t s\u1ea3n ph\u1ea9m cafe ch\u1ea5t l\u01b0\u1ee3ng cao.<\/p>\n","protected":false},"featured_media":3763,"comment_status":"open","ping_status":"closed","template":"","meta":[],"product_brand":[],"product_cat":[399,412,413],"product_tag":[417,404,438,423,408],"class_list":{"0":"post-3587","1":"product","2":"type-product","3":"status-publish","4":"has-post-thumbnail","6":"product_cat-may-loc-nuoc","7":"product_cat-may-loc-nuoc-geyser","8":"product_cat-thuong-hieu-geyser","9":"product_tag-geyser","10":"product_tag-may-loc-nuoc","11":"product_tag-may-loc-nuoc-danh-cho-nha-hang-quan-cafe","12":"product_tag-may-loc-nuoc-geyser","13":"product_tag-may-loc-nuoc-thuong-mai","15":"first","16":"instock","17":"shipping-taxable","18":"purchasable","19":"product-type-simple"},"_links":{"self":[{"href":"https:\/\/livinghome.vn\/thiet-bi\/wp-json\/wp\/v2\/product\/3587","targetHints":{"allow":["GET"]}}],"collection":[{"href":"https:\/\/livinghome.vn\/thiet-bi\/wp-json\/wp\/v2\/product"}],"about":[{"href":"https:\/\/livinghome.vn\/thiet-bi\/wp-json\/wp\/v2\/types\/product"}],"replies":[{"embeddable":true,"href":"https:\/\/livinghome.vn\/thiet-bi\/wp-json\/wp\/v2\/comments?post=3587"}],"wp:featuredmedia":[{"embeddable":true,"href":"https:\/\/livinghome.vn\/thiet-bi\/wp-json\/wp\/v2\/media\/3763"}],"wp:attachment":[{"href":"https:\/\/livinghome.vn\/thiet-bi\/wp-json\/wp\/v2\/media?parent=3587"}],"wp:term":[{"taxonomy":"product_brand","embeddable":true,"href":"https:\/\/livinghome.vn\/thiet-bi\/wp-json\/wp\/v2\/product_brand?post=3587"},{"taxonomy":"product_cat","embeddable":true,"href":"https:\/\/livinghome.vn\/thiet-bi\/wp-json\/wp\/v2\/product_cat?post=3587"},{"taxonomy":"product_tag","embeddable":true,"href":"https:\/\/livinghome.vn\/thiet-bi\/wp-json\/wp\/v2\/product_tag?post=3587"}],"curies":[{"name":"wp","href":"https:\/\/api.w.org\/{rel}","templated":true}]}}