{"id":3586,"date":"2023-01-12T18:16:07","date_gmt":"2023-01-12T18:16:07","guid":{"rendered":"https:\/\/livinghome.vn\/thiet-bi\/?post_type=product&#038;p=3586"},"modified":"2024-11-29T14:20:17","modified_gmt":"2024-11-29T07:20:17","slug":"may-loc-nuoc-tai-voi-geyser-euro-m-nhap-khau-tu-nga","status":"publish","type":"product","link":"https:\/\/livinghome.vn\/thiet-bi\/may-loc-nuoc-tai-voi-geyser-euro-m-nhap-khau-tu-nga\/","title":{"rendered":"M\u00e1y l\u1ecdc n\u01b0\u1edbc t\u1ea1i v\u00f2i Geyser Euro M &#8211; Nh\u1eadp kh\u1ea9u t\u1eeb Nga"},"content":{"rendered":"<h2><strong>S\u1ea3n ph\u1ea9m M\u00e1y l\u1ecdc n\u01b0\u1edbc t\u1ea1i v\u00f2i Geyser Euro M <\/strong><strong>\u2013 Gi\u1ea3i ph\u00e1p l\u00ed t\u01b0\u1edfng b\u1ea3o v\u1ec7 s\u1ee9c kh\u1ecfe<\/strong><\/h2>\n<p><strong>M\u00e1y l\u1ecdc n\u01b0\u1edbc t\u1ea1i v\u00f2i Geyser Euro M<\/strong> l\u00e0 m\u1ed9t trong nh\u1eefng m\u00e1y l\u1ecdc n\u01b0\u1edbc Nano Geyser c\u1ee7a t\u1eadp \u0111o\u00e0n Geyser Russia \u1ee9ng d\u1ee5ng c\u00f4ng ngh\u1ec7 l\u1ecdc n\u01b0\u1edbc hi\u1ec7n \u0111\u1ea1i \u2013\u00a0\u00a0Aragon 4 in 1 v\u1edbi kh\u1ea3 n\u0103ng x\u1eed l\u00fd v\u01b0\u1ee3t tr\u1ed9i.<\/p>\n<figure id=\"attachment_66092\" aria-describedby=\"caption-attachment-66092\" style=\"width: 800px\" class=\"wp-caption alignnone\"><img loading=\"lazy\" decoding=\"async\" class=\"size-large wp-image-66092\" src=\"https:\/\/livinghome.vn\/thiet-bi\/wp-content\/uploads\/loc-nuoc\/geyser\/may-loc-nuoc-tai-voi-geyser\/may-loc-nuoc-tai-voi-geyser-euro-m\/may-loc-nuoc-tai-voi-geyser-euro-m-8-800x800.jpg\" alt=\"M\u00e1y l\u1ecdc n\u01b0\u1edbc t\u1ea1i v\u00f2i Geyser Euro M\" width=\"800\" height=\"800\" title=\"\"><figcaption id=\"caption-attachment-66092\" class=\"wp-caption-text\">M\u00e1y l\u1ecdc n\u01b0\u1edbc t\u1ea1i v\u00f2i Geyser Euro M<\/figcaption><\/figure>\n<p>\u0110\u00e2y th\u1eadt s\u1ef1 l\u00e0 m\u1ed9t s\u1ea3n ph\u1ea9m tuy\u1ec7t v\u1eddi cho ng\u01b0\u1eddi d\u00f9ng theo ti\u00eau chu\u1ea9n ch\u00e2u \u00c2u gi\u00fap lo\u1ea1i b\u1ecf c\u00e1c t\u1ea1p ch\u1ea5t g\u00e2y h\u1ea1i \u0111\u01b0\u1ee3c x\u1eed l\u00fd bao g\u1ed3m: Clo, d\u01b0 l\u01b0\u1ee3ng thu\u1ed1c b\u1ea3o v\u1ec7 th\u1ef1c v\u1eadt, Formadehydes, kim lo\u1ea1i n\u1eb7ng, h\u1ee3p ch\u1ea5t h\u1eefu c\u01a1, ch\u1ea5t b\u1ea9n r\u1ec9 s\u00e9t, m\u00e0u, m\u00f9i,.. trong n\u01b0\u1edbc sinh ho\u1ea1t h\u1eb1ng ng\u00e0y<\/p>\n<figure id=\"attachment_66088\" aria-describedby=\"caption-attachment-66088\" style=\"width: 800px\" class=\"wp-caption alignnone\"><img loading=\"lazy\" decoding=\"async\" class=\"size-large wp-image-66088\" src=\"https:\/\/livinghome.vn\/thiet-bi\/wp-content\/uploads\/loc-nuoc\/geyser\/may-loc-nuoc-tai-voi-geyser\/may-loc-nuoc-tai-voi-geyser-euro-m\/may-loc-nuoc-tai-voi-geyser-euro-m-1-800x800.jpg\" alt=\"M\u00e1y l\u1ecdc n\u01b0\u1edbc t\u1ea1i v\u00f2i Geyser Euro M\" width=\"800\" height=\"800\" title=\"\"><figcaption id=\"caption-attachment-66088\" class=\"wp-caption-text\">\u1ea2nh minh h\u1ecda v\u1ec1 ch\u1ebf \u0111\u1ed9 l\u1ecdc n\u01b0\u1edbc t\u1ed5ng h\u1ee3p 4 trong 1 c\u1ee7a M\u00e1y l\u1ecdc n\u01b0\u1edbc t\u1ea1i v\u00f2i Geyser Euro M<\/figcaption><\/figure>\n<h3><strong>Th\u00f4ng s\u1ed1 k\u1ef9 thu\u1eadt<\/strong><\/h3>\n<table>\n<tbody>\n<tr>\n<td>M\u00e3 s\u1ea3n ph\u1ea9m<\/td>\n<td>Geyser Euro<\/td>\n<\/tr>\n<tr>\n<td>V\u1ecb tr\u00ed l\u1eafp \u0111\u1eb7t<\/td>\n<td>\u0110\u1ea7u v\u00f2i lavabo<\/td>\n<\/tr>\n<tr>\n<td>C\u00f4ng ngh\u1ec7<\/td>\n<td>Aragon 4 in 1<\/td>\n<\/tr>\n<tr>\n<td>\u1ee8ng d\u1ee5ng<\/td>\n<td>L\u1ecdc n\u01b0\u1edbc \u0111\u00e1nh r\u0103ng, r\u1eeda m\u1eb7t<\/td>\n<\/tr>\n<tr>\n<td>T\u00ednh n\u0103ng \u0111\u1eb7c bi\u1ec7t<\/td>\n<td>N\u01b0\u1edbc t\u1ed1t l\u00e0m \u0111\u1eb9p da<\/td>\n<\/tr>\n<tr>\n<td>Ngu\u1ed3n n\u01b0\u1edbc \u0111\u1ea7u v\u00e0o<\/td>\n<td>N\u01b0\u1edbc m\u00e1y<\/td>\n<\/tr>\n<tr>\n<td>C\u00f4ng su\u1ea5t<\/td>\n<td>60l\/ gi\u1edd<\/td>\n<\/tr>\n<tr>\n<td>K\u00edch th\u01b0\u1edbc<\/td>\n<td>20x100x20<\/td>\n<\/tr>\n<tr>\n<td>T\u00ednh n\u0103ng<\/td>\n<td>M\u00e1y l\u1ecdc n\u01b0\u1edbc t\u1ea1i v\u00f2i<\/td>\n<\/tr>\n<\/tbody>\n<\/table>\n<h3><strong>C\u1ea5u t\u1ea1o chi ti\u1ebft<\/strong><\/h3>\n<p>M\u00e1y l\u1ecdc n\u01b0\u1edbc t\u1ea1i v\u00f2i Geyser Euro M c\u00f3 c\u1ea5u t\u1ea1o g\u1ed3m:<\/p>\n<ul>\n<li dir=\"ltr\">\n<p dir=\"ltr\" role=\"presentation\">Th\u00e2n m\u00e1y (l\u1edbp m\u1ea1 b\u00f3ng) m\u00e0u s\u00e1ng.<\/p>\n<\/li>\n<li dir=\"ltr\">\n<p dir=\"ltr\" role=\"presentation\">Th\u00e2n m\u00e1y (l\u1edbp nh\u1ef1a th\u1ef1c ph\u1ea9m nguy\u00ean sinh)<\/p>\n<\/li>\n<li dir=\"ltr\">\n<p dir=\"ltr\" role=\"presentation\">H\u1ec7 th\u1ed1ng gio\u0103ng \u0111\u1ec7m, l\u00f5i l\u1ecdc Aragon<\/p>\n<\/li>\n<li dir=\"ltr\">\n<p dir=\"ltr\" role=\"presentation\">H\u1ec7 th\u1ed1ng n\u1eafp m\u00e1y<\/p>\n<\/li>\n<li dir=\"ltr\">\n<p dir=\"ltr\" role=\"presentation\">B\u1ed9 chia n\u01b0\u1edbc g\u1eafn v\u00f2i Lavabo<\/p>\n<\/li>\n<li dir=\"ltr\">\n<p dir=\"ltr\" role=\"presentation\">C\u1ea7u n\u1ed1i v\u1edbi b\u1ed9 l\u1ecdc 2 chi\u1ec1u<\/p>\n<\/li>\n<li dir=\"ltr\">\n<p dir=\"ltr\" role=\"presentation\">Van \u0111\u1ea3o chi\u1ec1u (l\u1ea5y n\u01b0\u1edbc tr\u1ef1c ti\u1ebfp ho\u1eb7c qua b\u1ed9 l\u1ecdc Geyser Euro)<\/p>\n<\/li>\n<\/ul>\n<figure id=\"attachment_66091\" aria-describedby=\"caption-attachment-66091\" style=\"width: 1020px\" class=\"wp-caption alignnone\"><img loading=\"lazy\" decoding=\"async\" class=\"size-large wp-image-66091\" src=\"https:\/\/livinghome.vn\/thiet-bi\/wp-content\/uploads\/loc-nuoc\/geyser\/may-loc-nuoc-tai-voi-geyser\/may-loc-nuoc-tai-voi-geyser-euro-m\/may-loc-nuoc-tai-voi-geyser-euro-m-2-1067x800.jpg\" alt=\"M\u00e1y l\u1ecdc n\u01b0\u1edbc t\u1ea1i v\u00f2i Geyser Euro M\" width=\"1020\" height=\"765\" title=\"\"><figcaption id=\"caption-attachment-66091\" class=\"wp-caption-text\">H\u00ecnh \u1ea3nh th\u1ef1c t\u1ebf v\u00f2i n\u01b0\u1edbc M\u00e1y l\u1ecdc n\u01b0\u1edbc t\u1ea1i v\u00f2i Geyser Euro M<\/figcaption><\/figure>\n<p dir=\"ltr\" role=\"presentation\">Th\u00f4ng tin th\u00eam:<\/p>\n<ul>\n<li dir=\"ltr\">\n<p dir=\"ltr\" role=\"presentation\">L\u01b0u l\u01b0\u1ee3ng l\u1ecdc \u0111\u1ec1 xu\u1ea5t t\u1eeb Nh\u00e0 S\u1ea3n Xu\u1ea5t: 0.5 l\/p.<\/p>\n<\/li>\n<li dir=\"ltr\">\n<p dir=\"ltr\" role=\"presentation\">Tu\u1ed5i th\u1ecd l\u00f5i l\u1ecdc: T\u1ed1i \u0111a 3000 l\u00edt (ho\u00e0n nguy\u00ean \u0111\u1ecbnh k\u1ef3 300 l\u00edt\/ l\u1ea7n)<\/p>\n<\/li>\n<li dir=\"ltr\">\n<p dir=\"ltr\" role=\"presentation\">Th\u1eddi gian thay l\u00f5i: 4 th\u00e1ng.<\/p>\n<\/li>\n<li dir=\"ltr\">\n<p dir=\"ltr\" role=\"presentation\">\u1ee8ng d\u1ee5ng: L\u1ea5y n\u01b0\u1edbc r\u1eeda m\u1eb7t, \u0111\u00e1nh r\u0103ng, ch\u0103m s\u00f3c da m\u1eb7t, r\u1eeda rau s\u1ed1ng,.., l\u1eafp \u0111\u1eb7t t\u1ea1i c\u00e1c \u0111\u1ea7u v\u00f2i Lavabo ph\u00f2ng b\u1ebfp, ph\u00f2ng t\u1eafm, ph\u00f2ng v\u1ec7 sinh gia \u0111\u00ecnh.<\/p>\n<\/li>\n<\/ul>\n<figure id=\"attachment_66093\" aria-describedby=\"caption-attachment-66093\" style=\"width: 1020px\" class=\"wp-caption alignnone\"><img loading=\"lazy\" decoding=\"async\" class=\"size-large wp-image-66093\" src=\"https:\/\/livinghome.vn\/thiet-bi\/wp-content\/uploads\/loc-nuoc\/geyser\/may-loc-nuoc-tai-voi-geyser\/may-loc-nuoc-tai-voi-geyser-euro-m\/may-loc-nuoc-tai-voi-geyser-euro-m-3-1067x800.jpg\" alt=\"M\u00e1y l\u1ecdc n\u01b0\u1edbc t\u1ea1i v\u00f2i Geyser Euro M\" width=\"1020\" height=\"765\" title=\"\"><figcaption id=\"caption-attachment-66093\" class=\"wp-caption-text\">Ph\u1ee5 ki\u1ec7n \u0111i k\u00e8m M\u00e1y l\u1ecdc n\u01b0\u1edbc t\u1ea1i v\u00f2i Geyser Euro M<\/figcaption><\/figure>\n<p>&nbsp;<\/p>\n<figure id=\"attachment_66097\" aria-describedby=\"caption-attachment-66097\" style=\"width: 800px\" class=\"wp-caption alignnone\"><img loading=\"lazy\" decoding=\"async\" class=\"size-large wp-image-66097\" src=\"https:\/\/livinghome.vn\/thiet-bi\/wp-content\/uploads\/loc-nuoc\/geyser\/may-loc-nuoc-tai-voi-geyser\/may-loc-nuoc-tai-voi-geyser-euro-m\/may-loc-nuoc-tai-voi-geyser-euro-m-7-800x800.jpg\" alt=\"M\u00e1y l\u1ecdc n\u01b0\u1edbc t\u1ea1i v\u00f2i Geyser Euro M\" width=\"800\" height=\"800\" title=\"\"><figcaption id=\"caption-attachment-66097\" class=\"wp-caption-text\">M\u1eb7t tr\u01b0\u1edbc s\u1ea3n ph\u1ea9m M\u00e1y l\u1ecdc n\u01b0\u1edbc t\u1ea1i v\u00f2i Geyser Euro M<\/figcaption><\/figure>\n<p>&nbsp;<\/p>\n<figure id=\"attachment_66094\" aria-describedby=\"caption-attachment-66094\" style=\"width: 800px\" class=\"wp-caption alignnone\"><img loading=\"lazy\" decoding=\"async\" class=\"size-large wp-image-66094\" src=\"https:\/\/livinghome.vn\/thiet-bi\/wp-content\/uploads\/loc-nuoc\/geyser\/may-loc-nuoc-tai-voi-geyser\/may-loc-nuoc-tai-voi-geyser-euro-m\/may-loc-nuoc-tai-voi-geyser-euro-m-6-800x800.jpg\" alt=\"M\u00e1y l\u1ecdc n\u01b0\u1edbc t\u1ea1i v\u00f2i Geyser Euro M\" width=\"800\" height=\"800\" title=\"\"><figcaption id=\"caption-attachment-66094\" class=\"wp-caption-text\">M\u1eb7t sau s\u1ea3n ph\u1ea9m M\u00e1y l\u1ecdc n\u01b0\u1edbc t\u1ea1i v\u00f2i Geyser Euro M<\/figcaption><\/figure>\n<h3><strong>L\u1ee3i \u00edch<\/strong><\/h3>\n<p dir=\"ltr\">V\u1edbi vi\u1ec7c\u00a0s\u1eed d\u1ee5ng c\u00e1c b\u1ed9 l\u1ecdc g\u1eafn t\u1ea1i c\u00e1c \u0111\u1ea7u v\u00f2i \u0111\u1ec3 s\u1eed d\u1ee5ng cho vi\u1ec7c sinh ho\u1ea1t nh\u01b0 \u0111\u00e1nh r\u0103ng, r\u1eeda m\u1eb7t,\u00a0n\u1ea5u \u0103n l\u00e0 v\u00f4 c\u00f9ng c\u1ea7n thi\u1ebft cho c\u00e1c gia \u0111\u00ecnh ngo\u00e0i c\u00e1c b\u1ed9 l\u1ecdc n\u01b0\u1edbc d\u00f9ng \u0111\u1ec3 u\u1ed1ng.<\/p>\n<blockquote class=\"nuoc_sach_dep_da\" cite=\"https:\/\/www.geyser.com.vn\/san-pham\/may-loc-tai-voi-geyser-euro-m\/#voi_loc_nuoc_sach_tien_loi_cao_cap\/\">\n<p dir=\"ltr\"><strong>Geyser Euro M<\/strong>\u00a0gi\u00fap ch\u00fang ta c\u00f3 th\u1ec3\u00a0b\u1ea3o v\u1ec7\u00a0s\u1ee9c kh\u1ecfe m\u1ed9t c\u00e1ch\u00a0to\u00e0n di\u1ec7n nh\u1ea5t t\u1eeb ngu\u1ed3n n\u01b0\u1edbc sinh ho\u1ea1t h\u1eb1ng ng\u00e0y, kh\u00f4ng nh\u1eefng cung c\u1ea5p cho gia \u0111\u00ecnh m\u1ed9t ngu\u1ed3n n\u01b0\u1edbc s\u1ea1ch b\u1ea3o v\u1ec7 s\u1ee9c kh\u1ecfe m\u00e0 c\u00f2n gi\u00fap l\u00e0n da tr\u1eafng \u0111\u1eb9p m\u1ed7i ng\u00e0y.<\/p>\n<\/blockquote>\n<figure id=\"attachment_66096\" aria-describedby=\"caption-attachment-66096\" style=\"width: 800px\" class=\"wp-caption alignnone\"><img loading=\"lazy\" decoding=\"async\" class=\"size-large wp-image-66096\" src=\"https:\/\/livinghome.vn\/thiet-bi\/wp-content\/uploads\/loc-nuoc\/geyser\/may-loc-nuoc-tai-voi-geyser\/may-loc-nuoc-tai-voi-geyser-euro-m\/may-loc-nuoc-tai-voi-geyser-euro-m-5-800x800.jpg\" alt=\"M\u00e1y l\u1ecdc n\u01b0\u1edbc t\u1ea1i v\u00f2i Geyser Euro M\" width=\"800\" height=\"800\" title=\"\"><figcaption id=\"caption-attachment-66096\" class=\"wp-caption-text\">M\u00e1y l\u1ecdc n\u01b0\u1edbc t\u1ea1i v\u00f2i Geyser Euro M \u0111\u01b0\u1ee3c trang b\u1ecb v\u00f2i lo\u1ea1i b\u1ecf clo, m\u00e0u m\u00f9i \u1edf rau c\u1ee7 qu\u1ea3<\/figcaption><\/figure>\n<p>&nbsp;<\/p>\n<figure id=\"attachment_66090\" aria-describedby=\"caption-attachment-66090\" style=\"width: 800px\" class=\"wp-caption alignnone\"><img loading=\"lazy\" decoding=\"async\" class=\"size-large wp-image-66090\" src=\"https:\/\/livinghome.vn\/thiet-bi\/wp-content\/uploads\/loc-nuoc\/geyser\/may-loc-nuoc-tai-voi-geyser\/may-loc-nuoc-tai-voi-geyser-euro-m\/may-loc-nuoc-tai-voi-geyser-euro-m-10-800x800.jpg\" alt=\"M\u00e1y l\u1ecdc n\u01b0\u1edbc t\u1ea1i v\u00f2i Geyser Euro M\" width=\"800\" height=\"800\" title=\"\"><figcaption id=\"caption-attachment-66090\" class=\"wp-caption-text\">M\u00e1y l\u1ecdc t\u1ea1i v\u00f2i Geyser EURO M gi\u00fap l\u00e0m \u0111\u1eb9p t\u1eeb n\u01b0\u1edbc th\u1ec3 Aragonnite<\/figcaption><\/figure>\n<p>L\u01b0u \u00fd: Thi\u1ebft b\u1ecb l\u1ecdc n\u01b0\u1edbc t\u1ea1i v\u00f2i kh\u00f4ng thay th\u1ebf \u0111\u01b0\u1ee3c ch\u1ee9c n\u0103ng c\u1ee7a m\u00e1y l\u1ecdc n\u01b0\u1edbc \u0103n u\u1ed1ng gia \u0111\u00ecnh<\/p>\n<h4 dir=\"ltr\"><strong>Ki\u1ec3m ch\u1ee9ng th\u1ef1c t\u1ebf kh\u1ea3 n\u0103ng x\u1eed l\u00fd n\u01b0\u1edbc c\u1ee7a M\u00e1y l\u1ecdc n\u01b0\u1edbc t\u1ea1i v\u00f2i Geyser Euro M<\/strong><\/h4>\n<table>\n<tbody>\n<tr>\n<td>\n<p dir=\"ltr\">N\u01b0\u1edbc \u0111\u00f4 th\u1ecb<\/p>\n<\/td>\n<td>\n<p dir=\"ltr\">150 L<\/p>\n<\/td>\n<td>\n<p dir=\"ltr\">1000 L<\/p>\n<\/td>\n<td>\n<p dir=\"ltr\">3000 L<\/p>\n<\/td>\n<\/tr>\n<tr>\n<td>\n<p dir=\"ltr\">Ch\u1ea5t r\u1eafn l\u01a1 l\u1eedng&gt; 5 mm<\/p>\n<\/td>\n<td>\n<p dir=\"ltr\">100%<\/p>\n<\/td>\n<td>\n<p dir=\"ltr\">100%<\/p>\n<\/td>\n<td>\n<p dir=\"ltr\">100%<\/p>\n<\/td>\n<\/tr>\n<tr>\n<td>\n<p dir=\"ltr\">\u0110\u1ed9 \u0111\u1ee5c<\/p>\n<\/td>\n<td>\n<p dir=\"ltr\">95%<\/p>\n<\/td>\n<td>\n<p dir=\"ltr\">100%<\/p>\n<\/td>\n<td>\n<p dir=\"ltr\">100%<\/p>\n<\/td>\n<\/tr>\n<tr>\n<td>\n<p dir=\"ltr\">M\u00e0u s\u1eafc<\/p>\n<\/td>\n<td>\n<p dir=\"ltr\">87%<\/p>\n<\/td>\n<td>\n<p dir=\"ltr\">90%<\/p>\n<\/td>\n<td>\n<p dir=\"ltr\">90%<\/p>\n<\/td>\n<\/tr>\n<tr>\n<td>\n<p dir=\"ltr\">Clo<\/p>\n<\/td>\n<td>\n<p dir=\"ltr\">99%<\/p>\n<\/td>\n<td>\n<p dir=\"ltr\">95%<\/p>\n<\/td>\n<td>\n<p dir=\"ltr\">95%<\/p>\n<\/td>\n<\/tr>\n<tr>\n<td>\n<p dir=\"ltr\">Ch\u00ec, Cadmium, Caesium-137<\/p>\n<\/td>\n<td>\n<p dir=\"ltr\">95%<\/p>\n<\/td>\n<td>\n<p dir=\"ltr\">95%<\/p>\n<\/td>\n<td>\n<p dir=\"ltr\">95%<\/p>\n<\/td>\n<\/tr>\n<tr>\n<td>\n<p dir=\"ltr\">S\u1eaft t\u1ed5ng c\u1ed9ng<\/p>\n<\/td>\n<td>\n<p dir=\"ltr\">85%<\/p>\n<\/td>\n<td>\n<p dir=\"ltr\">90%<\/p>\n<\/td>\n<td>\n<p dir=\"ltr\">90%<\/p>\n<\/td>\n<\/tr>\n<tr>\n<td>\n<p dir=\"ltr\">H\u1ee3p ch\u1ea5t h\u1eefu c\u01a1<\/p>\n<\/td>\n<td>\n<p dir=\"ltr\">95%<\/p>\n<\/td>\n<td>\n<p dir=\"ltr\">95%<\/p>\n<\/td>\n<td>\n<p dir=\"ltr\">95%<\/p>\n<\/td>\n<\/tr>\n<\/tbody>\n<\/table>\n<p>L\u01b0u \u00fd:\u00a0kh\u1ea3 n\u0103ng x\u1eed l\u00fd th\u1ef1c t\u1ebf c\u00f2n ph\u1ee5 thu\u1ed9c v\u00e0o ch\u1ea5t l\u01b0\u1ee3ng n\u01b0\u1edbc \u0111\u1ea7u v\u00e0o, l\u00f5i c\u1ea7n ho\u00e0n nguy\u00ean theo ti\u00eau chu\u1ea9n 300 l\u00edt\/ l\u1ea7n.<\/p>\n<h3><strong>L\u1eafp \u0111\u1eb7t v\u00e0 s\u1eed d\u1ee5ng<\/strong><\/h3>\n<p>M\u00e1y l\u1ecdc n\u01b0\u1edbc t\u1ea1i v\u00f2i <strong>Geyser Euro M<\/strong> \u0111\u01b0\u1ee3c l\u1eafp \u0111\u1eb7t r\u1ea5t \u0111\u01a1n gi\u1ea3n v\u00e0 nhanh ch\u00f3ng c\u00f9ng b\u1ed9 ph\u1ee5 ki\u1ec7n k\u00e8m m\u00e1y. Kh\u00e1ch h\u00e0ng 100% c\u00f3 th\u1ec3 t\u1ef1 l\u1eafp \u0111\u1eb7t, thay l\u00f5i t\u1ea1i nh\u00e0 v\u1edbi nh\u1eefng thao t\u00e1c r\u1ea5t \u0111\u01a1n gi\u1ea3n:<\/p>\n<figure id=\"attachment_66089\" aria-describedby=\"caption-attachment-66089\" style=\"width: 800px\" class=\"wp-caption alignnone\"><img loading=\"lazy\" decoding=\"async\" class=\"size-large wp-image-66089\" src=\"https:\/\/livinghome.vn\/thiet-bi\/wp-content\/uploads\/loc-nuoc\/geyser\/may-loc-nuoc-tai-voi-geyser\/may-loc-nuoc-tai-voi-geyser-euro-m\/may-loc-nuoc-tai-voi-geyser-euro-m-9-800x800.jpg\" alt=\"M\u00e1y l\u1ecdc n\u01b0\u1edbc t\u1ea1i v\u00f2i Geyser Euro M\" width=\"800\" height=\"800\" title=\"\"><figcaption id=\"caption-attachment-66089\" class=\"wp-caption-text\">Thao t\u00e1c s\u1eed d\u1ee5ng M\u00e1y l\u1ecdc n\u01b0\u1edbc t\u1ea1i v\u00f2i Geyser Euro M<\/figcaption><\/figure>\n<p>&nbsp;<\/p>\n<figure id=\"attachment_66095\" aria-describedby=\"caption-attachment-66095\" style=\"width: 800px\" class=\"wp-caption alignnone\"><img loading=\"lazy\" decoding=\"async\" class=\"size-large wp-image-66095\" src=\"https:\/\/livinghome.vn\/thiet-bi\/wp-content\/uploads\/loc-nuoc\/geyser\/may-loc-nuoc-tai-voi-geyser\/may-loc-nuoc-tai-voi-geyser-euro-m\/may-loc-nuoc-tai-voi-geyser-euro-m-4-800x800.jpg\" alt=\"M\u00e1y l\u1ecdc n\u01b0\u1edbc t\u1ea1i v\u00f2i Geyser Euro M\" width=\"800\" height=\"800\" title=\"\"><figcaption id=\"caption-attachment-66095\" class=\"wp-caption-text\">Thao t\u00e1c thay l\u00f5i l\u1ecdc M\u00e1y l\u1ecdc n\u01b0\u1edbc t\u1ea1i v\u00f2i Geyser Euro M<\/figcaption><\/figure>\n<p>&nbsp;<\/p>\n","protected":false},"excerpt":{"rendered":"<p style=\"text-align: left;\"><strong>M\u00e1y l\u1ecdc n\u01b0\u1edbc t\u1ea1i v\u00f2i Geyser Euro M<\/strong> l\u00e0 m\u1ed9t s\u1ea3n ph\u1ea9m c\u1ee7a t\u1eadp \u0111o\u00e0n Geyser LB Nga v\u1edbi c\u00f4ng ngh\u1ec7 l\u1ecdc Aragon 4 in 1 bao g\u1ed3m qu\u00e1 tr\u00ecnh l\u1ecdc b\u1eb1ng khe h\u1edf, h\u1ea5p ph\u1ee5, trao \u0111\u1ed5i ion, di\u1ec7t khu\u1ea9n, tu\u1ed1i th\u1ecd l\u00f5i l\u1ecdc c\u00f3 th\u1ec3 l\u00ean t\u1edbi 3000 l\u00edt (khi ho\u00e0n nguy\u00ean \u0111\u1ecbnh k\u1ef3 300 l\u00edt\/ l\u1ea7n), th\u00edch h\u1ee3p s\u1eed d\u1ee5ng g\u1eafn v\u00f2i Lavabo cho r\u1eeda m\u1eb7t, \u0111\u00e1nh r\u0103ng, r\u1eeda rau c\u1ee7 qu\u1ea3,.. trong gia \u0111\u00ecnh<\/p>\n","protected":false},"featured_media":3753,"comment_status":"open","ping_status":"closed","template":"","meta":[],"product_brand":[],"product_cat":[399,412,413],"product_tag":[417,404,423,437],"class_list":{"0":"post-3586","1":"product","2":"type-product","3":"status-publish","4":"has-post-thumbnail","6":"product_cat-may-loc-nuoc","7":"product_cat-may-loc-nuoc-geyser","8":"product_cat-thuong-hieu-geyser","9":"product_tag-geyser","10":"product_tag-may-loc-nuoc","11":"product_tag-may-loc-nuoc-geyser","12":"product_tag-may-loc-nuoc-tai-voi","14":"first","15":"instock","16":"shipping-taxable","17":"purchasable","18":"product-type-simple"},"_links":{"self":[{"href":"https:\/\/livinghome.vn\/thiet-bi\/wp-json\/wp\/v2\/product\/3586","targetHints":{"allow":["GET"]}}],"collection":[{"href":"https:\/\/livinghome.vn\/thiet-bi\/wp-json\/wp\/v2\/product"}],"about":[{"href":"https:\/\/livinghome.vn\/thiet-bi\/wp-json\/wp\/v2\/types\/product"}],"replies":[{"embeddable":true,"href":"https:\/\/livinghome.vn\/thiet-bi\/wp-json\/wp\/v2\/comments?post=3586"}],"wp:featuredmedia":[{"embeddable":true,"href":"https:\/\/livinghome.vn\/thiet-bi\/wp-json\/wp\/v2\/media\/3753"}],"wp:attachment":[{"href":"https:\/\/livinghome.vn\/thiet-bi\/wp-json\/wp\/v2\/media?parent=3586"}],"wp:term":[{"taxonomy":"product_brand","embeddable":true,"href":"https:\/\/livinghome.vn\/thiet-bi\/wp-json\/wp\/v2\/product_brand?post=3586"},{"taxonomy":"product_cat","embeddable":true,"href":"https:\/\/livinghome.vn\/thiet-bi\/wp-json\/wp\/v2\/product_cat?post=3586"},{"taxonomy":"product_tag","embeddable":true,"href":"https:\/\/livinghome.vn\/thiet-bi\/wp-json\/wp\/v2\/product_tag?post=3586"}],"curies":[{"name":"wp","href":"https:\/\/api.w.org\/{rel}","templated":true}]}}