{"id":3572,"date":"2023-01-12T18:16:05","date_gmt":"2023-01-12T18:16:05","guid":{"rendered":"https:\/\/livinghome.vn\/thiet-bi\/?post_type=product&#038;p=3572"},"modified":"2024-11-29T14:20:18","modified_gmt":"2024-11-29T07:20:18","slug":"may-loc-nuoc-gan-voi-geyser-aqua-nhap-khau-chau-au","status":"publish","type":"product","link":"https:\/\/livinghome.vn\/thiet-bi\/may-loc-nuoc-gan-voi-geyser-aqua-nhap-khau-chau-au\/","title":{"rendered":"M\u00e1y l\u1ecdc n\u01b0\u1edbc g\u1eafn v\u00f2i Geyser Aqua nh\u1eadp kh\u1ea9u ch\u00e2u \u00c2u"},"content":{"rendered":"<h2><strong>S\u1ea3n ph\u1ea9m M\u00e1y l\u1ecdc n\u01b0\u1edbc g\u1eafn v\u00f2i Geyser Aqua nh\u1eadp kh\u1ea9u ch\u00e2u \u00c2u<\/strong><\/h2>\n<p><strong>M\u00e1y l\u1ecdc n\u01b0\u1edbc g\u1eafn v\u00f2i Geyser Aqua<\/strong>\u00a0\u0111\u01b0\u1ee3c s\u1ea3n xu\u1ea5t b\u1edfi t\u1eadp \u0111o\u00e0n Geyser Li\u00ean Bang Nga, l\u00e0 d\u00f2ng m\u00e1y g\u1eafn v\u00f2i \u0111\u1ec3 b\u00e0n chu\u1ea9n 10 inch v\u1edbi ch\u1ea5t li\u1ec7u \u0111\u01b0\u1ee3c l\u00e0m t\u1eeb nh\u1ef1a nguy\u00ean sinh cao c\u1ea5p c\u00f3 t\u00ednh an to\u00e0n cao.<br \/>\nLo\u1ea1i b\u1ecf ho\u00e0n to\u00e0n clo v\u00e0 c\u00e1c s\u1ea3n ph\u1ea9m ph\u1ee5 c\u1ee7a clo nh\u01b0 Trilohamethan(THMs), m\u00e0u, m\u00f9i, kim lo\u1ea1i n\u1eb7ng v\u00e0 vi khu\u1ea9n, virus trong n\u01b0\u1edbc.<\/p>\n<figure id=\"attachment_65921\" aria-describedby=\"caption-attachment-65921\" style=\"width: 800px\" class=\"wp-caption alignnone\"><img loading=\"lazy\" decoding=\"async\" class=\"size-large wp-image-65921\" src=\"https:\/\/livinghome.vn\/thiet-bi\/wp-content\/uploads\/loc-nuoc\/geyser\/may-loc-gan-voi-geyser\/may-loc-gan-voi-geyser-aqua\/may-loc-gan-voi-geyser-aqua-5-800x800.jpg\" alt=\"M\u00e1y l\u1ecdc n\u01b0\u1edbc g\u1eafn v\u00f2i Geyser Aqua nh\u1eadp kh\u1ea9u ch\u00e2u \u00c2u\" width=\"800\" height=\"800\" title=\"\"><figcaption id=\"caption-attachment-65921\" class=\"wp-caption-text\">M\u00e1y l\u1ecdc n\u01b0\u1edbc g\u1eafn v\u00f2i Geyser Aqua nh\u1eadp kh\u1ea9u ch\u00e2u \u00c2u<\/figcaption><\/figure>\n<h3><strong>L\u00fd do l\u1ef1a ch\u1ecdn<\/strong><\/h3>\n<p>N\u01b0\u1edbc \u0111\u00f3ng m\u1ed9t vai tr\u00f2 quan tr\u1ecdng trong cu\u1ed9c s\u1ed1ng c\u1ee7a con ng\u01b0\u1eddi. Tuy nhi\u00ean, th\u1ef1c tr\u1ea1ng ngu\u1ed3n n\u01b0\u1edbc b\u1ecb \u00f4 nhi\u1ec5m \u0111ang kh\u00f4ng ng\u1eebng t\u0103ng l\u00e0m \u1ea3nh h\u01b0\u1edfng nghi\u00eam tr\u1ecdng t\u1edbi s\u1ee9c kh\u1ecfe. M\u00f4i tr\u01b0\u1eddng \u0111ang d\u1ea7n tr\u1edf n\u00ean \u00f4 nhi\u1ec5m k\u00e9o theo ngu\u1ed3n n\u01b0\u1edbc ng\u00e0y c\u00e0ng nhi\u1ec5m nhi\u1ec1u ch\u1ea5t \u0111\u1ed9c h\u1ea1i, c\u00e1c t\u00e1c nh\u00e2n g\u00e2y ung th\u01b0.<br \/>\nB\u1ea3o v\u1ec7 ngu\u1ed3n n\u01b0\u1edbc \u0103n u\u1ed1ng l\u00e0 ch\u01b0a \u0111\u1ee7, t\u00e1c nh\u00e2n g\u00e2y h\u1ea1i trong n\u01b0\u1edbc(clo v\u00e0 nh\u1eefng s\u1ea3n ph\u1ea9m ph\u1ee5 c\u1ee7a clo, \u0111i\u1ec3n h\u00ecnh l\u00e0 nh\u00e2n g\u00e2y ung th\u01b0 Trilohamethan(THMs) d\u1ec5 d\u00e0ng x\u00e2m nh\u1eadp v\u00e0o c\u01a1 th\u1ec3 trong qu\u00e1 tr\u00ecnh \u0111\u00e1nh r\u0103ng, r\u1eeda m\u1eb7t.<\/p>\n<figure id=\"attachment_65924\" aria-describedby=\"caption-attachment-65924\" style=\"width: 800px\" class=\"wp-caption alignnone\"><img loading=\"lazy\" decoding=\"async\" class=\"size-large wp-image-65924\" src=\"https:\/\/livinghome.vn\/thiet-bi\/wp-content\/uploads\/loc-nuoc\/geyser\/may-loc-gan-voi-geyser\/may-loc-gan-voi-geyser-aqua\/may-loc-gan-voi-geyser-aqua-2-800x800.jpg\" alt=\"M\u00e1y l\u1ecdc n\u01b0\u1edbc g\u1eafn v\u00f2i Geyser Aqua nh\u1eadp kh\u1ea9u ch\u00e2u \u00c2u\" width=\"800\" height=\"800\" title=\"\"><figcaption id=\"caption-attachment-65924\" class=\"wp-caption-text\">M\u00e1y l\u1ecdc n\u01b0\u1edbc g\u1eafn v\u00f2i Geyser Aqua s\u1ea3n xu\u1ea5t t\u1ea1i ch\u00e2u \u00c2u<\/figcaption><\/figure>\n<p>Ng\u00e0y nay, m\u00e1y l\u1ecdc n\u01b0\u1edbc \u0103n u\u1ed1ng gia \u0111\u00ecnh \u0111ang d\u1ea7n tr\u1edf th\u00e0nh thi\u1ebft b\u1ecb \u201cnh\u1ea5t-\u0111\u1ecbnh-ph\u1ea3i-c\u00f3\u201d \u1edf m\u1ed7i gia \u0111\u00ecnh. Tuy nhi\u00ean, theo c\u00e1c nghi\u00ean c\u1ee9u khoa h\u1ecdc, t\u00e1c nh\u00e2n g\u00e2y ung th\u01b0 v\u00e0 c\u00e1c ch\u1ea5t \u0111\u1ed9c h\u1ea1i d\u1ec5 d\u00e0ng x\u00e2m nh\u1eadp qua da \u0111i v\u00e0o c\u01a1 th\u1ec3 cao h\u01a1n l\u00e0 \u0111i qua \u0111\u01b0\u1eddng mi\u1ec7ng.<br \/>\nV\u00ec v\u1eady, vi\u1ec7c \u0111\u1ea3m b\u1ea3o s\u1ee9c kh\u1ecfe t\u1eeb ngu\u1ed3n n\u01b0\u1edbc \u0103n u\u1ed1ng l\u00e0 ch\u01b0a \u0111\u1ee7. Vai tr\u00f2 c\u1ee7a m\u00e1y l\u1ecdc n\u01b0\u1edbc sinh ho\u1ea1t g\u1eafn v\u00f2i c\u0169ng QUAN TR\u1eccNG KH\u00d4NG K\u00c9M m\u00e1y l\u1ecdc n\u01b0\u1edbc \u0103n u\u1ed1ng.<\/p>\n<h3><strong>T\u00ednh n\u0103ng n\u1ed5i b\u1eadt<\/strong><\/h3>\n<h4><strong>C\u00f4ng ngh\u1ec7 6 in 1<\/strong><\/h4>\n<p><strong>M\u00e1y l\u1ecdc n\u01b0\u1edbc g\u1eafn v\u00f2i Geyser Aqua<\/strong> s\u1eed d\u1ee5ng l\u00f5i l\u1ecdc nano t\u1ed5ng h\u1ee3p 6 trong 1 \u2013 c\u00f4ng ngh\u1ec7 \u0111\u1ed9c quy\u1ec1n c\u1ee7a Geyser Li\u00ean Bang Nga v\u00e0 \u0111\u00e3 \u0111\u01b0\u1ee3c \u0111\u01b0\u1ee3c c\u1ea5p ph\u00e9p b\u1eb1ng ph\u00e1t minh s\u00e1ng ch\u1ebf.<\/p>\n<p>C\u00f4ng ngh\u1ec7 nano t\u1ed5ng h\u1ee3p 6 in 1 cho ph\u00e9p t\u1ea1o ra ngu\u1ed3n n\u01b0\u1edbc an to\u00e0n: Lo\u1ea1i b\u1ecf ho\u00e0n to\u00e0n clo v\u00e0 c\u00e1c s\u1ea3n ph\u1ea9m ph\u1ee5 c\u1ee7a clo nh\u01b0 Trilohamethan(THMs), m\u00e0u, m\u00f9i, kim lo\u1ea1i n\u1eb7ng v\u00e0 vi khu\u1ea9n, virus trong n\u01b0\u1edbc.<\/p>\n<figure id=\"attachment_65920\" aria-describedby=\"caption-attachment-65920\" style=\"width: 800px\" class=\"wp-caption alignnone\"><img loading=\"lazy\" decoding=\"async\" class=\"size-large wp-image-65920\" src=\"https:\/\/livinghome.vn\/thiet-bi\/wp-content\/uploads\/loc-nuoc\/geyser\/may-loc-gan-voi-geyser\/may-loc-gan-voi-geyser-aqua\/may-loc-gan-voi-geyser-aqua-6-800x800.jpg\" alt=\"M\u00e1y l\u1ecdc n\u01b0\u1edbc g\u1eafn v\u00f2i Geyser Aqua nh\u1eadp kh\u1ea9u ch\u00e2u \u00c2u\" width=\"800\" height=\"800\" title=\"\"><figcaption id=\"caption-attachment-65920\" class=\"wp-caption-text\">M\u00e1y l\u1ecdc n\u01b0\u1edbc g\u1eafn v\u00f2i Geyser Aqua ch\u00ednh h\u00e3ng<\/figcaption><\/figure>\n<h4><strong>C\u00f4ng ngh\u1ec7 Quasi-Softening<\/strong><\/h4>\n<p>B\u00ean c\u1ea1nh c\u00f4ng ngh\u1ec7 nano t\u1ed5ng h\u1ee3p 6 in 1, <strong>M\u00e1y l\u1ecdc n\u01b0\u1edbc g\u1eafn v\u00f2i Geyser Aqua<\/strong>\u00a0c\u00f2n \u0111\u01b0\u1ee3c t\u00edch h\u1ee3p c\u00f4ng ngh\u1ec7 Quasi-Softening \u2013 C\u00f4ng ngh\u1ec7 \u0111\u00e3 \u0111\u01b0\u1ee3c c\u1ea5p b\u1eb1ng ph\u00e1t minh s\u00e1ng ch\u1ebf t\u1ea1i Nga \u2013 Gi\u00fap\u00a0<strong>Geyser Aqua<\/strong> chuy\u1ec3n \u0111\u1ed5i c\u1ea5u tr\u00fac canxi th\u00f4ng th\u01b0\u1eddng sang Aragonite \u2013 C\u1ea5u tr\u00fac tinh th\u1ec3 c\u1ee7a canxi c\u1ea5u t\u1ea1o n\u00ean b\u1ed9t ng\u1ecdc trai \u2013 Ch\u00ednh v\u00ec th\u1ebf, <strong>M\u00e1y l\u1ecdc n\u01b0\u1edbc g\u1eafn v\u00f2i Geyser Aqua<\/strong>\u00a0c\u00f3 kh\u1ea3 n\u0103ng h\u1ed7 tr\u1ee3 r\u1ea5t t\u1ed1t trong qu\u00e1 tr\u00ecnh l\u00e0m s\u1ea1ch v\u00e0 ch\u0103m s\u00f3c da m\u1eb7t \u2013 Ch\u1ee9c n\u0103ng \u0111\u00e3 \u0111\u01b0\u1ee3c c\u00f4ng nh\u1eadn b\u1edfi Vi\u1ec7n th\u1ea9m m\u1ef9 y khoa qu\u1ed1c t\u1ebf.<\/p>\n<figure id=\"attachment_65925\" aria-describedby=\"caption-attachment-65925\" style=\"width: 800px\" class=\"wp-caption alignnone\"><img loading=\"lazy\" decoding=\"async\" class=\"size-large wp-image-65925\" src=\"https:\/\/livinghome.vn\/thiet-bi\/wp-content\/uploads\/loc-nuoc\/geyser\/may-loc-gan-voi-geyser\/may-loc-gan-voi-geyser-aqua\/may-loc-gan-voi-geyser-aqua-3-800x800.jpg\" alt=\"M\u00e1y l\u1ecdc n\u01b0\u1edbc g\u1eafn v\u00f2i Geyser Aqua nh\u1eadp kh\u1ea9u ch\u00e2u \u00c2u\" width=\"800\" height=\"800\" title=\"\"><figcaption id=\"caption-attachment-65925\" class=\"wp-caption-text\">M\u00e1y l\u1ecdc n\u01b0\u1edbc g\u1eafn v\u00f2i Geyser Aqua \u0111\u01b0\u1ee3c vi\u1ec7n th\u1ea9m m\u1ef9 Y khoa qu\u1ed1c t\u1ebf khuy\u00ean d\u00f9ng<\/figcaption><\/figure>\n<p>B\u1ed9 l\u1ecdc thay th\u1ebf \u0111\u1ecbnh k\u1ef3 7000 l\u00edt ho\u1eb7c 12 th\u00e1ng theo \u0111i\u1ec1u ki\u1ec7n \u0111\u1ebfn tr\u01b0\u1edbc, b\u1ed9 l\u1ecdc \u0111\u01b0\u1ee3c nh\u1eadp kh\u1ea9u nguy\u00ean chi\u1ebfc t\u1eeb LB Nga v\u00e0 d\u1ec5 d\u00e0ng t\u1ef1 thay th\u1ebf t\u1ea1i nh\u00e0!<\/p>\n<h3><strong>\u01afu \u0111i\u1ec3m<\/strong><\/h3>\n<p>Chuy\u1ec3n \u0111\u1ed5i c\u1ea5u tr\u00fac canxi th\u00f4ng th\u01b0\u1eddng sang d\u1ea1ng Aragonite thanh m\u1ea3nh h\u01a1n d\u1ec5 d\u00e0ng h\u1ea5p th\u1ee5 v\u00e0o c\u01a1 th\u1ec3.<\/p>\n<ul>\n<li>Gi\u1eef l\u1ea1i d\u1ea7u, protein c\u1ea7n thi\u1ebft cho da<\/li>\n<li>Duy tr\u00ec \u0111\u1ed9 \u1ea9m, t\u1ea1o \u0111\u1ed9 \u0111\u00e0n h\u1ed3i, c\u00e2n b\u1eb1ng t\u00ednh ki\u1ec1m<\/li>\n<li>Gi\u00fap da c\u0103ng m\u1ecbn, m\u1ec1m m\u1ea1i, s\u00e1ng kh\u1ecfe<\/li>\n<li>Ch\u1ed1ng oxy h\u00f3a, l\u00e0m tr\u1ebb h\u00f3a l\u00e0n da<\/li>\n<li>Lo\u1ea1i b\u1ecf t\u00ecnh tr\u1ea1ng kh\u00f4 da, bong da, suy gi\u1ea3m ch\u1ee9c n\u0103ng da.<\/li>\n<\/ul>\n<p>\u0110\u00e2y ch\u00ednh l\u00e0 d\u1ea1ng tinh th\u1ec3 ng\u1ecdc trai, c\u00f3 t\u00e1c d\u1ee5ng r\u1ea5t t\u1ed1t cho qu\u00e1 tr\u00ecnh ch\u0103m s\u00f3c da v\u00e0 h\u1ed7 tr\u1ee3 qu\u00e1 tr\u00ecnh h\u1ed3i ph\u1ee5c sau th\u1ea9m m\u1ef9. C\u00f4ng d\u1ee5ng n\u00e0y \u0111\u00e3 \u0111\u01b0\u1ee3c Vi\u1ec7n th\u1ea9m m\u1ef9 Y khoa Qu\u1ed1c t\u1ebf c\u00f4ng nh\u1eadn v\u00e0 c\u1ea5p b\u1eb1ng patent s\u00e1ng ch\u1ebf s\u1ed1: 2286953.<\/p>\n<figure id=\"attachment_65923\" aria-describedby=\"caption-attachment-65923\" style=\"width: 800px\" class=\"wp-caption alignnone\"><img loading=\"lazy\" decoding=\"async\" class=\"size-large wp-image-65923\" src=\"https:\/\/livinghome.vn\/thiet-bi\/wp-content\/uploads\/loc-nuoc\/geyser\/may-loc-gan-voi-geyser\/may-loc-gan-voi-geyser-aqua\/may-loc-gan-voi-geyser-aqua-1-800x800.jpg\" alt=\"M\u00e1y l\u1ecdc n\u01b0\u1edbc g\u1eafn v\u00f2i Geyser Aqua nh\u1eadp kh\u1ea9u ch\u00e2u \u00c2u\" width=\"800\" height=\"800\" title=\"\"><figcaption id=\"caption-attachment-65923\" class=\"wp-caption-text\">Geyser Aqua lo\u1ea1i b\u1ecf t\u00e1c nh\u00e2n g\u00e2y h\u1ea1i<\/figcaption><\/figure>\n<p>Theo \u0111\u00f3, n\u01b0\u1edbc sau l\u1ecdc Aragon c\u00f3 t\u00e1c d\u1ee5ng cung c\u1ea5p protein c\u1ea7n thi\u1ebft cho da, duy tr\u00ec \u0111\u1ed9 \u1ea9m v\u00e0 gi\u00fap da lu\u00f4n \u0111\u00e0n h\u1ed3i, t\u1ea1o \u0111\u1ed9 c\u0103ng m\u1ecbn, s\u00e1ng b\u00f3ng cho da. C\u00e1c chuy\u00ean gia khuy\u00ean d\u00f9ng n\u01b0\u1edbc M\u00e1y l\u1ecdc n\u01b0\u1edbc g\u1eafn v\u00f2i Geyser Aqua\u00a0\u00edt nh\u1ea5t 2 l\u1ea7n\/ ng\u00e0y \u0111\u1ec3 c\u00f3 \u0111\u01b0\u1ee3c hi\u1ec7u qu\u1ea3 ch\u0103m s\u00f3c da t\u1ed1t nh\u1ea5t.<\/p>\n<h3><strong>Th\u00f4ng s\u1ed1 k\u1ef9 thu\u1eadt<\/strong><\/h3>\n<table>\n<tbody>\n<tr>\n<td>Th\u01b0\u01a1ng hi\u1ec7u<\/td>\n<td>Geyser<\/td>\n<\/tr>\n<tr>\n<td>C\u00f4ng ngh\u1ec7<\/td>\n<td>Nano t\u1ed5ng h\u1ee3p 4 in 1<\/td>\n<\/tr>\n<tr>\n<td>K\u00edch th\u01b0\u1edbc<\/td>\n<td>41 x 16 cm<\/td>\n<\/tr>\n<tr>\n<td>Ngu\u1ed3n n\u01b0\u1edbc \u0111\u1ea7u v\u00e0o<\/td>\n<td>N\u01b0\u1edbc m\u00e1y<\/td>\n<\/tr>\n<tr>\n<td>Ngu\u1ed3n \u0111i\u1ec7n<\/td>\n<td>Kh\u00f4ng<\/td>\n<\/tr>\n<tr>\n<td>N\u01b0\u1edbc th\u1ea3i<\/td>\n<td>Kh\u00f4ng<\/td>\n<\/tr>\n<tr>\n<td>S\u1ed1 l\u00f5i l\u1ecdc<\/td>\n<td>1 l\u00f5i<\/td>\n<\/tr>\n<tr>\n<td>C\u00f4ng su\u1ea5t<\/td>\n<td>2.5 l\u00edt.\/ ph\u00fat<\/td>\n<\/tr>\n<tr>\n<td>Tu\u1ed5i th\u1ecd l\u00f5i l\u1ecdc<\/td>\n<td>7000 l\u00edt ho\u1eb7c 12 th\u00e1ng theo \u0111i\u1ec1u ki\u1ec7n \u0111\u1ebfn tr\u01b0\u1edbc<\/td>\n<\/tr>\n<tr>\n<td>Xu\u1ea5t x\u1ee9<\/td>\n<td>Li\u00ean Bang Nga<\/td>\n<\/tr>\n<tr>\n<td>Th\u1eddi gian b\u1ea3o h\u00e0nh<\/td>\n<td>3 n\u0103m<\/td>\n<\/tr>\n<tr>\n<td>V\u1ecb tr\u00ed l\u1eafp \u0111\u1eb7t<\/td>\n<td>G\u1eafn tr\u1ef1c ti\u1ebfp v\u00e0o v\u00e0o Lavabo, m\u00e1y \u0111\u1ec3 b\u00e0n<\/td>\n<\/tr>\n<tr>\n<td>Ti\u00eau chu\u1ea9n<\/td>\n<td>EAC<\/td>\n<\/tr>\n<tr>\n<td>Nh\u00e0 s\u1ea3n xu\u1ea5t<\/td>\n<td>Geyser Russia \u2013 www.ecotar.geizer.com<\/td>\n<\/tr>\n<tr>\n<td>T\u00ednh n\u0103ng<\/td>\n<td>M\u00e1y l\u1ecdc n\u01b0\u1edbc t\u1ea1i v\u00f2i<\/td>\n<\/tr>\n<\/tbody>\n<\/table>\n","protected":false},"excerpt":{"rendered":"<p style=\"text-align: left;\"><strong>M\u00e1y l\u1ecdc n\u01b0\u1edbc g\u1eafn v\u00f2i Geyser Aqua<\/strong> \u0111\u01b0\u1ee3c nh\u1eadp kh\u1ea9u nguy\u00ean chi\u1ebfc t\u1eeb Li\u00ean Bang Nga v\u00e0 \u0111\u01b0\u1ee3c xu\u1ea5t kh\u1ea9u ch\u1ee7 y\u1ebfu cho th\u1ecb tr\u01b0\u1eddng EU. M\u00e1y l\u1ecdc n\u01b0\u1edbc Geyser Aqua t\u1ea1o ra ngu\u1ed3n n\u01b0\u1edbc \u0111\u1ea1t chu\u1ea9n an to\u00e0n.<\/p>\n<p style=\"text-align: left;\">H\u1ed7 tr\u1ee3 r\u1ea5t t\u1ed1t trong qu\u00e1 tr\u00ecnh ch\u0103m s\u00f3c da \u2013 ch\u1ee9c n\u0103ng n\u00e0y \u0111\u00e3 \u0111\u01b0\u1ee3c c\u00f4ng nh\u1eadn b\u1edfi Vi\u1ec7n th\u1ea9m m\u1ef9 y khoa Qu\u1ed1c t\u1ebf. Geyser Aqua d\u1ec5 d\u00e0ng l\u1eafp \u0111\u1eb7t v\u1edbi 99% c\u00e1c lo\u1ea1i v\u00f2i lavabo t\u1ea1i b\u00e0n b\u1ebfp, ph\u00f2ng t\u1eafm, ph\u00f2ng ch\u0103m s\u00f3c da trong c\u00e1c spa, th\u1ea9m m\u1ef9 vi\u1ec7n, s\u1ea3n ph\u1ea9m nh\u1ecf g\u1ecdn v\u00e0 c\u00f3 t\u00ednh th\u1ea9m m\u1ef9 cao.<\/p>\n","protected":false},"featured_media":3618,"comment_status":"open","ping_status":"closed","template":"","meta":[],"product_brand":[],"product_cat":[399,412,413],"product_tag":[417,404,422,423],"class_list":{"0":"post-3572","1":"product","2":"type-product","3":"status-publish","4":"has-post-thumbnail","6":"product_cat-may-loc-nuoc","7":"product_cat-may-loc-nuoc-geyser","8":"product_cat-thuong-hieu-geyser","9":"product_tag-geyser","10":"product_tag-may-loc-nuoc","11":"product_tag-may-loc-nuoc-gan-voi","12":"product_tag-may-loc-nuoc-geyser","14":"first","15":"instock","16":"shipping-taxable","17":"purchasable","18":"product-type-simple"},"_links":{"self":[{"href":"https:\/\/livinghome.vn\/thiet-bi\/wp-json\/wp\/v2\/product\/3572","targetHints":{"allow":["GET"]}}],"collection":[{"href":"https:\/\/livinghome.vn\/thiet-bi\/wp-json\/wp\/v2\/product"}],"about":[{"href":"https:\/\/livinghome.vn\/thiet-bi\/wp-json\/wp\/v2\/types\/product"}],"replies":[{"embeddable":true,"href":"https:\/\/livinghome.vn\/thiet-bi\/wp-json\/wp\/v2\/comments?post=3572"}],"wp:featuredmedia":[{"embeddable":true,"href":"https:\/\/livinghome.vn\/thiet-bi\/wp-json\/wp\/v2\/media\/3618"}],"wp:attachment":[{"href":"https:\/\/livinghome.vn\/thiet-bi\/wp-json\/wp\/v2\/media?parent=3572"}],"wp:term":[{"taxonomy":"product_brand","embeddable":true,"href":"https:\/\/livinghome.vn\/thiet-bi\/wp-json\/wp\/v2\/product_brand?post=3572"},{"taxonomy":"product_cat","embeddable":true,"href":"https:\/\/livinghome.vn\/thiet-bi\/wp-json\/wp\/v2\/product_cat?post=3572"},{"taxonomy":"product_tag","embeddable":true,"href":"https:\/\/livinghome.vn\/thiet-bi\/wp-json\/wp\/v2\/product_tag?post=3572"}],"curies":[{"name":"wp","href":"https:\/\/api.w.org\/{rel}","templated":true}]}}