{"id":3571,"date":"2023-01-12T18:16:05","date_gmt":"2023-01-12T18:16:05","guid":{"rendered":"https:\/\/livinghome.vn\/thiet-bi\/?post_type=product&#038;p=3571"},"modified":"2024-11-29T14:20:18","modified_gmt":"2024-11-29T07:20:18","slug":"may-loc-nuoc-gan-voi-geyser-1uh-euro-de-ban","status":"publish","type":"product","link":"https:\/\/livinghome.vn\/thiet-bi\/may-loc-nuoc-gan-voi-geyser-1uh-euro-de-ban\/","title":{"rendered":"M\u00e1y l\u1ecdc n\u01b0\u1edbc g\u1eafn v\u00f2i Geyser 1UH Euro \u0111\u1ec3 b\u00e0n"},"content":{"rendered":"<h2><strong>S\u1ea3n ph\u1ea9m M\u00e1y l\u1ecdc n\u01b0\u1edbc g\u1eafn v\u00f2i Geyser 1UH Euro \u0111\u1ec3 b\u00e0n<\/strong><\/h2>\n<p><strong>M\u00e1y l\u1ecdc n\u01b0\u1edbc g\u1eafn v\u00f2i Geyser 1UH Euro<\/strong>\u00a0l\u00e0 d\u00f2ng m\u00e1y l\u1ecdc n\u01b0\u1edbc \u0111\u1ec3 b\u00e0n c\u00f3 k\u00edch th\u01b0\u1edbc 10 inch. M\u00e1y \u0111\u01b0\u1ee3c l\u00e0m t\u1eeb ch\u1ea5t li\u1ec7u nh\u1ef1a nguy\u00ean sinh c\u00f3 t\u00ednh \u1ed5n \u0111\u1ecbnh, an to\u00e0n v\u00e0 \u0111\u1ed9 b\u1ec1n cao.<\/p>\n<p>Kh\u1ea3 n\u0103ng l\u1ecdc c\u1ee7a <strong>M\u00e1y l\u1ecdc n\u01b0\u1edbc g\u1eafn v\u00f2i Geyser 1UH Euro<\/strong> \u0111\u1ec3 b\u00e0n<\/p>\n<table>\n<tbody>\n<tr>\n<td>Ch\u1ea5t r\u1eafn l\u01a1 l\u1eedng (r\u1ec9 s\u00e9t, c\u00e1t, t\u1ea3o, c\u00e1c h\u1ea1t kh\u00e1c l\u1edbn h\u01a1n 1 micron)<\/td>\n<td>l\u00ean t\u1edbi 99%<\/td>\n<\/tr>\n<tr>\n<td>Kim lo\u1ea1i n\u1eb7ng v\u00e0 ph\u00f3ng x\u1ea1 (ch\u00ec, cadmium, \u0111\u1ed3ng, strontium-90, Caesium-137)<\/td>\n<td>l\u00ean t\u1edbi 96%<\/td>\n<\/tr>\n<tr>\n<td>Clo ho\u1ea1t t\u00ednh<\/td>\n<td>l\u00ean t\u1edbi 99%<\/td>\n<\/tr>\n<tr>\n<td>C\u00e1c h\u1ee3p ch\u1ea5t h\u1eefu c\u01a1 (thu\u1ed1c tr\u1eeb s\u00e2u, ch\u1ea5t g\u00e2y ung th\u01b0)<\/td>\n<td>l\u00ean t\u1edbi 85%<\/td>\n<\/tr>\n<tr>\n<td>C\u00e1c s\u1ea3n ph\u1ea9m t\u1eeb d\u1ea7u<\/td>\n<td>l\u00ean t\u1edbi 88%<\/td>\n<\/tr>\n<tr>\n<td>Mu\u1ed1i c\u1ee9ng<\/td>\n<td>l\u00ean t\u1edbi 80%<\/td>\n<\/tr>\n<tr>\n<td>Vi sinh v\u1eadt v\u00e0 E. coli<\/td>\n<td>l\u00ean t\u1edbi 99%<\/td>\n<\/tr>\n<\/tbody>\n<\/table>\n<figure id=\"attachment_65912\" aria-describedby=\"caption-attachment-65912\" style=\"width: 800px\" class=\"wp-caption alignnone\"><img loading=\"lazy\" decoding=\"async\" class=\"size-large wp-image-65912\" src=\"https:\/\/livinghome.vn\/thiet-bi\/wp-content\/uploads\/loc-nuoc\/geyser\/may-loc-gan-voi-geyser\/may-loc-gan-voi-geyser-1uh-euro\/may-loc-gan-voi-geyser-1uh-euro-5-800x800.jpg\" alt=\"M\u00e1y l\u1ecdc n\u01b0\u1edbc g\u1eafn v\u00f2i Geyser 1UH Euro \u0111\u1ec3 b\u00e0n\" width=\"800\" height=\"800\" title=\"\"><figcaption id=\"caption-attachment-65912\" class=\"wp-caption-text\">M\u00e1y l\u1ecdc n\u01b0\u1edbc g\u1eafn v\u00f2i Geyser 1UH Euro \u0111\u1ec3 b\u00e0n<\/figcaption><\/figure>\n<h3><strong>L\u00fd do l\u1ef1a ch\u1ecdn<\/strong><\/h3>\n<p>Ng\u01b0\u1eddi d\u00e2n Vi\u1ec7t Nam ch\u1ec9 c\u00f3 th\u00f3i quen l\u1ecdc n\u01b0\u1edbc \u0111\u1ec3 \u0103n u\u1ed1ng tr\u1ef1c ti\u1ebfp. Tuy nhi\u00ean, theo nhi\u1ec1u nghi\u00ean c\u1ee9u, h\u1ee3p ch\u1ea5t g\u00e2y ung th\u01b0, ch\u1ea5t h\u00f3a h\u1ecdc th\u1ea9m th\u1ea5u nhanh ch\u00f3ng qua da h\u01a1n l\u00e0 \u0111\u01b0\u1eddng mi\u1ec7ng. Trong khi \u0111\u00f3, ngu\u1ed3n n\u01b0\u1edbc kh\u00f4ng ch\u1ec9 ch\u1ee9a nhi\u1ec1u c\u1eb7n b\u1ea9n, vi khu\u1ea9n, virus m\u00e0 c\u00f2n l\u00e0 c\u00f3 h\u00e0m l\u01b0\u1ee3ng l\u1edbn kim lo\u1ea1i n\u1eb7ng, ch\u1ea5t g\u00e2y ung th\u01b0, ch\u1ea5t \u0111\u1ed9c h\u00f3a h\u1ecdc.<\/p>\n<p>Do \u0111\u00f3, vi\u1ec7c \u0111\u1ea3m b\u1ea3o ngu\u1ed3n n\u01b0\u1edbc \u0103n u\u1ed1ng l\u00e0 ch\u01b0a \u0111\u1ee7, ng\u01b0\u1eddi d\u00e2n c\u0169ng c\u1ea7n c\u1ea3i thi\u1ec7n ngu\u1ed3n n\u01b0\u1edbc sinh ho\u1ea1t c\u1ee7a gia \u0111\u00ecnh m\u00ecnh<\/p>\n<p>Nh\u1eb1m \u0111em \u0111\u1ebfn cho ng\u01b0\u1eddi d\u00f9ng ngu\u1ed3n n\u01b0\u1edbc \u0111\u1ea1t chu\u1ea9n, kh\u00f4ng ch\u1ee9a ch\u1ea5t \u0111\u1ed9c h\u1ea1i, g\u00e2y ung th\u01b0, Geyser LB Nga \u0111\u00e3 nghi\u00ean c\u1ee9u v\u00e0 cho ra \u0111\u1eddi m\u00e1y l\u1ecdc g\u1eafn v\u00f2i \u0111\u1ec3 b\u00e0n Geyser 1UH Euro. Ngu\u1ed3n n\u01b0\u1edbc \u0111\u1ea7u ra \u0111\u00e3 \u0111\u01b0\u1ee3c Vi\u1ec7n th\u1ea9m m\u1ef9 Y khoa Qu\u1ed1c t\u1ebf c\u00f4ng nh\u1eadn kh\u1ea3 n\u0103ng ch\u0103m s\u00f3c da t\u1ed1i \u01b0u.<\/p>\n<p>&nbsp;<\/p>\n<figure id=\"attachment_65914\" aria-describedby=\"caption-attachment-65914\" style=\"width: 808px\" class=\"wp-caption alignnone\"><img loading=\"lazy\" decoding=\"async\" class=\"wp-image-65914 \" src=\"https:\/\/livinghome.vn\/thiet-bi\/wp-content\/uploads\/loc-nuoc\/geyser\/may-loc-gan-voi-geyser\/may-loc-gan-voi-geyser-1uh-euro\/may-loc-gan-voi-geyser-1uh-euro-2.png\" alt=\"M\u00e1y l\u1ecdc n\u01b0\u1edbc g\u1eafn v\u00f2i Geyser 1UH Euro \u0111\u1ec3 b\u00e0n\" width=\"808\" height=\"802\" title=\"\"><figcaption id=\"caption-attachment-65914\" class=\"wp-caption-text\">M\u00e1y l\u1ecdc n\u01b0\u1edbc g\u1eafn v\u00f2i Geyser 1UH Euro \u0111\u1ec3 b\u00e0n \u0111\u01b0\u1ee3c y khoa qu\u1ed1c t\u1ebf khuy\u00ean d\u00f9ng<\/figcaption><\/figure>\n<p>&nbsp;<\/p>\n<h3><strong>T\u00ednh n\u0103ng v\u01b0\u1ee3t tr\u1ed9i<\/strong><\/h3>\n<h4><strong>Ch\u0103m s\u00f3c da hi\u1ec7u qu\u1ea3 v\u1edbi tinh th\u1ec3 ng\u1ecdc trai Aragonite<\/strong><\/h4>\n<p>C\u00f4ng ngh\u1ec7 Quasi-softening gi\u00fap chuy\u1ec3n \u0111\u1ed5i nh\u1eefng tinh th\u1ec3 canxi th\u00f4ng th\u01b0\u1eddng c\u00f3 k\u00edch th\u01b0\u1edbc l\u1edbn th\u00e0nh tinh th\u1ec3 canxi Aragonite d\u1ec5 d\u00e0ng h\u1ea5p th\u1ee5 tr\u00ean da.<\/p>\n<blockquote class=\"Geyser_1UH_Euro_de_ban\" cite=\"https:\/\/www.geyser.com.vn\/san-pham\/may-loc-gan-voi-de-ban-geyser-1uh-euro\/#may_loc_nuoc_cham_soc_da_tinh_the_aragonite\"><p>\u0110\u00e2y ch\u00ednh l\u00e0 d\u1ea1ng tinh th\u1ec3 ng\u1ecdc trai, c\u00f3 t\u00e1c d\u1ee5ng r\u1ea5t t\u1ed1t cho qu\u00e1 tr\u00ecnh ch\u0103m s\u00f3c da v\u00e0 h\u1ed7 tr\u1ee3 qu\u00e1 tr\u00ecnh h\u1ed3i ph\u1ee5c sau th\u1ea9m m\u1ef9. C\u00f4ng d\u1ee5ng n\u00e0y \u0111\u00e3 \u0111\u01b0\u1ee3c Vi\u1ec7n th\u1ea9m m\u1ef9 Y khoa Qu\u1ed1c t\u1ebf c\u00f4ng nh\u1eadn v\u00e0 c\u1ea5p b\u1eb1ng patent s\u00e1ng ch\u1ebf s\u1ed1: 2286953<\/p><\/blockquote>\n<figure id=\"attachment_65918\" aria-describedby=\"caption-attachment-65918\" style=\"width: 1020px\" class=\"wp-caption alignnone\"><img loading=\"lazy\" decoding=\"async\" class=\"size-large wp-image-65918\" src=\"https:\/\/livinghome.vn\/thiet-bi\/wp-content\/uploads\/loc-nuoc\/geyser\/may-loc-gan-voi-geyser\/may-loc-gan-voi-geyser-1uh-euro\/may-loc-gan-voi-geyser-1uh-euro-7-1065x800.jpg\" alt=\"M\u00e1y l\u1ecdc n\u01b0\u1edbc g\u1eafn v\u00f2i Geyser 1UH Euro \u0111\u1ec3 b\u00e0n\" width=\"1020\" height=\"766\" title=\"\"><figcaption id=\"caption-attachment-65918\" class=\"wp-caption-text\">Ch\u0103m s\u00f3c da hi\u1ec7u qu\u1ea3 v\u1edbi tinh th\u1ec3 ng\u1ecdc trai Aragonite<\/figcaption><\/figure>\n<p>C\u00e1c l\u1ee3i \u00edch ch\u0103m s\u00f3c da c\u1ee7a m\u00e1y l\u1ecdc n\u01b0\u1edbc k\u1ec3 \u0111\u1ebfn nh\u01b0:<\/p>\n<ul>\n<li>Gi\u1eef l\u1ea1i d\u1ea7u, protein c\u1ea7n thi\u1ebft cho da<\/li>\n<li>Ch\u1ed1ng oxy h\u00f3a, l\u00e0m tr\u1ebb h\u00f3a l\u00e0n da<\/li>\n<li>Duy tr\u00ec \u0111\u1ed9 \u1ea9m, t\u1ea1o \u0111\u1ed9 \u0111\u00e0n h\u1ed3i, c\u00e2n b\u1eb1ng t\u00ednh ki\u1ec1m<\/li>\n<li>Lo\u1ea1i b\u1ecf t\u00ecnh tr\u1ea1ng kh\u00f4 da, bong da, suy gi\u1ea3m ch\u1ee9c n\u0103ng da<\/li>\n<li>Gi\u00fap da c\u0103ng m\u1ecbn, m\u1ec1m m\u1ea1i, s\u00e1ng kh\u1ecfe<\/li>\n<li>C\u00e1c tinh th\u1ec3 c\u0169ng c\u00f3 t\u00e1c d\u1ee5ng hi\u1ec7u qu\u1ea3 trong qu\u00e1 tr\u00ecnh h\u1ed3i ph\u1ee5c sau th\u1ea9m m\u1ef9. C\u00f4ng d\u1ee5ng \u0111\u00e3 \u0111\u01b0\u1ee3c Vi\u1ec7n th\u1ea9m m\u1ef9 Y khoa Qu\u1ed1c t\u1ebf c\u00f4ng nh\u1eadn v\u00e0 c\u1ea5p b\u1eb1ng patent s\u1ed1: 2286953.<\/li>\n<\/ul>\n<h4><strong>B\u1ea3o v\u1ec7 s\u1ee9c kh\u1ecfe c\u1ee7a c\u1ea3 gia \u0111\u00ecnh to\u00e0n di\u1ec7n<\/strong><\/h4>\n<p>N\u01b0\u1edbc sau l\u1ecdc Aragon c\u00f3 t\u00e1c d\u1ee5ng cung c\u1ea5p protein c\u1ea7n thi\u1ebft cho da, duy tr\u00ec \u0111\u1ed9 \u1ea9m v\u00e0 gi\u00fap da lu\u00f4n \u0111\u00e0n h\u1ed3i, t\u1ea1o \u0111\u1ed9 c\u0103ng m\u1ecbn, s\u00e1ng b\u00f3ng cho da. C\u00e1c chuy\u00ean gia khuy\u1ebfn c\u00e1o s\u1eed d\u1ee5ng n\u01b0\u1edbc sau l\u1ecdc 2 l\u1ea7n\/ 1 ng\u00e0y \u0111\u1ec3 t\u0103ng hi\u1ec7u qu\u1ea3 c\u1ea3i thi\u1ec7n l\u00e0n da.<\/p>\n<p><strong>M\u00e1y l\u1ecdc n\u01b0\u1edbc g\u1eafn v\u00f2i Geyser 1UH Euro<\/strong>\u00a0bao g\u1ed3m c\u00e1c v\u1eadt li\u1ec7u Aragon ch\u1ee9a h\u00e0ng t\u1ef7 c\u00e1c h\u1ea1t h\u00ecnh c\u1ea7u nh\u1ecf li ti c\u00f3 k\u00edch th\u01b0\u1edbc b\u1eb1ng 1\/500-1\/700, t\u0103ng di\u1ec7n t\u00edch ti\u1ebfp x\u00fac, lo\u1ea1i b\u1ecf hi\u1ec7u qu\u1ea3 c\u00e1c ch\u1ea5t \u0111\u1ed9c, c\u1eb7n b\u1ea9n c\u00f3 trong n\u01b0\u1edbc.<\/p>\n<h4><strong>C\u00f4ng ngh\u1ec7 t\u00edch h\u1ee3p 4 in 1 mang l\u1ea1i hi\u1ec7u qu\u1ea3 l\u1ecdc v\u01b0\u1ee3t tr\u1ed9i<\/strong><\/h4>\n<figure id=\"attachment_65913\" aria-describedby=\"caption-attachment-65913\" style=\"width: 800px\" class=\"wp-caption alignnone\"><img loading=\"lazy\" decoding=\"async\" class=\"size-large wp-image-65913\" src=\"https:\/\/livinghome.vn\/thiet-bi\/wp-content\/uploads\/loc-nuoc\/geyser\/may-loc-gan-voi-geyser\/may-loc-gan-voi-geyser-1uh-euro\/may-loc-gan-voi-geyser-1uh-euro-4-800x800.jpg\" alt=\"M\u00e1y l\u1ecdc n\u01b0\u1edbc g\u1eafn v\u00f2i Geyser 1UH Euro \u0111\u1ec3 b\u00e0n\" width=\"800\" height=\"800\" title=\"\"><figcaption id=\"caption-attachment-65913\" class=\"wp-caption-text\">L\u00f5i l\u1ecdc c\u1ee7a M\u00e1y l\u1ecdc n\u01b0\u1edbc g\u1eafn v\u00f2i Geyser 1UH Euro v\u1edbi c\u00f4ng ngh\u1ec7 ti\u00ean ti\u1ebfn<\/figcaption><\/figure>\n<p><i>Thi\u1ebft k\u1ebf th\u00f4ng minh, hi\u1ec7u qu\u1ea3 v\u01b0\u1ee3t tr\u1ed9i<\/i><\/p>\n<ul>\n<li>L\u1ecdc khe h\u1edf: lo\u1ea1i b\u1ecf hi\u1ec7u qu\u1ea3 ch\u1ea5t r\u1eafn l\u01a1 l\u1eedng, g\u1ec9 s\u1eaft, rong r\u00eau trong n\u01b0\u1edbc.<\/li>\n<li>Trao \u0111\u1ed5i ion: Lo\u1ea1i b\u1ecf ch\u1ea5t ph\u00f3ng x\u1ea1, kim lo\u1ea1i n\u1eb7ng.<\/li>\n<li>H\u1ea5p ph\u1ee5: Lo\u1ea1i b\u1ecf c\u00e1c clo d\u01b0, h\u1ee3p ch\u1ea5t h\u1eefu c\u01a1, thu\u1ed1c b\u1ea3o v\u1ec7 th\u1ef1c v\u1eadt.<\/li>\n<li>Di\u1ec7t vi khu\u1ea9n b\u1eb1ng tr\u01b0\u1eddng t\u0129nh \u0111i\u1ec7n: C\u01a1 ch\u1ebf \u00e1p d\u1ee5ng tr\u01b0\u1eddng t\u0129nh \u0111i\u1ec7n c\u00f3 kh\u1ea3 n\u0103ng ph\u00e1 v\u1ee1 l\u1edbp m\u00e0ng c\u1ee9ng c\u1ee7a vi khu\u1ea9n, virus v\u00e0 ti\u00eau di\u1ec7t ch\u00fang ngay c\u1ea3 khi ch\u00fang ch\u01b0a ti\u1ebfp x\u00fac v\u1edbi v\u1eadt li\u1ec7u l\u1ecdc.<\/li>\n<\/ul>\n<p>S\u1ea3n ph\u1ea9m c\u00f3 kh\u1ea3 n\u0103ng t\u01b0\u01a1ng th\u00edch \u0111\u1ebfn 99% c\u00e1c \u0111\u01b0\u1eddng \u1ed1ng v\u00e0 thi\u1ebft b\u1ecb nh\u00e0 t\u1eafm, nh\u00e0 b\u1ebfp trong gia \u0111\u00ecnh nh\u01b0: Lavabo, ch\u1eadu r\u1eeda, b\u1ed3n t\u1eafm, b\u00ecnh n\u0103ng l\u01b0\u1ee3ng m\u1eb7t tr\u1eddi, m\u00e1y n\u00f3ng l\u1ea1nh,\u2026<\/p>\n<figure id=\"attachment_65916\" aria-describedby=\"caption-attachment-65916\" style=\"width: 800px\" class=\"wp-caption alignnone\"><img loading=\"lazy\" decoding=\"async\" class=\"size-large wp-image-65916\" src=\"https:\/\/livinghome.vn\/thiet-bi\/wp-content\/uploads\/loc-nuoc\/geyser\/may-loc-gan-voi-geyser\/may-loc-gan-voi-geyser-1uh-euro\/may-loc-gan-voi-geyser-1uh-euro-3-800x800.jpg\" alt=\"M\u00e1y l\u1ecdc n\u01b0\u1edbc g\u1eafn v\u00f2i Geyser 1UH Euro \u0111\u1ec3 b\u00e0n\" width=\"800\" height=\"800\" title=\"\"><figcaption id=\"caption-attachment-65916\" class=\"wp-caption-text\">M\u00e1y l\u1ecdc n\u01b0\u1edbc g\u1eafn v\u00f2i Geyser 1UH Euro v\u1edbi c\u00f4ng ngh\u1ec7 l\u1ecdc ti\u00ean ti\u1ebfn<\/figcaption><\/figure>\n<p>M\u00e1y l\u1ecdc n\u01b0\u1edbc g\u1eafn v\u00f2i Geyser 1UH Euro ph\u00f9 h\u1ee3p cho c\u00e1c m\u1ee5c \u0111\u00edch nh\u01b0: ph\u00f2ng t\u1eafm, th\u1ea9m m\u1ef9 vi\u1ec7n, spa, r\u1eeda m\u1eb7t, \u0111\u00e1nh r\u0103ng, r\u1eeda th\u1ef1c ph\u1ea9m, r\u1eeda rau c\u1ee7 qu\u1ea3,\u2026<\/p>\n<h3><strong>L\u1eafp \u0111\u1eb7t\u00a0<\/strong><\/h3>\n<p>B\u1ea1n c\u00f3 th\u1ec3 d\u1ec5 d\u00e0ng t\u1ef1 l\u1eafp \u0111\u1eb7t, s\u1eed d\u1ee5ng v\u00e0 thay l\u00f5i ngay t\u1ea1i nh\u00e0. M\u00e1y l\u1ecdc n\u01b0\u1edbc g\u1eafn v\u00f2i Geyser 1UH Euro t\u01b0\u01a1ng th\u00edch v\u1edbi 99% c\u00e1c lo\u1ea1i v\u00f2i Lavabo b\u00e0n b\u1ebfp, ph\u00f2ng t\u1eafm, c\u00e1c spa, th\u1ea9m m\u1ef9 vi\u1ec7n. C\u00f3 th\u1ec3 \u0111\u01b0\u1ee3c \u1ee9ng d\u1ee5ng r\u1ed9ng r\u00e3i \u0111\u1ec3 r\u1eeda m\u1eb7t, \u0111\u00e1nh r\u0103ng, r\u1eeda tay, r\u1eeda rau c\u1ee7 qu\u1ea3, th\u1ef1c ph\u1ea9m,\u2026<\/p>\n<figure id=\"attachment_65915\" aria-describedby=\"caption-attachment-65915\" style=\"width: 800px\" class=\"wp-caption alignnone\"><img loading=\"lazy\" decoding=\"async\" class=\"size-large wp-image-65915\" src=\"https:\/\/livinghome.vn\/thiet-bi\/wp-content\/uploads\/loc-nuoc\/geyser\/may-loc-gan-voi-geyser\/may-loc-gan-voi-geyser-1uh-euro\/may-loc-gan-voi-geyser-1uh-euro-1-800x800.jpg\" alt=\"M\u00e1y l\u1ecdc n\u01b0\u1edbc g\u1eafn v\u00f2i Geyser 1UH Euro \u0111\u1ec3 b\u00e0n\" width=\"800\" height=\"800\" title=\"\"><figcaption id=\"caption-attachment-65915\" class=\"wp-caption-text\">M\u00e1y l\u1ecdc n\u01b0\u1edbc g\u1eafn v\u00f2i Geyser 1UH Euro d\u1ec5 d\u00e0ng thao t\u00e1c, l\u1eafp \u0111\u1eb7t<\/figcaption><\/figure>\n<h3><strong>Th\u00f4ng s\u1ed1 k\u1ef9 thu\u1eadt<\/strong><\/h3>\n<table>\n<tbody>\n<tr>\n<td>Th\u01b0\u01a1ng hi\u1ec7u<\/td>\n<td>Geyser<\/td>\n<\/tr>\n<tr>\n<td>C\u00f4ng ngh\u1ec7<\/td>\n<td>Nano t\u1ed5ng h\u1ee3p 4 in 1<\/td>\n<\/tr>\n<tr>\n<td>K\u00edch th\u01b0\u1edbc<\/td>\n<td>32cm x 13 cm<\/td>\n<\/tr>\n<tr>\n<td>Ngu\u1ed3n n\u01b0\u1edbc \u0111\u1ea7u v\u00e0o<\/td>\n<td>N\u01b0\u1edbc m\u00e1y<\/td>\n<\/tr>\n<tr>\n<td>Ngu\u1ed3n \u0111i\u1ec7n<\/td>\n<td>Kh\u00f4ng<\/td>\n<\/tr>\n<tr>\n<td>N\u01b0\u1edbc th\u1ea3i<\/td>\n<td>Kh\u00f4ng<\/td>\n<\/tr>\n<tr>\n<td>S\u1ed1 l\u00f5i l\u1ecdc<\/td>\n<td>1 l\u00f5i<\/td>\n<\/tr>\n<tr>\n<td>L\u01b0u l\u01b0\u1ee3ng l\u1ecdc<\/td>\n<td>2.5 l\u00edt.\/ ph\u00fat<\/td>\n<\/tr>\n<tr>\n<td>Tu\u1ed5i th\u1ecd l\u00f5i l\u1ecdc<\/td>\n<td>7000 l\u00edt ho\u1eb7c 12 th\u00e1ng theo \u0111i\u1ec1u ki\u1ec7n \u0111\u1ebfn tr\u01b0\u1edbc<\/td>\n<\/tr>\n<tr>\n<td>Xu\u1ea5t x\u1ee9<\/td>\n<td>Li\u00ean Bang Nga<\/td>\n<\/tr>\n<tr>\n<td>Th\u1eddi gian b\u1ea3o h\u00e0nh<\/td>\n<td>3 n\u0103m<\/td>\n<\/tr>\n<tr>\n<td>V\u1ecb tr\u00ed l\u1eafp \u0111\u1eb7t<\/td>\n<td>G\u1eafn tr\u1ef1c ti\u1ebfp v\u00e0o v\u00e0o Lavabo, m\u00e1y \u0111\u1ec3 b\u00e0n<\/td>\n<\/tr>\n<tr>\n<td>Ti\u00eau chu\u1ea9n<\/td>\n<td>EAC<\/td>\n<\/tr>\n<tr>\n<td>Nh\u00e0 s\u1ea3n xu\u1ea5t<\/td>\n<td>Geyser Russia \u2013 www.ecotar.geizer.com<\/td>\n<\/tr>\n<tr>\n<td>T\u00ednh n\u0103ng<\/td>\n<td>M\u00e1y l\u1ecdc n\u01b0\u1edbc \u0103n u\u1ed1ng<\/td>\n<\/tr>\n<\/tbody>\n<\/table>\n<p>&nbsp;<\/p>\n","protected":false},"excerpt":{"rendered":"<p style=\"text-align: left;\"><strong>M\u00e1y l\u1ecdc n\u01b0\u1edbc g\u1eafn v\u00f2i Geyser 1UH Euro<\/strong> l\u00e0 d\u00f2ng s\u1ea3n ph\u1ea9m thu\u1ed9c t\u1eadp \u0111o\u00e0n Geyser, Li\u00ean Bang Nga. M\u00e1y l\u1ecdc n\u01b0\u1edbc \u1ee9ng d\u1ee5ng c\u00f4ng ngh\u1ec7 nano 4 in 1 v\u1edbi kh\u1ea3 n\u0103ng lo\u1ea1i b\u1ecf c\u00e1c t\u00e1c nh\u00e2n \u00f4 nhi\u1ec5m, \u0111\u1ed9c h\u1ea1i trong ngu\u1ed3n n\u01b0\u1edbc. N\u01b0\u1edbc sau l\u1ecdc \u0111\u01b0\u1ee3c Vi\u1ec7n Th\u1ea9m m\u1ef9 Y khoa Qu\u1ed1c t\u1ebf ch\u1ee9ng nh\u1eadn an to\u00e0n trong vi\u1ec7c ch\u0103m s\u00f3c, b\u1ea3o v\u1ec7 l\u00e0n da.<br \/>\nS\u1ea3n ph\u1ea9m \u0111\u01b0\u1ee3c nh\u1eadp kh\u1ea9u ch\u00ednh h\u00e3ng nguy\u00ean chi\u1ebfc t\u1ea1i LB Nga.<\/p>\n","protected":false},"featured_media":3611,"comment_status":"open","ping_status":"closed","template":"","meta":[],"product_brand":[],"product_cat":[399,412,413],"product_tag":[417,404,421,422,423],"class_list":{"0":"post-3571","1":"product","2":"type-product","3":"status-publish","4":"has-post-thumbnail","6":"product_cat-may-loc-nuoc","7":"product_cat-may-loc-nuoc-geyser","8":"product_cat-thuong-hieu-geyser","9":"product_tag-geyser","10":"product_tag-may-loc-nuoc","11":"product_tag-may-loc-nuoc-de-ban","12":"product_tag-may-loc-nuoc-gan-voi","13":"product_tag-may-loc-nuoc-geyser","15":"first","16":"instock","17":"shipping-taxable","18":"purchasable","19":"product-type-simple"},"_links":{"self":[{"href":"https:\/\/livinghome.vn\/thiet-bi\/wp-json\/wp\/v2\/product\/3571","targetHints":{"allow":["GET"]}}],"collection":[{"href":"https:\/\/livinghome.vn\/thiet-bi\/wp-json\/wp\/v2\/product"}],"about":[{"href":"https:\/\/livinghome.vn\/thiet-bi\/wp-json\/wp\/v2\/types\/product"}],"replies":[{"embeddable":true,"href":"https:\/\/livinghome.vn\/thiet-bi\/wp-json\/wp\/v2\/comments?post=3571"}],"wp:featuredmedia":[{"embeddable":true,"href":"https:\/\/livinghome.vn\/thiet-bi\/wp-json\/wp\/v2\/media\/3611"}],"wp:attachment":[{"href":"https:\/\/livinghome.vn\/thiet-bi\/wp-json\/wp\/v2\/media?parent=3571"}],"wp:term":[{"taxonomy":"product_brand","embeddable":true,"href":"https:\/\/livinghome.vn\/thiet-bi\/wp-json\/wp\/v2\/product_brand?post=3571"},{"taxonomy":"product_cat","embeddable":true,"href":"https:\/\/livinghome.vn\/thiet-bi\/wp-json\/wp\/v2\/product_cat?post=3571"},{"taxonomy":"product_tag","embeddable":true,"href":"https:\/\/livinghome.vn\/thiet-bi\/wp-json\/wp\/v2\/product_tag?post=3571"}],"curies":[{"name":"wp","href":"https:\/\/api.w.org\/{rel}","templated":true}]}}