{"id":3569,"date":"2023-01-12T18:16:05","date_gmt":"2023-01-12T18:16:05","guid":{"rendered":"https:\/\/livinghome.vn\/thiet-bi\/?post_type=product&#038;p=3569"},"modified":"2024-11-29T14:20:18","modified_gmt":"2024-11-29T07:20:18","slug":"bo-3-loi-loc-nuoc-geyser-ecotar-8-nhap-khau-chau-au","status":"publish","type":"product","link":"https:\/\/livinghome.vn\/thiet-bi\/bo-3-loi-loc-nuoc-geyser-ecotar-8-nhap-khau-chau-au\/","title":{"rendered":"B\u1ed9 3 l\u00f5i l\u1ecdc n\u01b0\u1edbc Geyser Ecotar 8 nh\u1eadp kh\u1ea9u ch\u00e2u \u00c2u"},"content":{"rendered":"<h2><strong>S\u1ea3n ph\u1ea9m B\u1ed9 3 l\u00f5i l\u1ecdc n\u01b0\u1edbc Geyser Ecotar 8 nh\u1eadp kh\u1ea9u ch\u00e2u \u00c2u<\/strong><\/h2>\n<h3><strong>T\u00ednh n\u0103ng v\u01b0\u1ee3t tr\u1ed9i<\/strong><\/h3>\n<p>B\u1ed9 3 l\u00f5i l\u1ecdc n\u01b0\u1edbc Geyser Ecotar 8 \u1ee9ng d\u1ee5ng c\u00f4ng ngh\u1ec7 l\u1ecdc li\u00ean ho\u00e0n UniTECH, v\u00e0 \u0111\u01b0\u1ee3c \u00e1p d\u1ee5ng l\u1ea7n \u0111\u1ea7u ti\u00ean cho d\u00f2ng s\u1ea3n ph\u1ea9m m\u00e1y l\u1ecdc n\u01b0\u1edbc nano Geyser Ecotar 8.<\/p>\n<p>M\u00e1y l\u1ecdc n\u01b0\u1edbc ION CANXI Geyser ECOTAR 8 (UniTech): H\u1ec7 th\u1ed1ng l\u1ecdc li\u00ean ho\u00e0n. C\u00f4ng ngh\u1ec7 cho ph\u00e9p h\u1ec7 th\u1ed1ng l\u00f5i l\u1ecdc EAB ph\u00e1t huy t\u1ed1i \u0111a n\u0103ng l\u1ef1c v\u00e0 hi\u1ec7u qu\u1ea3 x\u1eed l\u00fd d\u1ef1a tr\u00ean n\u1ec1n t\u1ea3ng c\u1eadp nh\u1eadt m\u1edbi nh\u1ea5t c\u1ee7a Geyser. Theo \u0111\u00f3 B\u1ed9 3 l\u00f5i l\u1ecdc n\u01b0\u1edbc Geyser Ecotar 8 s\u1ebd ph\u1ed1i h\u1ee3p c\u00f9ng nhau nh\u1eb1m t\u0103ng c\u01b0\u1eddng hi\u1ec7u qu\u1ea3 l\u1ecdc c\u1ee7a m\u00e1y l\u1ecdc n\u01b0\u1edbc c\u0169ng nh\u01b0 ti\u1ebft ki\u1ec7m chi ph\u00ed cho ng\u01b0\u1eddi ti\u00eau d\u00f9ng trong qu\u00e1 tr\u00ecnh s\u1eed d\u1ee5ng.<\/p>\n<h4><b>N\u1ec1n t\u1ea3ng c\u00f4ng ngh\u1ec7 nano MAAT (The most Advance Aragon Technology)<\/b><\/h4>\n<p>C\u00f4ng ngh\u1ec7\u00a0<a href=\"https:\/\/en.wikipedia.org\/wiki\/Polymer\" target=\"_blank\" rel=\"nofollow noopener\">Polymer<\/a>\u00a0t\u1ed5ng h\u1ee3p t\u1eeb h\u1ee3p ch\u1ea5t cao ph\u00e2n t\u1eed m\u1edbi nh\u1ea5t c\u1ee7a Geyser LB Nga, bao g\u1ed3m c\u01a1 ch\u1ebf l\u1ecdc c\u1eb7n, x\u1eed l\u00fd d\u01b0 l\u01b0\u1ee3ng thu\u1ed1c BVTV, x\u1eed l\u00fd clo d\u01b0, h\u1eefu c\u01a1, t\u00e1c nh\u00e2n g\u00e2y ung th\u01b0 THM \u2018s,\u2026 hi\u1ec7u qu\u1ea3 b\u1eb1ng c\u01a1 ch\u1ebf h\u1ea5p ph\u1ee5, lo\u1ea1i b\u1ecf ch\u1ea5t ph\u00f3ng x\u1ea1, c\u00e1c ion kim lo\u1ea1i n\u1eb7ng, c\u00e1c g\u1ed1c ion \u00e2m b\u1eb1ng c\u01a1 ch\u1ebf trao \u0111\u1ed5i t\u1ed5ng h\u1ee3p \u0111\u1ed3ng th\u1eddi Cation v\u00e0 Anion \u2013 2 in 1, c\u00f4ng ngh\u1ec7 x\u1eed vi khu\u1ea9n, virus b\u1eb1ng nano b\u1ea1c v\u00e0 tr\u01b0\u1eddng t\u0129nh \u0111i\u1ec7n \u2013 virus b\u1ecb ti\u00eau di\u1ec7t ngay c\u1ea3 khi ch\u01b0a ti\u1ebfp x\u00fac v\u1edbi v\u1eadt li\u1ec7u l\u1ecdc.<\/p>\n<p>C\u00f4ng ngh\u1ec7 MAAT cho ph\u00e9p kh\u00f4ng ch\u1ec9 gi\u1eef l\u1ea1i canxi, magie m\u00e0 c\u00f2n t\u0103ng c\u01b0\u1eddng h\u1ea5p ph\u1ee5 cho c\u01a1 th\u1ec3 b\u1eb1ng c\u00f4ng ngh\u1ec7 chuy\u1ec3n \u0111\u1ed5i c\u1ea5u tr\u00fac canxi sang th\u1ec3 ION CANXI ARAGONITE.<\/p>\n<h4><b>N\u1ec1n t\u1ea3ng c\u00f4ng ngh\u1ec7 nano MANAT (The most Advance Nano Aluminium Technology)<\/b><\/h4>\n<p>C\u00f4ng ngh\u1ec7 Nano Aluminium \u0111\u01b0\u1ee3c nghi\u00ean c\u1ee9u v\u00e0 ph\u00e1t tri\u1ec3n t\u1ea1i M\u1ef9, \u0111\u00e3 \u1ee9ng d\u1ee5ng tr\u00ean t\u00e0u v\u0169 tr\u1ee5 Nasa c\u1ee7a Hoa K\u1ef3, \u0111\u1ebfn nay c\u00f4ng ngh\u1ec7 Nano.\u00a0<a href=\"https:\/\/en.wikipedia.org\/wiki\/Aluminium\" target=\"_blank\" rel=\"nofollow noopener\">Aluminium<\/a>\u00a0\u0111\u00e3 \u0111\u01b0\u1ee3c c\u1ea3i ti\u1ebfn v\u01b0\u1ee3t b\u1eadc v\u00e0 chuy\u1ec3n giao s\u1ea3n xu\u1ea5t t\u1ea1i LB Nga, kh\u00f4ng ch\u1ec9 \u1ee9ng d\u1ee5ng trong x\u1eed l\u00fd n\u01b0\u1edbc m\u00e0 c\u00f2n r\u1ea5t h\u1eefu hi\u1ec7u trong x\u1eed l\u00fd \u00f4 nhi\u1ec5m kh\u00f4ng kh\u00ed.<\/p>\n<h4><b>C\u00f4ng ngh\u1ec7 Nano Aluminium<\/b><\/h4>\n<p>C\u00f4ng ngh\u1ec7 Nano Aluminium cho ph\u00e9p lo\u1ea1i b\u1ecf t\u1ed1i \u0111a nguy c\u01a1 t\u00e1i nhi\u1ec5m khu\u1ea9n b\u1eb1ng c\u00f4ng ngh\u1ec7 tr\u01b0\u1eddng t\u0129nh \u0111i\u1ec7n, t\u0103ng c\u01b0\u1eddng lo\u1ea1i b\u1ecf t\u00e1c nh\u00e2n g\u00e2y ung th\u01b0 THM\u2019s, c\u00e1c t\u1ed3n d\u01b0 h\u00f3a d\u01b0\u1ee3c ph\u1ea9m trong n\u01b0\u1edbc, \u2026.t\u0103ng c\u01b0\u1eddng x\u1eed l\u00fd \u0111\u1ea7u cu\u1ed1i v\u00e0 l\u00e0 ch\u1ed1t ch\u1eb7n cu\u1ed1i c\u00f9ng cho ngu\u1ed3n n\u01b0\u1edbc kh\u00f4ng ch\u1ec9 s\u1ea1ch m\u00e0 c\u00f2n c\u1ea3i thi\u1ec7n \u0111\u00e1ng k\u1ec3 h\u01b0\u01a1ng v\u1ecb n\u01b0\u1edbc<\/p>\n<figure id=\"attachment_65887\" aria-describedby=\"caption-attachment-65887\" style=\"width: 800px\" class=\"wp-caption alignnone\"><img loading=\"lazy\" decoding=\"async\" class=\"size-large wp-image-65887\" src=\"https:\/\/livinghome.vn\/thiet-bi\/wp-content\/uploads\/loc-nuoc\/geyser\/bo-3-loi-loc-nuoc-geyser\/bo-3-loi-loc-nuoc-geyser-ecotar-8\/bo-3-loi-loc-nuoc-geyser-ecotar-8-1-800x800.jpg\" alt=\"B\u1ed9 3 l\u00f5i l\u1ecdc n\u01b0\u1edbc Geyser Ecotar 8 nh\u1eadp kh\u1ea9u ch\u00e2u \u00c2u\" width=\"800\" height=\"800\" title=\"\"><figcaption id=\"caption-attachment-65887\" class=\"wp-caption-text\">B\u1ed9 3 l\u00f5i l\u1ecdc n\u01b0\u1edbc Geyser Ecotar 8 nh\u1eadp kh\u1ea9u ch\u00e2u \u00c2u<\/figcaption><\/figure>\n<h3><strong>Th\u00f4ng s\u1ed1 k\u1ef9 thu\u1eadt<\/strong><\/h3>\n<table>\n<tbody>\n<tr>\n<td>Th\u01b0\u01a1ng hi\u1ec7u<\/td>\n<td>Geyser<\/td>\n<\/tr>\n<tr>\n<td>\u1ee8ng d\u1ee5ng<\/td>\n<td>L\u1ecdc n\u01b0\u1edbc u\u1ed1ng \u0103n u\u1ed1ng tr\u1ef1c ti\u1ebfp, kh\u00f4ng c\u1ea7n \u0111un s\u00f4i<\/td>\n<\/tr>\n<tr>\n<td>T\u00ednh n\u0103ng \u0111\u1eb7c bi\u1ec7t<\/td>\n<td>Lo\u0323c sa\u0323ch \u0111a\u0323t TC n\u01b0\u01a1\u0301c u\u00f4\u0301ng nh\u01b0ng t\u0103ng c\u01b0\u01a1\u0300ng h\u00e2\u0301p thu\u0323 canxi<\/td>\n<\/tr>\n<tr>\n<td>C\u00f4ng ngh\u1ec7<\/td>\n<td>UniTECH v\u00e0 NANO k\u00e9p<\/td>\n<\/tr>\n<tr>\n<td>T\u00ednh n\u0103ng<\/td>\n<td>L\u00f5i l\u1ecdc n\u01b0\u1edbc<\/td>\n<\/tr>\n<\/tbody>\n<\/table>\n<h3><strong>Hi\u1ec7u qu\u1ea3 s\u1ea3n ph\u1ea9m<\/strong><\/h3>\n<h4><strong>\u0110\u1ea1t chu\u1ea9n B\u1ed9 Y T\u1ebf v\u00e0 t\u1ed1t cho s\u1ee9c kh\u1ecfe<\/strong><\/h4>\n<p>Ngu\u1ed3n n\u01b0\u1edbc \u0111\u1ea7u ra \u0111\u1ea3m b\u1ea3o s\u1ea1ch 100% vi khu\u1ea9n, vi r\u00fat, t\u1ea1p ch\u1ea5t, kim lo\u1ea1i n\u1eb7ng,\u2026 g\u00e2y h\u1ea1i cho c\u01a1 th\u1ec3 con ng\u01b0\u1eddi. \u0110\u1ea1t chu\u1ea9n c\u1ee7a B\u1ed9 Y T\u1ebf, c\u00f3 th\u1ec3 s\u1eed d\u1ee5ng tr\u1ef1c ti\u1ebfp m\u00e0 kh\u00f4ng c\u1ea7n qua qu\u00e1 tr\u00ecnh \u0111un n\u1ea5u. \u0110\u1ed3ng th\u1eddi, c\u00f4ng ngh\u1ec7 l\u1ecdc th\u00f4ng minh gi\u00fap gi\u1eef lo\u1ea1i c\u00e1c kho\u00e1ng ch\u1ea5t t\u1ed1t cho s\u1ee9c kho\u1ebb.<\/p>\n<h4><strong>T\u1ea1o th\u00e0nh c\u1ea5u tr\u00fac ion canxi Aragonite<\/strong><\/h4>\n<p>B\u1ed9 3 l\u00f5i l\u1ecdc n\u01b0\u1edbc Geyser Ecotar 8 t\u1ea1o ra ngu\u1ed3n n\u01b0\u1edbc ion canxi v\u1edbi c\u1ea5u tr\u00fac thanh m\u1ea3nh Aragonite. N\u01b0\u1edbc Aragonite \u0111\u01b0\u1ee3c ch\u1ee9ng minh l\u00e0 d\u1ec5 d\u00e0ng th\u1ea9m th\u1ea5u v\u00e0o c\u01a1 th\u1ec3 con ng\u01b0\u1eddi g\u1ea5p 23 l\u1ea7n so v\u1edbi canxi \u1edf d\u1ea1ng th\u00f4ng th\u01b0\u1eddng. \u0110\u1ed3ng th\u1eddi \u0111\u01b0\u1ee3c ch\u1ee9ng nh\u1eadn l\u00e0 c\u1ea3i thi\u1ec7n l\u00e0n da, t\u00f3c, h\u1ed7 tr\u1ee3 ph\u00e1t tri\u1ec3n v\u00e0 ng\u0103n ng\u1eeba lo\u00e3ng x\u01b0\u01a1ng, cung c\u1ea5p d\u01b0\u1ee1ng ch\u1ea5t gi\u00fap t\u0103ng c\u01b0\u1eddng h\u1ec7 mi\u1ec5n d\u1ecbch.<\/p>\n<figure id=\"attachment_65888\" aria-describedby=\"caption-attachment-65888\" style=\"width: 800px\" class=\"wp-caption alignnone\"><img loading=\"lazy\" decoding=\"async\" class=\"size-large wp-image-65888\" src=\"https:\/\/livinghome.vn\/thiet-bi\/wp-content\/uploads\/loc-nuoc\/geyser\/bo-3-loi-loc-nuoc-geyser\/bo-3-loi-loc-nuoc-geyser-ecotar-8\/bo-3-loi-loc-nuoc-geyser-ecotar-8-2-800x800.jpg\" alt=\"B\u1ed9 3 l\u00f5i l\u1ecdc n\u01b0\u1edbc Geyser Ecotar 8 nh\u1eadp kh\u1ea9u ch\u00e2u \u00c2u\" width=\"800\" height=\"800\" title=\"\"><figcaption id=\"caption-attachment-65888\" class=\"wp-caption-text\">B\u1ed9 3 l\u00f5i l\u1ecdc n\u01b0\u1edbc Geyser Ecotar 8 nh\u1eadp kh\u1ea9u ch\u00e2u \u00c2u<\/figcaption><\/figure>\n<h3><strong>Tu\u1ed5i th\u1ecd l\u00f5i l\u1ecdc<\/strong><\/h3>\n<p><strong>B\u1ed9 3 l\u00f5i l\u1ecdc n\u01b0\u1edbc Geyser Ecotar 8 <\/strong>s\u1eed d\u1ee5ng c\u00f4ng ngh\u1ec7 UniTECH ch\u1ec9 c\u00f3 th\u1ec3 thay th\u1ebf tr\u1ecdn b\u1ed9, kh\u00f4ng th\u1ec3 t\u00e1ch r\u1eddi. Tu\u1ed5i th\u1ecd b\u1ed9 l\u00f5i l\u1ecdc n\u01b0\u1edbc 1, 2, 3 l\u00e0 7000 l\u00edt n\u01b0\u1edbc, t\u01b0\u01a1ng \u0111\u01b0\u01a1ng v\u1edbi th\u1eddi gian l\u00e0 12 th\u00e1ng, t\u00f9y v\u00e0o nhu c\u1ea7u s\u1eed d\u1ee5ng v\u00e0 \u0111\u1eb7c t\u00ednh c\u1ee7a ngu\u1ed3n n\u01b0\u1edbc.<\/p>\n","protected":false},"excerpt":{"rendered":"<p style=\"text-align: left;\"><em>B\u1ed9 3 l\u00f5i l\u1ecdc n\u01b0\u1edbc Geyser Ecotar 8 thu\u1ed9c d\u00f2ng m\u00e1y l\u1ecdc n\u01b0\u1edbc cao c\u1ea5p nano Geyser Ecotar 8\u00a0c\u00f9ng 3 c\u00f4ng ngh\u1ec7 l\u1ecdc ti\u00ean ti\u1ebfn, h\u00e0ng \u0111\u1ea7u hi\u1ec7n nay. S\u1ea3n ph\u1ea9m kh\u00f4ng ch\u1ec9 \u0111em \u0111\u1ebfn ngu\u1ed3n n\u01b0\u1edbc trong l\u00e0nh, an to\u00e0n m\u00e0 c\u00f2n c\u00f3 kh\u1ea3 n\u0103ng t\u1ea1o ra c\u00e1c ion canxi t\u1ef1 nhi\u00ean, n\u00e2ng cao s\u1ee9c kh\u1ecfe c\u1ee7a ng\u01b0\u1eddi s\u1eed d\u1ee5ng.<\/em><\/p>\n","protected":false},"featured_media":3608,"comment_status":"open","ping_status":"closed","template":"","meta":[],"product_brand":[],"product_cat":[399,412,413],"product_tag":[418,417,419,420,404],"class_list":{"0":"post-3569","1":"product","2":"type-product","3":"status-publish","4":"has-post-thumbnail","6":"product_cat-may-loc-nuoc","7":"product_cat-may-loc-nuoc-geyser","8":"product_cat-thuong-hieu-geyser","9":"product_tag-bo-3-loi-loc-nuoc","10":"product_tag-geyser","11":"product_tag-loi-loc-nuoc","12":"product_tag-loi-loc-nuoc-geyser","13":"product_tag-may-loc-nuoc","15":"first","16":"instock","17":"shipping-taxable","18":"purchasable","19":"product-type-simple"},"_links":{"self":[{"href":"https:\/\/livinghome.vn\/thiet-bi\/wp-json\/wp\/v2\/product\/3569","targetHints":{"allow":["GET"]}}],"collection":[{"href":"https:\/\/livinghome.vn\/thiet-bi\/wp-json\/wp\/v2\/product"}],"about":[{"href":"https:\/\/livinghome.vn\/thiet-bi\/wp-json\/wp\/v2\/types\/product"}],"replies":[{"embeddable":true,"href":"https:\/\/livinghome.vn\/thiet-bi\/wp-json\/wp\/v2\/comments?post=3569"}],"wp:featuredmedia":[{"embeddable":true,"href":"https:\/\/livinghome.vn\/thiet-bi\/wp-json\/wp\/v2\/media\/3608"}],"wp:attachment":[{"href":"https:\/\/livinghome.vn\/thiet-bi\/wp-json\/wp\/v2\/media?parent=3569"}],"wp:term":[{"taxonomy":"product_brand","embeddable":true,"href":"https:\/\/livinghome.vn\/thiet-bi\/wp-json\/wp\/v2\/product_brand?post=3569"},{"taxonomy":"product_cat","embeddable":true,"href":"https:\/\/livinghome.vn\/thiet-bi\/wp-json\/wp\/v2\/product_cat?post=3569"},{"taxonomy":"product_tag","embeddable":true,"href":"https:\/\/livinghome.vn\/thiet-bi\/wp-json\/wp\/v2\/product_tag?post=3569"}],"curies":[{"name":"wp","href":"https:\/\/api.w.org\/{rel}","templated":true}]}}