{"id":356,"date":"2023-01-12T10:07:06","date_gmt":"2023-01-12T10:07:06","guid":{"rendered":"https:\/\/livinghome.vn\/thiet-bi\/?post_type=product&#038;p=356"},"modified":"2024-11-29T14:21:05","modified_gmt":"2024-11-29T07:21:05","slug":"may-rua-chen-dmestik-es-08-01-8-bo-6-chuong-trinh-rua","status":"publish","type":"product","link":"https:\/\/livinghome.vn\/thiet-bi\/may-rua-chen-dmestik-es-08-01-8-bo-6-chuong-trinh-rua\/","title":{"rendered":"M\u00e1y r\u1eeda ch\u00e9n Dmestik ES 08-01 8 b\u1ed9 6 ch\u01b0\u01a1ng tr\u00ecnh r\u1eeda"},"content":{"rendered":"<h2><strong>M\u00e1y r\u1eeda ch\u00e9n Dmestik ES 08-01 8 b\u1ed9, 6 ch\u01b0\u01a1ng tr\u00ecnh r\u1eeda v\u1edbi thu\u1ed9c d\u00f2ng m\u00e1y r\u1eeda b\u00e1t \u0111\u1ed9c l\u1eadp v\u1edbi nh\u1eefng t\u00ednh n\u0103ng v\u01b0\u1ee3t tr\u1ed9i. M\u00e1y r\u1eeda b\u00e1t \u0111\u1ed9c l\u1eadp Dmestik ES 08-01 l\u00e0 s\u1ea3n ph\u1ea9m kh\u00f4ng th\u1ec3 thi\u1ebfu trong m\u1ed7i h\u1ed9 gia \u0111\u00ecnh, mang l\u1ea1i s\u1ef1 ti\u1ec7n l\u1ee3i, gi\u00fap ti\u1ebft ki\u1ec7m th\u1eddi gian v\u00e0 b\u1ea3o v\u1ec7 s\u1ee9c kh\u1ecfe t\u1ed1t nh\u1ea5t cho gia \u0111\u00ecnh b\u1ea1n.<\/strong><\/h2>\n<h3>Gi\u1edbi thi\u1ec7u s\u1ea3n ph\u1ea9m<\/h3>\n<ul>\n<li>Ph\u00e2n lo\u1ea1i : <a href=\"https:\/\/livinghome.vn\/thiet-bi\/may-rua-chen-bat\/\">M\u00e1y r\u1eeda ch\u00e9n <\/a>Dmestik ES 08-01<\/li>\n<li>M\u00e0u s\u1eafc: M\u00e0u b\u1ea1c<\/li>\n<li>Ch\u1ea5t li\u1ec7u th\u00e2n m\u00e1y l\u00e0m b\u1eb1ng th\u00e9p kh\u00f4ng g\u1ec9 v\u1edbi l\u1edbp ph\u1ee7 ch\u1ed1ng v\u00e2n tay \u0111\u1eb7c bi\u1ec7t<\/li>\n<li>B\u1ea3ng \u0111i\u1ec1u khi\u1ec3n c\u01a1 v\u00e0 c\u1ea3m \u1ee9ng ti\u1ec7n d\u1ee5ng<\/li>\n<li>M\u00e0n h\u00ecnh hi\u1ec3n th\u1ecb d\u1ea1ng led<\/li>\n<li>Ch\u1ebf \u0111\u1ed9 kh\u00f3a an to\u00e0n tr\u1ebb em<\/li>\n<li>H\u1eb9n gi\u1edd: 1-24h<\/li>\n<li>6 ch\u01b0\u01a1ng tr\u00ecnh r\u1eeda: chuy\u00ean s\u00e2u, b\u00ecnh th\u01b0\u1eddng, r\u1eeda ly, sinh th\u00e1i, r\u1eeda 90 ph\u00fat, r\u1eeda nhanh<\/li>\n<li>Ch\u1ebf \u0111\u1ed9 r\u1eeda chuy\u00ean s\u00e2u 50-70\u00b0C<\/li>\n<li>Ch\u1ebf \u0111\u1ed9 r\u1eeda th\u01b0\u1eddng 45-68\u00b0C<\/li>\n<li>Ch\u1ebf \u0111\u1ed9 r\u1eeda ECO (r\u1eeda ti\u1ebft ki\u1ec7m) 45-65\u00b0C<\/li>\n<li>Ch\u1ebf \u0111\u1ed9 r\u1eeda ly 45-60\u00b0C<\/li>\n<li>Ch\u1ebf \u0111\u1ed9 r\u1eeda 90 ph\u00fat 55-68\u00b0C<\/li>\n<li>Ch\u1ebf \u0111\u1ed9 r\u1eeda nhanh 45-65\u00b0C<\/li>\n<li>C\u00f4ng ngh\u1ec7 s\u1ea5y ion t\u0103ng c\u01b0\u1eddng<\/li>\n<li>Ch\u1ebf \u0111\u1ed9 r\u1eeda turbo, s\u1ea5y trao \u0111\u1ed5i nhi\u1ec7t chuy\u00ean s\u00e2u<\/li>\n<li>R\u1eeda \u0111\u01b0\u1ee3c 8 b\u1ed9 ch\u00e2u \u00c2u.<\/li>\n<li>Ngu\u1ed3n \u0111i\u1ec7n s\u1eed d\u1ee5ng: 205 kwh\/ 1 n\u0103m<\/li>\n<li>L\u01b0\u1ee3ng n\u01b0\u1edbc s\u1eed d\u1ee5ng: 2240 L\/ 1 n\u0103m<\/li>\n<li>M\u00e1y ho\u1ea1t \u0111\u1ed9ng \u00eam \u00e1i v\u1edbi \u0111\u1ed9 \u1ed3n: 49 Db<\/li>\n<li>Xu\u1ea5t x\u1ee9: Ch\u00ednh h\u00e3ng<\/li>\n<li>B\u1ea3o h\u00e0nh: 3 n\u0103m<\/li>\n<\/ul>\n<p>D\u00f2ng s\u1ea3n ph\u1ea9m m\u00e1y r\u1eeda b\u00e1t Dmestik ES 08-01 nh\u1ecf g\u1ecdn gi\u00fap b\u1ea1n t\u1eadn h\u01b0\u1edfng nh\u1eefng c\u00f4ng ngh\u1ec7 m\u1edbi nh\u1ea5t. S\u1ea3n ph\u1ea9m ph\u00f9 h\u1ee3p v\u1edbi gia \u0111\u00ecnh nh\u1ecf c\u00f3 di\u1ec7n t\u00edch ph\u00f2ng \u1edf h\u1ea1n ch\u1ebf c\u0169ng nh\u01b0 nh\u1eefng gia \u0111\u00ecnh c\u00f3 \u00edt th\u00e0nh vi\u00ean, gi\u00fap ti\u1ebft ki\u1ec7m \u0111i\u1ec7n, n\u01b0\u1edbc v\u00e0 ch\u1ea5t t\u1ea9y r\u1eeda m\u00e0 kh\u00f4ng l\u00e0m gi\u1ea3m hi\u1ec7u su\u1ea5t.<\/p>\n<figure id=\"attachment_53467\" aria-describedby=\"caption-attachment-53467\" style=\"width: 1067px\" class=\"wp-caption aligncenter\"><img loading=\"lazy\" decoding=\"async\" class=\"wp-image-53467 size-large\" src=\"https:\/\/livinghome.vn\/thiet-bi\/wp-content\/uploads\/nha-bep\/dmestik\/may-rua-chen\/may-rua-chen-doc-lap-dmestik-es-08-01\/may-rua-chen-doc-lap-dmestik-es-08-01-2-1067x800.jpg\" alt=\"M\u00e1y r\u1eeda ch\u00e9n Dmestik ES 08-01 8 b\u1ed9, 6 ch\u01b0\u01a1ng tr\u00ecnh r\u1eeda\" width=\"1067\" height=\"800\" title=\"\"><figcaption id=\"caption-attachment-53467\" class=\"wp-caption-text\">M\u00e1y r\u1eeda ch\u00e9n Dmestik ES 08-01 8 b\u1ed9, 6 ch\u01b0\u01a1ng tr\u00ecnh r\u1eeda<\/figcaption><\/figure>\n<h3>Th\u00f4ng s\u1ed1 k\u1ef9 thu\u1eadt<\/h3>\n<ul>\n<li>L\u1edbp ti\u00eau th\u1ee5 \u0111i\u1ec7n n\u0103ng: A+<\/li>\n<li>\u0110i\u1ec7n \u00e1p: 220V<\/li>\n<li>T\u1ea7n s\u1ed1: 50Hz<\/li>\n<li>\u0110\u1ed9 \u1ed3n: 49 dB<\/li>\n<li>Ngu\u1ed3n \u0111i\u1ec7n ti\u00eau th\u1ee5: 205 kwh\/ 1 n\u0103m<\/li>\n<li>L\u01b0\u1ee3ng n\u01b0\u1edbc s\u1eed d\u1ee5ng: 2240 L\/ 1 n\u0103m<\/li>\n<li>K\u00edch th\u01b0\u1edbc: R550mm x S500mm x C595mm<\/li>\n<li>K\u00edch th\u01b0\u1edbc g\u00f3i: R605mm x S555mm x C662mm<\/li>\n<\/ul>\n<figure id=\"attachment_53466\" aria-describedby=\"caption-attachment-53466\" style=\"width: 1067px\" class=\"wp-caption aligncenter\"><img loading=\"lazy\" decoding=\"async\" class=\"wp-image-53466 size-large\" src=\"https:\/\/livinghome.vn\/thiet-bi\/wp-content\/uploads\/nha-bep\/dmestik\/may-rua-chen\/may-rua-chen-doc-lap-dmestik-es-08-01\/may-rua-chen-doc-lap-dmestik-es-08-01-3-1067x800.jpg\" alt=\"M\u00e1y r\u1eeda ch\u00e9n Dmestik ES 08-01 8 b\u1ed9, 6 ch\u01b0\u01a1ng tr\u00ecnh r\u1eeda\" width=\"1067\" height=\"800\" title=\"\"><figcaption id=\"caption-attachment-53466\" class=\"wp-caption-text\">M\u00e1y r\u1eeda ch\u00e9n Dmestik ES 08-01 8 b\u1ed9, 6 ch\u01b0\u01a1ng tr\u00ecnh r\u1eeda<\/figcaption><\/figure>\n","protected":false},"excerpt":{"rendered":"<p style=\"text-align: center;\">Ch\u1ea5t li\u1ec7u th\u00e2n m\u00e1y l\u00e0m b\u1eb1ng th\u00e9p kh\u00f4ng g\u1ec9 v\u1edbi l\u1edbp ph\u1ee7 ch\u1ed1ng v\u00e2n tay \u0111\u1eb7c bi\u1ec7t<\/p>\n<p style=\"text-align: center;\">6 ch\u01b0\u01a1ng tr\u00ecnh r\u1eeda: chuy\u00ean s\u00e2u, b\u00ecnh th\u01b0\u1eddng, r\u1eeda ly, sinh th\u00e1i, r\u1eeda 90 ph\u00fat, r\u1eeda nhanh<\/p>\n<p style=\"text-align: center;\">Ngu\u1ed3n \u0111i\u1ec7n ti\u00eau th\u1ee5: 205 kwh\/ 1 n\u0103m<\/p>\n<p style=\"text-align: center;\">L\u01b0\u1ee3ng n\u01b0\u1edbc s\u1eed d\u1ee5ng: 2240 L\/ 1 n\u0103m<\/p>\n<p style=\"text-align: center;\">K\u00edch th\u01b0\u1edbc: R550mm x S500mm x C595mm<\/p>\n<p style=\"text-align: center;\">R\u1eeda \u0111\u01b0\u1ee3c 8 b\u1ed9 ch\u00e2u \u00c2u.<\/p>\n<p style=\"text-align: center;\">Ch\u1ebf \u0111\u1ed9 kh\u00f3a an to\u00e0n tr\u1ebb em<\/p>\n<p style=\"text-align: center;\">\n","protected":false},"featured_media":406,"comment_status":"open","ping_status":"closed","template":"","meta":[],"product_brand":[],"product_cat":[605,92,821,828,827,818,826,817,72],"product_tag":[74,93,94],"class_list":{"0":"post-356","1":"product","2":"type-product","3":"status-publish","4":"has-post-thumbnail","6":"product_cat-may-rua-chen-bat-dmestik","7":"product_cat-may-rua-chen-bat","8":"product_cat-may-rua-chen-bat-8-bo","9":"product_cat-may-rua-chen-bat-am-tu","10":"product_cat-may-rua-chen-bat-ban-am","11":"product_cat-may-rua-chen-bat-de-ban","12":"product_cat-may-rua-chen-bat-doc-lap","13":"product_cat-may-rua-chen-bat-mini","14":"product_cat-thuong-hieu-dmestik","15":"product_tag-dmestik","16":"product_tag-may-rua-chen","17":"product_tag-may-rua-chen-dmestik","19":"first","20":"instock","21":"sale","22":"shipping-taxable","23":"purchasable","24":"product-type-simple"},"_links":{"self":[{"href":"https:\/\/livinghome.vn\/thiet-bi\/wp-json\/wp\/v2\/product\/356","targetHints":{"allow":["GET"]}}],"collection":[{"href":"https:\/\/livinghome.vn\/thiet-bi\/wp-json\/wp\/v2\/product"}],"about":[{"href":"https:\/\/livinghome.vn\/thiet-bi\/wp-json\/wp\/v2\/types\/product"}],"replies":[{"embeddable":true,"href":"https:\/\/livinghome.vn\/thiet-bi\/wp-json\/wp\/v2\/comments?post=356"}],"wp:featuredmedia":[{"embeddable":true,"href":"https:\/\/livinghome.vn\/thiet-bi\/wp-json\/wp\/v2\/media\/406"}],"wp:attachment":[{"href":"https:\/\/livinghome.vn\/thiet-bi\/wp-json\/wp\/v2\/media?parent=356"}],"wp:term":[{"taxonomy":"product_brand","embeddable":true,"href":"https:\/\/livinghome.vn\/thiet-bi\/wp-json\/wp\/v2\/product_brand?post=356"},{"taxonomy":"product_cat","embeddable":true,"href":"https:\/\/livinghome.vn\/thiet-bi\/wp-json\/wp\/v2\/product_cat?post=356"},{"taxonomy":"product_tag","embeddable":true,"href":"https:\/\/livinghome.vn\/thiet-bi\/wp-json\/wp\/v2\/product_tag?post=356"}],"curies":[{"name":"wp","href":"https:\/\/api.w.org\/{rel}","templated":true}]}}