{"id":339,"date":"2023-01-12T10:06:43","date_gmt":"2023-01-12T10:06:43","guid":{"rendered":"https:\/\/livinghome.vn\/thiet-bi\/?post_type=product&#038;p=339"},"modified":"2024-11-29T14:21:05","modified_gmt":"2024-11-29T07:21:05","slug":"may-hut-mui-dmestik-tl4670-dmk-kieu-dang-kinh-vat-mau-trang-thiet-ke-sang-trong","status":"publish","type":"product","link":"https:\/\/livinghome.vn\/thiet-bi\/may-hut-mui-dmestik-tl4670-dmk-kieu-dang-kinh-vat-mau-trang-thiet-ke-sang-trong\/","title":{"rendered":"M\u00e1y h\u00fat m\u00f9i Dmestik TL4670 DMK ki\u1ec3u d\u00e1ng k\u00ednh v\u00e1t m\u00e0u tr\u1eafng thi\u1ebft k\u1ebf sang tr\u1ecdng"},"content":{"rendered":"<h2><strong>M\u00e1y h\u00fat m\u00f9i Dmestik TL4670 DMK ki\u1ec3u d\u00e1ng k\u00ednh v\u00e1t m\u00e0u tr\u1eafng, thi\u1ebft k\u1ebf sang tr\u1ecdng. M\u1ed9t kh\u00f4ng gian b\u1ebfp hi\u1ec7n \u0111\u1ea1i c\u00f9ng c\u00e1c thi\u1ebft b\u1ecb ti\u1ec7n nghi l\u00e0 ti\u00eau ch\u00ed m\u00e0 c\u00e1c gia \u0111\u00ecnh lu\u00f4n h\u01b0\u1edbng t\u1edbi. V\u1edbi m\u00e1y h\u00fat m\u00f9i Dmestik TL4670 DMK v\u1edbi ki\u1ec3u d\u00e1ng k\u00ednh v\u00e1t m\u00e0u tr\u1eafng trang nh\u00e3, tinh t\u1ebf khi\u1ebfn c\u0103n b\u1ebfp c\u1ee7a b\u1ea1n lu\u00f4n sang tr\u1ecdng.<\/strong><\/h2>\n<h3>Gi\u1eddi thi\u1ec7u s\u1ea3n ph\u1ea9m<\/h3>\n<ul>\n<li>Ph\u00e2n lo\u1ea1i : <a href=\"https:\/\/livinghome.vn\/thiet-bi\/may-hut-mui\/may-hut-mui-gan-tuong\/\">M\u00e1y h\u00fat m\u00f9i<\/a> TL4670 DMK<\/li>\n<li>M\u00e1y h\u00fat m\u00f9i g\u1eafn t\u01b0\u1eddng, ki\u1ec3u d\u00e1ng k\u00ednh v\u00e1t m\u00e0u tr\u1eafng<\/li>\n<li>Thi\u1ebft k\u1ebf sang tr\u1ecdng<\/li>\n<li>Ch\u1ee9c n\u0103ng l\u1ecdc than ho\u1ea1t t\u00ednh<\/li>\n<li>H\u1ec7 th\u1ed1ng chi\u1ebfu s\u00e1ng: 02 \u0110\u00e8n LED x 1,5 W, s\u00e1ng ti\u1ebft ki\u1ec7m \u0111i\u1ec7n<\/li>\n<li>\u0110\u1ed3ng h\u1ed3 hi\u1ec3n th\u1ecb th\u1eddi gian v\u00e0 Ch\u1ebf \u0111\u1ed9 h\u1eb9n gi\u1edd<\/li>\n<li>H\u1ec7 th\u1ed1ng \u0111i\u1ec1u khi\u1ec3n: Chuy\u1ec3n \u0111\u1ed5i \u0111i\u1ec7n t\u1eed<\/li>\n<li>C\u00f4ng ngh\u1ec7 Air sensor &#8211; c\u1ea3m \u1ee9ng v\u00e2\u0303y tay<\/li>\n<li>3 m\u1ee9c \u0111i\u1ec1u khi\u1ec3n th\u00f4ng minh<\/li>\n<li>D\u1ec5 d\u00e0ng l\u1eafp \u0111\u1eb7t<\/li>\n<li>H\u1ea1n ch\u1ebf t\u1ed1i \u0111a ti\u1ebfng \u1ed3n<\/li>\n<li>L\u01b0\u1edbi l\u1ecdc b\u1eb1ng h\u1ee3p kim nh\u00f4m d\u1ec5 d\u00e0ng th\u00e1o l\u1eafp, v\u1ec7 sinh<\/li>\n<\/ul>\n<p>\u0110\u1eb7c \u0111i\u1ec3m n\u1ed5i b\u1eadt c\u1ee7a chi\u1ebfc m\u00e1y h\u00fat m\u00f9i Dmestik TL4670 DMK ph\u1ea3i k\u1ec3 \u0111\u1ebfn s\u1eed d\u1ee5ng c\u00f4ng ngh\u1ec7 hi\u1ec7n \u0111\u1ea1i Air sensor ti\u00ean ti\u1ebfn c\u1ea3m \u1ee9ng v\u00e2\u0303y tay ti\u1ec7n l\u1ee3i khi s\u1eed d\u1ee5ng: v\u1eaby t\u1eeb tr\u00e1i qua ph\u1ea3i \u0111\u1ec3 m\u1edf h\u00fat m\u00f9i, v\u00e0 v\u1eaby t\u1eeb ph\u1ea3i qua tr\u00e1i \u0111\u1ec3 t\u1eaft h\u00fat m\u00f9i. B\u1ea3ng \u0111i\u1ec1u khi\u1ec3n ph\u00edm c\u1ea3m \u1ee9ng g\u1ed3m 3 t\u1ed1c \u0111\u1ed9 v\u00e0 ch\u1ebf \u0111\u1ed9 h\u00fat chuy\u00ean s\u00e2u l\u1ef1a ch\u1ecdn m\u1ee9c \u0111\u1ed9 h\u00fat ph\u00f9 h\u1ee3p v\u1edbi l\u01b0\u1ee3ng m\u00f9i v\u00e0 kh\u00f3i khi n\u1ea5u \u0103n \u0111\u1ec3 \u0111\u1ea3m b\u1ea3o s\u1ea1ch m\u00f9i cho kh\u00f4ng gian b\u1ebfp nh\u00e0 b\u1ea1n<\/p>\n<figure id=\"attachment_53460\" aria-describedby=\"caption-attachment-53460\" style=\"width: 1067px\" class=\"wp-caption aligncenter\"><img loading=\"lazy\" decoding=\"async\" class=\"wp-image-53460 size-large\" src=\"https:\/\/livinghome.vn\/thiet-bi\/wp-content\/uploads\/nha-bep\/dmestik\/may-hut-mui\/may-hut-mui-dmestik-tl-4670-dmk\/may-hut-mui-dmestik-tl-4670-dmk-2-1067x800.jpg\" alt=\"M\u00e1y h\u00fat m\u00f9i Dmestik TL4670 DMK\" width=\"1067\" height=\"800\" title=\"\"><figcaption id=\"caption-attachment-53460\" class=\"wp-caption-text\">M\u00e1y h\u00fat m\u00f9i Dmestik TL4670 DMK ki\u1ec3u d\u00e1ng k\u00ednh v\u00e1t m\u00e0u tr\u1eafng, thi\u1ebft k\u1ebf sang tr\u1ecdng<\/figcaption><\/figure>\n<h3>Th\u00f4ng s\u1ed1 k\u1ef9 thu\u1eadt<\/h3>\n<ul>\n<li>\u0110i\u1ec7n \u00e1p: 220 -240 V \/ 50 &#8211; 60 Hz<\/li>\n<li>C\u00f4ng su\u1ea5t h\u00fat:1200m3\/h<\/li>\n<li>\u0110\u1ed9 \u1ed3n: =&lt;50\u00a0dBA<\/li>\n<li>\u0110\u1ed9ng c\u01a1: 1x220W<\/li>\n<li>\u1ed0ng x\u1ea3: \u00d8160 mm<\/li>\n<li>K\u00edch th\u01b0\u1edbc to\u00e0n m\u00e1y: 700 x 370 x 600mm<\/li>\n<li>K\u00edch th\u01b0\u1edbc th\u00e2n m\u00e1y: 450 x 340 x 500mm<\/li>\n<li>K\u00edch th\u01b0\u1edbc \u1ed1ng bao: 345 x 270 x 330 mm<\/li>\n<li>B\u1ea3o h\u00e0nh: Ch\u00ednh h\u00e3ng 3 n\u0103m<\/li>\n<\/ul>\n<figure id=\"attachment_57595\" aria-describedby=\"caption-attachment-57595\" style=\"width: 800px\" class=\"wp-caption aligncenter\"><img loading=\"lazy\" decoding=\"async\" class=\"wp-image-57595 size-large\" src=\"https:\/\/livinghome.vn\/thiet-bi\/wp-content\/uploads\/nha-bep\/dmestik\/may-hut-mui\/may-hut-mui-dmestik-tl-4670-dmk\/may-hut-mui-dmestik-tl-4670-dmk-3-800x800.jpg\" alt=\"M\u00e1y h\u00fat m\u00f9i Dmestik TL4670 DMK ki\u1ec3u d\u00e1ng k\u00ednh v\u00e1t m\u00e0u tr\u1eafng, thi\u1ebft k\u1ebf sang tr\u1ecdng\" width=\"800\" height=\"800\" title=\"\"><figcaption id=\"caption-attachment-57595\" class=\"wp-caption-text\">M\u00e1y h\u00fat m\u00f9i Dmestik TL4670 DMK ki\u1ec3u d\u00e1ng k\u00ednh v\u00e1t m\u00e0u tr\u1eafng, thi\u1ebft k\u1ebf sang tr\u1ecdng<\/figcaption><\/figure>\n","protected":false},"excerpt":{"rendered":"<p style=\"text-align: center;\">3 m\u1ee9c \u0111i\u1ec1u khi\u1ec3n th\u00f4ng minh<\/p>\n<p style=\"text-align: center;\">\u0110i\u1ec7n \u00e1p: 220 -240 V \/ 50 &#8211; 60 Hz<\/p>\n<p style=\"text-align: center;\">C\u00f4ng su\u1ea5t h\u00fat:1200m3\/h<\/p>\n<p style=\"text-align: center;\">\u0110\u1ed9 \u1ed3n: =&lt;50\u00a0dBA<\/p>\n<p style=\"text-align: center;\">\u0110\u1ed9ng c\u01a1: 1x220W<\/p>\n<p style=\"text-align: center;\">\u1ed0ng x\u1ea3: \u00d8160 mm<\/p>\n<p style=\"text-align: center;\">K\u00edch th\u01b0\u1edbc to\u00e0n m\u00e1y: 700 x 370 x 600mm<\/p>\n<p style=\"text-align: center;\">K\u00edch th\u01b0\u1edbc th\u00e2n m\u00e1y: 450 x 340 x 500mm<\/p>\n<p style=\"text-align: center;\">K\u00edch th\u01b0\u1edbc \u1ed1ng bao: 345 x 270 x 330 mm<\/p>\n<p style=\"text-align: center;\">L\u01b0\u1edbi l\u1ecdc b\u1eb1ng h\u1ee3p kim nh\u00f4m d\u1ec5 d\u00e0ng th\u00e1o l\u1eafp, v\u1ec7 sinh<\/p>\n<p style=\"text-align: center;\">Ch\u1ee9c n\u0103ng l\u1ecdc than ho\u1ea1t t\u00ednh<\/p>\n<p style=\"text-align: center;\">\n","protected":false},"featured_media":395,"comment_status":"open","ping_status":"closed","template":"","meta":[],"product_brand":[],"product_cat":[84,89,72],"product_tag":[74,86,91,88],"class_list":{"0":"post-339","1":"product","2":"type-product","3":"status-publish","4":"has-post-thumbnail","6":"product_cat-may-hut-mui","7":"product_cat-may-hut-mui-gan-tuong","8":"product_cat-thuong-hieu-dmestik","9":"product_tag-dmestik","10":"product_tag-may-hut-mui","11":"product_tag-may-hut-mui-ap-tuong","12":"product_tag-may-hut-mui-dmestik","14":"first","15":"instock","16":"sale","17":"shipping-taxable","18":"purchasable","19":"product-type-simple"},"_links":{"self":[{"href":"https:\/\/livinghome.vn\/thiet-bi\/wp-json\/wp\/v2\/product\/339","targetHints":{"allow":["GET"]}}],"collection":[{"href":"https:\/\/livinghome.vn\/thiet-bi\/wp-json\/wp\/v2\/product"}],"about":[{"href":"https:\/\/livinghome.vn\/thiet-bi\/wp-json\/wp\/v2\/types\/product"}],"replies":[{"embeddable":true,"href":"https:\/\/livinghome.vn\/thiet-bi\/wp-json\/wp\/v2\/comments?post=339"}],"wp:featuredmedia":[{"embeddable":true,"href":"https:\/\/livinghome.vn\/thiet-bi\/wp-json\/wp\/v2\/media\/395"}],"wp:attachment":[{"href":"https:\/\/livinghome.vn\/thiet-bi\/wp-json\/wp\/v2\/media?parent=339"}],"wp:term":[{"taxonomy":"product_brand","embeddable":true,"href":"https:\/\/livinghome.vn\/thiet-bi\/wp-json\/wp\/v2\/product_brand?post=339"},{"taxonomy":"product_cat","embeddable":true,"href":"https:\/\/livinghome.vn\/thiet-bi\/wp-json\/wp\/v2\/product_cat?post=339"},{"taxonomy":"product_tag","embeddable":true,"href":"https:\/\/livinghome.vn\/thiet-bi\/wp-json\/wp\/v2\/product_tag?post=339"}],"curies":[{"name":"wp","href":"https:\/\/api.w.org\/{rel}","templated":true}]}}