{"id":337,"date":"2023-01-12T10:06:43","date_gmt":"2023-01-12T10:06:43","guid":{"rendered":"https:\/\/livinghome.vn\/thiet-bi\/?post_type=product&#038;p=337"},"modified":"2024-11-29T14:21:05","modified_gmt":"2024-11-29T07:21:05","slug":"may-hut-mui-dmestik-tl4770-dmk-kieu-dang-kinh-vat-mau-den-thong-minh","status":"publish","type":"product","link":"https:\/\/livinghome.vn\/thiet-bi\/may-hut-mui-dmestik-tl4770-dmk-kieu-dang-kinh-vat-mau-den-thong-minh\/","title":{"rendered":"M\u00e1y h\u00fat m\u00f9i Dmestik TL4770 DMK ki\u1ec3u d\u00e1ng k\u00ednh v\u00e1t m\u00e0u \u0111en th\u00f4ng minh"},"content":{"rendered":"<h2><strong>M\u00e1y h\u00fat m\u00f9i Dmestik TL4770 DMK ki\u1ec3u d\u00e1ng k\u00ednh v\u00e1t m\u00e0u \u0111en th\u00f4ng minh mang l\u1ea1i kh\u00f4ng gian sang tr\u1ecdng cho c\u0103n b\u1ebfp nh\u00e0 b\u1ea1n.\u00a0M\u00e1y h\u00fat m\u00f9i Dmestik TL4770 DMK l\u00e0 s\u1ef1 l\u1ef1a ch\u1ecdn h\u00e0ng \u0111\u1ea7u cho m\u1ed7i gia \u0111\u00ecnh Vi\u1ec7t.<\/strong><\/h2>\n<h3>Gi\u1eddi thi\u1ec7u s\u1ea3n ph\u1ea9m<\/h3>\n<ul>\n<li><a href=\"https:\/\/livinghome.vn\/thiet-bi\/may-hut-mui\/\">M\u00e1y h\u00fat m\u00f9i<\/a> Dmestik TL4770 DMK<\/li>\n<li>M\u00e1y h\u00fat m\u00f9i g\u1eafn t\u01b0\u1eddng, ki\u1ec3u d\u00e1ng k\u00ednh v\u00e1t m\u00e0u \u0111en<\/li>\n<li>Thi\u1ebft k\u1ebf sang tr\u1ecdng<\/li>\n<li>Ch\u1ee9c n\u0103ng l\u1ecdc than ho\u1ea1t t\u00ednh<\/li>\n<li>H\u1ec7 th\u1ed1ng chi\u1ebfu s\u00e1ng: 02 \u0110\u00e8n LED x 1,5 W, s\u00e1ng ti\u1ebft ki\u1ec7m \u0111i\u1ec7n<\/li>\n<li>\u0110\u1ed3ng h\u1ed3 hi\u1ec3n th\u1ecb th\u1eddi gian v\u00e0 Ch\u1ebf \u0111\u1ed9 h\u1eb9n gi\u1edd<\/li>\n<li>H\u1ec7 th\u1ed1ng \u0111i\u1ec1u khi\u1ec3n: Chuy\u1ec3n \u0111\u1ed5i \u0111i\u1ec7n t\u1eed<\/li>\n<li>C\u00f4ng ngh\u1ec7Air sensor- c\u1ea3m \u1ee9ng v\u00e2\u0303y tay<\/li>\n<li>3 m\u1ee9c \u0111i\u1ec1u khi\u1ec3n th\u00f4ng minh<\/li>\n<li>D\u1ec5 d\u00e0ng l\u1eafp \u0111\u1eb7t<\/li>\n<li>H\u1ea1n ch\u1ebf t\u1ed1i \u0111a ti\u1ebfng \u1ed3n<\/li>\n<li>L\u01b0\u1edbi l\u1ecdc b\u1eb1ng h\u1ee3p kim nh\u00f4m d\u1ec5 d\u00e0ng th\u00e1o l\u1eafp, v\u1ec7 sinh<\/li>\n<\/ul>\n<p>M\u00e1y h\u00fat m\u00f9i D&#8217;mestik TL4770 DMK g\u1ed3m 3 t\u1ed1c \u0111\u1ed9 v\u00e0 ch\u1ebf \u0111\u1ed9 h\u00fat chuy\u00ean s\u00e2u l\u1ef1a ch\u1ecdn m\u1ee9c \u0111\u1ed9 h\u00fat ph\u00f9 h\u1ee3p v\u1edbi l\u01b0\u1ee3ng m\u00f9i v\u00e0 kh\u00f3i khi n\u1ea5u \u0103n \u0111\u1ec3 \u0111\u1ea3m b\u1ea3o s\u1ea1ch m\u00f9i cho kh\u00f4ng gian b\u1ebfp nh\u00e0 b\u1ea1n. C\u00e1c lo\u1ea1i kh\u00ed \u0111\u1ed9c h\u1ea1i v\u00e0 m\u00f9i kh\u00f3 ch\u1ecbu s\u1ebd \u0111\u01b0\u1ee3c h\u00fat l\u00ean b\u1eb1ng tua-bin (ho\u1eb7c \u0111\u1ed9ng c\u01a1) v\u00e0 chuy\u1ec3n ra ngo\u00e0i, c\u00f2n b\u1ee5i b\u1ea9n v\u00e0 c\u00e1c h\u1ea1t d\u1ea7u m\u1ee1 s\u1ebd b\u00e1m l\u1ea1i l\u1edbp m\u00e0ng l\u1ecdc, c\u00f3 th\u1ec3 d\u1ec5 d\u00e0ng th\u00e1o ra \u0111\u1ec3 v\u1ec7 sinh v\u00e0 thay m\u1edbi thi\u1ebft b\u1ecb.<\/p>\n<figure id=\"attachment_53462\" aria-describedby=\"caption-attachment-53462\" style=\"width: 1067px\" class=\"wp-caption aligncenter\"><img loading=\"lazy\" decoding=\"async\" class=\"wp-image-53462 size-large\" src=\"https:\/\/livinghome.vn\/thiet-bi\/wp-content\/uploads\/nha-bep\/dmestik\/may-hut-mui\/may-hut-mui-dmestik-tl-4770-dmk\/may-hut-mui-dmestik-tl-4770-dmk-2-1067x800.jpg\" alt=\"M\u00e1y h\u00fat m\u00f9i Dmestik TL4770 DMK ki\u1ec3u d\u00e1ng k\u00ednh v\u00e1t m\u00e0u \u0111en th\u00f4ng minh\" width=\"1067\" height=\"800\" title=\"\"><figcaption id=\"caption-attachment-53462\" class=\"wp-caption-text\">M\u00e1y h\u00fat m\u00f9i Dmestik TL4770 DMK ki\u1ec3u d\u00e1ng k\u00ednh v\u00e1t m\u00e0u \u0111en th\u00f4ng minh<\/figcaption><\/figure>\n<h3>Th\u00f4ng tin k\u1ef9 thu\u1eadt<\/h3>\n<ul>\n<li>\u0110i\u1ec7n \u00e1p: 220 -240 V \/ 50 &#8211; 60 Hz<\/li>\n<li>C\u00f4ng su\u1ea5t h\u00fat: 1200m3\/h<\/li>\n<li>\u0110\u1ed9 \u1ed3n: =&lt;50\u00a0dBA<\/li>\n<li>\u0110\u1ed9ng c\u01a1: 1x220W<\/li>\n<li>\u1ed0ng x\u1ea3: \u00d8 160cm<\/li>\n<li>K\u00edch th\u01b0\u1edbc to\u00e0n m\u00e1y: 700 x 370 x 600mm<\/li>\n<li>K\u00edch th\u01b0\u1edbc th\u00e2n m\u00e1y: 450 x 340 x 500mm<\/li>\n<li>K\u00edch th\u01b0\u1edbc \u1ed1ng bao: 345 x 270 x 330 mm<\/li>\n<li>Xu\u1ea5t x\u1ee9: Ch\u00ednh h\u00e3ng<\/li>\n<li>B\u1ea3o h\u00e0nh ch\u00ednh h\u00e3ng: 3 n\u0103m<\/li>\n<\/ul>\n","protected":false},"excerpt":{"rendered":"<p style=\"text-align: center;\">3 m\u1ee9c \u0111i\u1ec1u khi\u1ec3n th\u00f4ng minh<\/p>\n<p style=\"text-align: center;\">L\u01b0\u1edbi l\u1ecdc b\u1eb1ng h\u1ee3p kim nh\u00f4m d\u1ec5 d\u00e0ng th\u00e1o l\u1eafp, v\u1ec7 sinh<\/p>\n<p style=\"text-align: center;\">\u0110i\u1ec7n \u00e1p: 220 -240 V \/ 50 &#8211; 60 Hz<\/p>\n<p style=\"text-align: center;\">C\u00f4ng su\u1ea5t h\u00fat: 1200m3\/h<\/p>\n<p style=\"text-align: center;\">\u0110\u1ed9 \u1ed3n: =&lt;50\u00a0dBA<\/p>\n<p style=\"text-align: center;\">\u0110\u1ed9ng c\u01a1: 1x220W<\/p>\n<p style=\"text-align: center;\">\u1ed0ng x\u1ea3: \u00d8 160cm<\/p>\n<p style=\"text-align: center;\">K\u00edch th\u01b0\u1edbc to\u00e0n m\u00e1y: 700 x 370 x 600mm<\/p>\n<p style=\"text-align: center;\">K\u00edch th\u01b0\u1edbc th\u00e2n m\u00e1y: 450 x 340 x 500mm<\/p>\n<p style=\"text-align: center;\">K\u00edch th\u01b0\u1edbc \u1ed1ng bao: 345 x 270 x 330 mm<\/p>\n<p style=\"text-align: center;\">\n","protected":false},"featured_media":388,"comment_status":"open","ping_status":"closed","template":"","meta":[],"product_brand":[],"product_cat":[84,89,72],"product_tag":[74,86,88,90],"class_list":{"0":"post-337","1":"product","2":"type-product","3":"status-publish","4":"has-post-thumbnail","6":"product_cat-may-hut-mui","7":"product_cat-may-hut-mui-gan-tuong","8":"product_cat-thuong-hieu-dmestik","9":"product_tag-dmestik","10":"product_tag-may-hut-mui","11":"product_tag-may-hut-mui-dmestik","12":"product_tag-may-hut-mui-gan-tuong","14":"first","15":"instock","16":"sale","17":"shipping-taxable","18":"purchasable","19":"product-type-simple"},"_links":{"self":[{"href":"https:\/\/livinghome.vn\/thiet-bi\/wp-json\/wp\/v2\/product\/337","targetHints":{"allow":["GET"]}}],"collection":[{"href":"https:\/\/livinghome.vn\/thiet-bi\/wp-json\/wp\/v2\/product"}],"about":[{"href":"https:\/\/livinghome.vn\/thiet-bi\/wp-json\/wp\/v2\/types\/product"}],"replies":[{"embeddable":true,"href":"https:\/\/livinghome.vn\/thiet-bi\/wp-json\/wp\/v2\/comments?post=337"}],"wp:featuredmedia":[{"embeddable":true,"href":"https:\/\/livinghome.vn\/thiet-bi\/wp-json\/wp\/v2\/media\/388"}],"wp:attachment":[{"href":"https:\/\/livinghome.vn\/thiet-bi\/wp-json\/wp\/v2\/media?parent=337"}],"wp:term":[{"taxonomy":"product_brand","embeddable":true,"href":"https:\/\/livinghome.vn\/thiet-bi\/wp-json\/wp\/v2\/product_brand?post=337"},{"taxonomy":"product_cat","embeddable":true,"href":"https:\/\/livinghome.vn\/thiet-bi\/wp-json\/wp\/v2\/product_cat?post=337"},{"taxonomy":"product_tag","embeddable":true,"href":"https:\/\/livinghome.vn\/thiet-bi\/wp-json\/wp\/v2\/product_tag?post=337"}],"curies":[{"name":"wp","href":"https:\/\/api.w.org\/{rel}","templated":true}]}}