{"id":3318,"date":"2023-01-12T18:01:01","date_gmt":"2023-01-12T18:01:01","guid":{"rendered":"https:\/\/livinghome.vn\/thiet-bi\/?post_type=product&#038;p=3318"},"modified":"2024-11-29T14:20:19","modified_gmt":"2024-11-29T07:20:19","slug":"combo-lam-mem-nuoc-tong-dau-nguon-3m","status":"publish","type":"product","link":"https:\/\/livinghome.vn\/thiet-bi\/combo-lam-mem-nuoc-tong-dau-nguon-3m\/","title":{"rendered":"Combo l\u00e0m m\u1ec1m n\u01b0\u1edbc t\u1ed5ng \u0111\u1ea7u ngu\u1ed3n 3M nh\u1eadp kh\u1ea9u M\u1ef9"},"content":{"rendered":"<h2><strong>H\u1ec7 th\u1ed1ng l\u1ecdc t\u1ed5ng 3M WTS150 &#8211; AP904 &#8211; CFS02 c\u00f3 g\u00ec n\u1ed5i b\u1eadt<\/strong><\/h2>\n<h3>C\u00f4ng su\u1ea5t l\u1ecdc<\/h3>\n<p>\u0110\u1ed1i v\u1edbi thi\u1ebft b\u1ecb l\u00e0m m\u1ec1m n\u01b0\u1edbc 3MWTS150 (Ch\u01b0a bao g\u1ed3m mu\u1ed1i)<\/p>\n<ul>\n<li>24.000 L\u00edt\/2.72 kg mu\u1ed1i<\/li>\n<li>30.650 L\u00edt\/4.08 kg mu\u1ed1i<\/li>\n<li>43.000 L\u00edt\/7.26 kg mu\u1ed1i<\/li>\n<li>\u0110\u1ed1i v\u1edbi m\u00e1y l\u1ecdc t\u1ed5ng \u0111\u1ea7u ngu\u1ed3n 3M AP904: 378.541 L\u00edt (T\u00ednh tr\u00ean ngu\u1ed3n n\u01b0\u1edbc \u0111\u1ea7u v\u00e0o l\u00e0 n\u01b0\u1edbc m\u00e1y, th\u1ef1c t\u1ebf c\u00f3 th\u1ec3 t\u0103ng gi\u1ea3m tu\u1ef3 ch\u1ea5t l\u01b0\u1ee3ng n\u01b0\u1edbc \u0111\u1ea7u v\u00e0o v\u00e0 l\u01b0\u1ee3ng mu\u1ed1i s\u1eed d\u1ee5ng)<\/li>\n<li>T\u1ed1c \u0111\u1ed9 l\u1ecdc 2.5 m3\/h<\/li>\n<\/ul>\n<h3><strong>C\u00f4ng d\u1ee5ng Combo l\u00e0m m\u1ec1m n\u01b0\u1edbc t\u1ed5ng \u0111\u1ea7u ngu\u1ed3n 3M<\/strong><\/h3>\n<ul>\n<li>M\u00e1y chuy\u00ean l\u00e0m m\u1ec1m cho n\u01b0\u1edbc c\u00f3 \u0111\u1ed9 c\u1ee9ng kh\u00e1c nhau b\u1eb1ng c\u00f4ng ngh\u1ec7 trao \u0111\u1ed5i ion s\u1eed d\u1ee5ng c\u00e1c h\u1ea1t resin cao c\u1ea5p b\u1ea3o v\u1ec7 \u0111\u01b0\u1eddng \u1ed1ng, qu\u1ea7n \u00e1o, b\u00e1t \u0111\u0129a, ti\u1ebft ki\u1ec7m ch\u1ea5t t\u1ea9y r\u1eeda v\u00e0 s\u1ee9c kh\u1ecfe<\/li>\n<li>\u0110\u01b0\u1ee3c t\u1ed1i \u01b0u h\u00f3a \u0111\u1ec3 kh\u1eed s\u1eaft, maggie, hydrogen sulfate<\/li>\n<li>L\u1ecdc s\u1ea1ch c\u1eb7n b\u1ea9n, t\u1ea1p ch\u1ea5t, g\u1ec9 s\u00e9t c\u00f3 k\u00edch th\u01b0\u1edbc l\u1edbn, m\u00f9i h\u00f4i n\u1ea5m m\u1ed1c v\u00e0 Clo d\u01b0 c\u00f3 trong n\u01b0\u1edbc sinh ho\u1ea1t<\/li>\n<li>Van kh\u00f3a bypass ti\u1ebft ki\u1ec7m \u0111i\u1ec7n n\u01b0\u1edbc<\/li>\n<li>T\u1ef1 \u0111\u1ed9ng s\u1ee5c r\u1eeda t\u0103ng tu\u1ed5i th\u1ecd v\u1eadt li\u1ec7u l\u1ecdc v\u00e0 c\u00e1c b\u1ed9 ph\u1eadn b\u00ean trong thi\u1ebft b\u1ecb<\/li>\n<li>M\u00e0n h\u00ecnh \u0111i\u1ec1u khi\u1ec3n \u0111i\u1ec7n t\u1eed h\u1ed7 tr\u1ee3 ch\u1ee9c n\u0103ng v\u1eadn h\u00e0nh t\u1ef1 \u0111\u1ed9ng<\/li>\n<\/ul>\n<h3><strong>K\u00edch th\u01b0\u1edbc s\u1ea3n ph\u1ea9m<\/strong><\/h3>\n<ul>\n<li>Thi\u1ebft b\u1ecb l\u00e0m m\u1ec1m 3MWTS150: 38.1 x 88.9 x 134.6 cm<\/li>\n<li>B\u1ec3 ch\u1ee9a mu\u1ed1i: 38.1 x 86.4 cm<\/li>\n<li>B\u1ed9 l\u1ecdc 3M AP904: 11.4 x 63.7 cm<\/li>\n<li>L\u1ecdc th\u00f4 3M CFS02: 11.6 x 34.8 cm<\/li>\n<\/ul>\n<h3><strong>Chi ti\u1ebft ph\u1ee5 ki\u1ec7n<\/strong><\/h3>\n<ul>\n<li>B\u1ed9 ph\u1ee5 ki\u1ec7n ti\u00eau chu\u1ea9n \u0111i k\u00e8m m\u00e1y.<\/li>\n<li>B\u1ed9 l\u00e0m m\u1ec1m &#8211; SL 1 b\u1ed9<\/li>\n<li>B\u1ea3ng \u0111i\u1ec1u khi\u1ec3n v\u1edbi \u0111\u1ed3 h\u1ed3 hi\u1ec3n th\u1ecb &#8211; SL 1 b\u1ed9<\/li>\n<li>Van kh\u00f3a &#8211; SL 1 b\u1ed9<\/li>\n<li>B\u1ec3 ch\u1ee9a mu\u1ed1i (Kh\u00f4ng bao g\u1ed3m mu\u1ed1i \u0111i k\u00e8m) &#8211; SL: 1 c\u00e1i<\/li>\n<li>B\u1ed9 l\u1ecdc t\u1ed5ng bao g\u1ed3m l\u00f5i &#8211; SL 1 b\u1ed9<\/li>\n<li>B\u1ed9 l\u1ecdc th\u00f4 bao g\u1ed3m b\u00f4ng l\u1ecdc &#8211; SL 1 b\u1ed9<\/li>\n<\/ul>\n<p><strong>C\u00f3 th\u1ec3 ph\u00e1t sinh th\u00eam ph\u1ee5 ki\u1ec7n t\u00f9y theo \u0111i\u1ec1u ki\u1ec7n l\u1eafp \u0111\u1eb7t t\u1ea1i nh\u00e0 kh\u00e1ch (Kh\u00e1ch tr\u1ea3 ph\u00ed cho ph\u1ea7n ph\u1ee5 ki\u1ec7n ph\u00e1t sinh)<\/strong><\/p>\n<h2><strong>H\u01b0\u1edbng d\u1eabn s\u1eed d\u1ee5ng v\u00e0 l\u1eafp \u0111\u1eb7t Combo l\u00e0m m\u1ec1m n\u01b0\u1edbc t\u1ed5ng \u0111\u1ea7u ngu\u1ed3n 3M<\/strong><\/h2>\n<ul>\n<li>X\u1ea3 n\u01b0\u1edbc \u00edt nh\u1ea5t 10 ph\u00fat ho\u1eb7c \u0111\u1ebfn khi n\u01b0\u1edbc trong tr\u01b0\u1edbc l\u1ea7n s\u1eed d\u1ee5ng \u0111\u1ea7u ti\u00ean<\/li>\n<li>Kh\u00f4ng l\u1eafp h\u1ec7 th\u1ed1ng l\u1ecdc d\u01b0\u1edbi \u00e1nh s\u00e1ng m\u1eb7t tr\u1eddi tr\u1ef1c ti\u1ebfp<\/li>\n<li>Nhi\u1ec7t \u0111\u1ed9 n\u01b0\u1edbc \u0111\u1ea7u v\u00e0o: cao nh\u1ea5t 43.3\u00b0C<\/li>\n<li>\u00c1p su\u1ea5t n\u01b0\u1edbc \u0111\u1ea7u v\u00e0o: 138 &#8211; 862 Kpa (t\u01b0\u01a1ng \u0111\u01b0\u01a1ng 17 &#8211; 86 m\u00e9t)<\/li>\n<li>Ngu\u1ed3n \u0111i\u1ec7n cho thi\u1ebft b\u1ecb l\u00e0m m\u1ec1m n\u01b0\u1edbc 3MWTS150: 110V<\/li>\n<li>C\u00f3 th\u1ec3 \u0111i\u1ec1u ch\u1ec9nh l\u01b0\u1ee3ng mu\u1ed1i \u0111\u1ec3 t\u0103ng c\u00f4ng su\u1ea5t m\u00e1y<\/li>\n<\/ul>\n<h3><strong>Th\u1eddi gian thay l\u00f5i<\/strong><\/h3>\n<ul>\n<li>3MWTS150: Ch\u1ec9 c\u1ea7n th\u00eam mu\u1ed1i<\/li>\n<li>3M AP904: 12 th\u00e1ng<\/li>\n<li>3M CFS02: Thay khi b\u00f4ng l\u1ecdc chuy\u1ec3n m\u00e0u (v\u1ecf trong su\u1ed1t d\u1ec5 d\u00e0ng quan s\u00e1t)<\/li>\n<\/ul>\n<h2><strong>Xu\u1ea5t x\u1ee9<\/strong><\/h2>\n<ul>\n<li>Xu\u1ea5t x\u1ee9 H\u1ec7 th\u1ed1ng l\u1ecdc t\u1ed5ng \u0111\u1ea7u ngu\u1ed3n 3M \u0111\u01b0\u1ee3c s\u1ea3n xu\u1ea5t t\u1ea1i M\u1ef9<\/li>\n<li>M\u00e3 h\u00e0ng qu\u1ed1c t\u1ebf<\/li>\n<\/ul>\n<h2><strong>H\u01b0\u1edbng d\u1eabn b\u1ea3o qu\u1ea3n l\u00f5i l\u1ecdc n\u01b0\u1edbc 3M<\/strong><\/h2>\n<ul>\n<li>N\u1ebfu b\u1ed9 l\u1ecdc n\u01b0\u1edbc kh\u00f4ng \u0111\u01b0\u1ee3c s\u1eed d\u1ee5ng trong m\u1ed9t th\u1eddi gian ng\u1eafn, b\u1ea1n n\u00ean th\u00e1o b\u1ed9 l\u1ecdc ra v\u00e0 b\u1ea3o qu\u1ea3n trong t\u1ee7 m\u00e1t<\/li>\n<\/ul>\n<p><strong>C\u00f4ng ngh\u1ec7 l\u1ecdc n\u01b0\u1edbc tr\u1ef1c ti\u1ebfp l\u00e0 g\u00ec?<\/strong><\/p>\n<ul>\n<li>N\u00f3i \u0111\u01a1n gi\u1ea3n c\u00f4ng ngh\u1ec7 l\u1ecdc n\u01b0\u1edbc tr\u1ef1c ti\u1ebfp l\u00e0 c\u00f4ng ngh\u1ec7 ch\u1ec9 s\u1eed d\u1ee5ng \u00e1p l\u1ef1c n\u01b0\u1edbc t\u1ef1 nhi\u00ean \u0111\u1ec3 l\u1ecdc c\u00e1c t\u1ea1p ch\u1ea5t vi khu\u1ea9n v\u00e0 gi\u1eef l\u1ea1i to\u00e0n b\u1ed9 kho\u00e1ng ch\u1ea5t c\u00f3 l\u1ee3i cho s\u1ee9c kh\u1ecfe m\u00e0 kh\u00f4ng c\u1ea7n d\u00f9ng \u0111\u1ebfn qu\u00e1 nhi\u1ec1u c\u1ea5p l\u1ecdc n\u01b0\u1edbc kh\u00e1c nhau,kh\u00f4ng ph\u1ea3i d\u00f9ng \u0111i\u1ec7n v\u00e0 ho\u00e0n kh\u00f4ng kh\u00f4ng c\u00f3 n\u01b0\u1edbc th\u1ea3i ra.<\/li>\n<li>Hi\u1ec7n c\u00f4ng ngh\u1ec7 l\u1ecdc n\u01b0\u1edbc tr\u1ef1c ti\u1ebfp d\u1ea1ng nh\u01b0 c\u1ee7a l\u1ecdc n\u01b0\u1edbc 3M hi\u1ec7n \u0111\u01b0\u1ee3c s\u1eed d\u1ee5ng r\u1ed9ng r\u00e3i \u1edf c\u00e1c n\u01b0\u1edbc Ch\u00e2u \u00c2u v\u00e0 B\u1eafc M\u1ef9.<\/li>\n<\/ul>\n<h2><strong>H\u00ecnh \u1ea3nh th\u1ef1c t\u1ebf c\u1ee7a s\u1ea3n ph\u1ea9m l\u1ecdc n\u01b0\u1edbc 3M t\u1ea1i showroom<\/strong><\/h2>\n<p>&nbsp;<\/p>\n","protected":false},"excerpt":{"rendered":"<p><span id=\"input_part_0\" class=\"\" data-mention=\"M\u00e1y chuy\u00ean l\u00e0m m\u1ec1m cho n\u01b0\u1edbc c\u00f3 \u0111\u1ed9 c\u1ee9ng kh\u00e1c nhau b\u1eb1ng c\u00f4ng ngh\u1ec7 trao \u0111\u1ed5i ion s\u1eed d\u1ee5ng c\u00e1c h\u1ea1t resin cao c\u1ea5p b\u1ea3o v\u1ec7 \u0111\u01b0\u1eddng \u1ed1ng, qu\u1ea7n \u00e1o, b\u00e1t \u0111\u0129a, ti\u1ebft ki\u1ec7m ch\u1ea5t t\u1ea9y r\u1eeda v\u00e0 s\u1ee9c kh\u1ecfe\">M\u00e1y chuy\u00ean l\u00e0m m\u1ec1m cho n\u01b0\u1edbc c\u00f3 \u0111\u1ed9 c\u1ee9ng kh\u00e1c nhau b\u1eb1ng c\u00f4ng ngh\u1ec7 trao \u0111\u1ed5i ion s\u1eed d\u1ee5ng c\u00e1c h\u1ea1t resin cao c\u1ea5p b\u1ea3o v\u1ec7 \u0111\u01b0\u1eddng \u1ed1ng, qu\u1ea7n \u00e1o, b\u00e1t \u0111\u0129a, ti\u1ebft ki\u1ec7m ch\u1ea5t t\u1ea9y r\u1eeda v\u00e0 s\u1ee9c kh\u1ecfe<\/span><\/p>\n<p><span id=\"input_part_0\" class=\"\" data-mention=\"\u0110\u01b0\u1ee3c t\u1ed1i \u01b0u h\u00f3a \u0111\u1ec3 kh\u1eed s\u1eaft, maggie, hydrogen sulfate\">\u0110\u01b0\u1ee3c t\u1ed1i \u01b0u h\u00f3a \u0111\u1ec3 kh\u1eed s\u1eaft, maggie, hydrogen sulfate<\/span><\/p>\n<p><span id=\"input_part_0\" class=\"\" data-mention=\"L\u1ecdc s\u1ea1ch c\u1eb7n b\u1ea9n, t\u1ea1p ch\u1ea5t, g\u1ec9 s\u00e9t c\u00f3 k\u00edch th\u01b0\u1edbc l\u1edbn, m\u00f9i h\u00f4i n\u1ea5m m\u1ed1c v\u00e0 Clo d\u01b0 c\u00f3 trong n\u01b0\u1edbc sinh ho\u1ea1t\">L\u1ecdc s\u1ea1ch c\u1eb7n b\u1ea9n, t\u1ea1p ch\u1ea5t, g\u1ec9 s\u00e9t c\u00f3 k\u00edch th\u01b0\u1edbc l\u1edbn, m\u00f9i h\u00f4i n\u1ea5m m\u1ed1c v\u00e0 Clo d\u01b0 c\u00f3 trong n\u01b0\u1edbc sinh ho\u1ea1t<\/span><\/p>\n<p><span id=\"input_part_0\" class=\"\" data-mention=\"Van kh\u00f3a bypass ti\u1ebft ki\u1ec7m \u0111i\u1ec7n n\u01b0\u1edbc\">Van kh\u00f3a bypass ti\u1ebft ki\u1ec7m \u0111i\u1ec7n n\u01b0\u1edbc<\/span><\/p>\n<p><span id=\"input_part_0\" class=\"\" data-mention=\"T\u1ef1 \u0111\u1ed9ng s\u1ee5c r\u1eeda t\u0103ng tu\u1ed5i th\u1ecd v\u1eadt li\u1ec7u l\u1ecdc v\u00e0 c\u00e1c b\u1ed9 ph\u1eadn b\u00ean trong thi\u1ebft b\u1ecb\">T\u1ef1 \u0111\u1ed9ng s\u1ee5c r\u1eeda t\u0103ng tu\u1ed5i th\u1ecd v\u1eadt li\u1ec7u l\u1ecdc v\u00e0 c\u00e1c b\u1ed9 ph\u1eadn b\u00ean trong thi\u1ebft b\u1ecb<\/span><\/p>\n<p><span id=\"input_part_0\" class=\"\" data-mention=\"M\u00e0n h\u00ecnh \u0111i\u1ec1u khi\u1ec3n \u0111i\u1ec7n t\u1eed h\u1ed7 tr\u1ee3 ch\u1ee9c n\u0103ng v\u1eadn h\u00e0nh t\u1ef1 \u0111\u1ed9ng\">M\u00e0n h\u00ecnh \u0111i\u1ec1u khi\u1ec3n \u0111i\u1ec7n t\u1eed h\u1ed7 tr\u1ee3 ch\u1ee9c n\u0103ng v\u1eadn h\u00e0nh t\u1ef1 \u0111\u1ed9ng<\/span><\/p>\n","protected":false},"featured_media":3479,"comment_status":"open","ping_status":"closed","template":"","meta":[],"product_brand":[],"product_cat":[400,401],"product_tag":[402,403],"class_list":{"0":"post-3318","1":"product","2":"type-product","3":"status-publish","4":"has-post-thumbnail","6":"product_cat-may-loc-nuoc-3m","7":"product_cat-thuong-hieu-may-loc-nuoc-3m","8":"product_tag-3m","9":"product_tag-may-loc-nuoc-3m","11":"first","12":"instock","13":"shipping-taxable","14":"purchasable","15":"product-type-simple"},"_links":{"self":[{"href":"https:\/\/livinghome.vn\/thiet-bi\/wp-json\/wp\/v2\/product\/3318","targetHints":{"allow":["GET"]}}],"collection":[{"href":"https:\/\/livinghome.vn\/thiet-bi\/wp-json\/wp\/v2\/product"}],"about":[{"href":"https:\/\/livinghome.vn\/thiet-bi\/wp-json\/wp\/v2\/types\/product"}],"replies":[{"embeddable":true,"href":"https:\/\/livinghome.vn\/thiet-bi\/wp-json\/wp\/v2\/comments?post=3318"}],"wp:featuredmedia":[{"embeddable":true,"href":"https:\/\/livinghome.vn\/thiet-bi\/wp-json\/wp\/v2\/media\/3479"}],"wp:attachment":[{"href":"https:\/\/livinghome.vn\/thiet-bi\/wp-json\/wp\/v2\/media?parent=3318"}],"wp:term":[{"taxonomy":"product_brand","embeddable":true,"href":"https:\/\/livinghome.vn\/thiet-bi\/wp-json\/wp\/v2\/product_brand?post=3318"},{"taxonomy":"product_cat","embeddable":true,"href":"https:\/\/livinghome.vn\/thiet-bi\/wp-json\/wp\/v2\/product_cat?post=3318"},{"taxonomy":"product_tag","embeddable":true,"href":"https:\/\/livinghome.vn\/thiet-bi\/wp-json\/wp\/v2\/product_tag?post=3318"}],"curies":[{"name":"wp","href":"https:\/\/api.w.org\/{rel}","templated":true}]}}