{"id":3317,"date":"2023-01-12T18:01:01","date_gmt":"2023-01-12T18:01:01","guid":{"rendered":"https:\/\/livinghome.vn\/thiet-bi\/?post_type=product&#038;p=3317"},"modified":"2024-11-29T14:20:19","modified_gmt":"2024-11-29T07:20:19","slug":"combo-loc-khu-sat-va-lam-mem-nuoc-tong-dau-nguon-3m-nhap-khau-my","status":"publish","type":"product","link":"https:\/\/livinghome.vn\/thiet-bi\/combo-loc-khu-sat-va-lam-mem-nuoc-tong-dau-nguon-3m-nhap-khau-my\/","title":{"rendered":"Combo l\u1ecdc kh\u1eed s\u1eaft v\u00e0 l\u00e0m m\u1ec1m n\u01b0\u1edbc t\u1ed5ng \u0111\u1ea7u ngu\u1ed3n 3M nh\u1eadp kh\u1ea9u M\u1ef9"},"content":{"rendered":"<h2>Combo l\u1ecdc kh\u1eed s\u1eaft v\u00e0 l\u00e0m m\u1ec1m n\u01b0\u1edbc t\u1ed5ng \u0111\u1ea7u ngu\u1ed3n 3M bao g\u1ed3m<\/h2>\n<h3 class=\"title-head\">Thi\u1ebft B\u1ecb L\u00e0m M\u1ec1m N\u01b0\u1edbc Gia \u0110\u00ecnh 3M WTS150<\/h3>\n<h4><strong><span id=\"input_part_0\" class=\"\" data-mention=\"C\u00f4ng su\u1ea5t l\u1ecdc \">C\u00f4ng su\u1ea5t l\u1ecdc<\/span><\/strong><\/h4>\n<ul>\n<li style=\"list-style-type: none;\">\n<ul>\n<li><span id=\"input_part_0\" class=\"\" data-mention=\"24.000 L\u00edt\/2.72 kg mu\u1ed1i\">24.000 L\u00edt\/2.72 kg mu\u1ed1i<\/span><\/li>\n<li><span id=\"input_part_0\" class=\"\" data-mention=\"30.650 L\u00edt\/4.08 kg mu\u1ed1i\">30.650 L\u00edt\/4.08 kg mu\u1ed1i<\/span><\/li>\n<li><span id=\"input_part_0\" class=\"\" data-mention=\"43.000 L\u00edt\/7.26 kg mu\u1ed1i\">43.000 L\u00edt\/7.26 kg mu\u1ed1i<\/span><\/li>\n<\/ul>\n<\/li>\n<\/ul>\n<p><span id=\"input_part_0\" class=\"\" data-mention=\"(T\u00ednh tr\u00ean ngu\u1ed3n n\u01b0\u1edbc \u0111\u1ea7u v\u00e0o l\u00e0 n\u01b0\u1edbc m\u00e1y, th\u1ef1c t\u1ebf c\u00f3 th\u1ec3 t\u0103ng gi\u1ea3m tu\u1ef3 ch\u1ea5t l\u01b0\u1ee3ng n\u01b0\u1edbc \u0111\u1ea7u v\u00e0o v\u00e0 l\u01b0\u1ee3ng mu\u1ed1i s\u1eed d\u1ee5ng)\">(T\u00ednh tr\u00ean ngu\u1ed3n n\u01b0\u1edbc \u0111\u1ea7u v\u00e0o l\u00e0 n\u01b0\u1edbc m\u00e1y, th\u1ef1c t\u1ebf c\u00f3 th\u1ec3 t\u0103ng gi\u1ea3m tu\u1ef3 ch\u1ea5t l\u01b0\u1ee3ng n\u01b0\u1edbc \u0111\u1ea7u v\u00e0o v\u00e0 l\u01b0\u1ee3ng mu\u1ed1i s\u1eed d\u1ee5ng)<\/span><\/p>\n<ul>\n<li style=\"list-style-type: none;\">\n<ul>\n<li id=\"input_line_6\"><span id=\"input_part_0\" class=\"\" data-mention=\"Dung t\u00edch b\u1ec3 mu\u1ed1i 40 L\u00edt\">Dung t\u00edch b\u1ec3 mu\u1ed1i 40 L\u00edt<\/span><\/li>\n<li id=\"input_line_7\"><span id=\"input_part_0\" class=\"\" data-mention=\"L\u01b0u l\u01b0\u1ee3ng 42 L\u00edt\/ph\u00fat\">L\u01b0u l\u01b0\u1ee3ng 42 L\u00edt\/ph\u00fat<\/span><\/li>\n<\/ul>\n<\/li>\n<\/ul>\n<h4><strong>C\u00f4ng d\u1ee5ng n\u1ed5i b\u1eadt<\/strong><\/h4>\n<ul>\n<li style=\"list-style-type: none;\">\n<ul>\n<li><span id=\"input_part_0\" class=\"\" data-mention=\"M\u00e1y chuy\u00ean l\u00e0m m\u1ec1m cho n\u01b0\u1edbc c\u00f3 \u0111\u1ed9 c\u1ee9ng kh\u00e1c nhau b\u1eb1ng c\u00f4ng ngh\u1ec7 trao \u0111\u1ed5i ion s\u1eed d\u1ee5ng c\u00e1c h\u1ea1t resin cao c\u1ea5p\">M\u00e1y chuy\u00ean l\u00e0m m\u1ec1m cho n\u01b0\u1edbc c\u00f3 \u0111\u1ed9 c\u1ee9ng kh\u00e1c nhau b\u1eb1ng c\u00f4ng ngh\u1ec7 trao \u0111\u1ed5i ion s\u1eed d\u1ee5ng c\u00e1c h\u1ea1t resin cao c\u1ea5p<\/span><\/li>\n<li><span id=\"input_part_0\" class=\"\" data-mention=\"\u0110\u01b0\u1ee3c t\u1ed1i \u01b0u h\u00f3a \u0111\u1ec3 kh\u1eed s\u1eaft, maggie, hydrogen sulfate \">\u0110\u01b0\u1ee3c t\u1ed1i \u01b0u h\u00f3a \u0111\u1ec3 kh\u1eed s\u1eaft, maggie, hydrogen sulfate <\/span><\/li>\n<li><span id=\"input_part_0\" class=\"\" data-mention=\"B\u1ea3o v\u1ec7 \u0111\u01b0\u1eddng \u1ed1ng, qu\u1ea7n \u00e1o, b\u00e1t \u0111\u0129a, ti\u1ebft ki\u1ec7m ch\u1ea5t t\u1ea9y r\u1eeda v\u00e0 s\u1ee9c kh\u1ecfe \">B\u1ea3o v\u1ec7 \u0111\u01b0\u1eddng \u1ed1ng, qu\u1ea7n \u00e1o, b\u00e1t \u0111\u0129a, ti\u1ebft ki\u1ec7m ch\u1ea5t t\u1ea9y r\u1eeda v\u00e0 s\u1ee9c kh\u1ecfe <\/span><\/li>\n<li><span id=\"input_part_0\" class=\"\" data-mention=\"Van kh\u00f3a bypass ti\u1ebft ki\u1ec7m \u0111i\u1ec7n n\u01b0\u1edbc\">Van kh\u00f3a bypass ti\u1ebft ki\u1ec7m \u0111i\u1ec7n n\u01b0\u1edbc<\/span><\/li>\n<li><span id=\"input_part_0\" class=\"\" data-mention=\"T\u1ef1 \u0111\u1ed9ng s\u1ee5c r\u1eeda t\u0103ng tu\u1ed5i th\u1ecd v\u1eadt li\u1ec7u l\u1ecdc v\u00e0 c\u00e1c b\u1ed9 ph\u1eadn b\u00ean trong thi\u1ebft b\u1ecb\">T\u1ef1 \u0111\u1ed9ng s\u1ee5c r\u1eeda t\u0103ng tu\u1ed5i th\u1ecd v\u1eadt li\u1ec7u l\u1ecdc v\u00e0 c\u00e1c b\u1ed9 ph\u1eadn b\u00ean trong thi\u1ebft b\u1ecb<\/span><\/li>\n<li><span id=\"input_part_0\" class=\"\" data-mention=\"M\u00e0n h\u00ecnh \u0111i\u1ec1u khi\u1ec3n \u0111i\u1ec7n t\u1eed h\u1ed7 tr\u1ee3 ch\u1ee9c n\u0103ng v\u1eadn h\u00e0nh t\u1ef1 \u0111\u1ed9ng\">M\u00e0n h\u00ecnh \u0111i\u1ec1u khi\u1ec3n \u0111i\u1ec7n t\u1eed h\u1ed7 tr\u1ee3 ch\u1ee9c n\u0103ng v\u1eadn h\u00e0nh t\u1ef1 \u0111\u1ed9ng<\/span><\/li>\n<li><span id=\"input_part_0\" class=\"\" data-mention=\"K\u00edch th\u01b0\u1edbc \">K\u00edch th\u01b0\u1edbc <\/span><span id=\"input_part_0\" class=\"\" data-mention=\"B\u1ed9 l\u1ecdc: 38.1 x 88.9 x 134.6 cm\">B\u1ed9 l\u1ecdc: <\/span><span id=\"input_part_0\" class=\"\" data-mention=\"B\u1ed9 l\u1ecdc: 38.1 x 88.9 x 134.6 cm\">38.1 x 88.9 x 134.6 cm<\/span><\/li>\n<li><span id=\"input_part_0\" class=\"\" data-mention=\"B\u1ec3 ch\u1ee9a mu\u1ed1i: 38.1 x 86.4 cm\">B\u1ec3 ch\u1ee9a mu\u1ed1i: 38.1 x 86.4 cm<\/span><\/li>\n<li><span id=\"input_part_0\" class=\"\" data-mention=\"Chi ti\u1ebft ph\u1ee5 ki\u1ec7n B\u1ed9 ph\u1ee5 ki\u1ec7n chu\u1ea9n \u0111i k\u00e8m m\u00e1y (Kh\u00f4ng bao g\u1ed3m mu\u1ed1i \u0111i k\u00e8m) \">Chi ti\u1ebft ph\u1ee5 ki\u1ec7n B\u1ed9 ph\u1ee5 ki\u1ec7n chu\u1ea9n \u0111i k\u00e8m m\u00e1y (Kh\u00f4ng bao g\u1ed3m mu\u1ed1i \u0111i k\u00e8m)<\/span><\/li>\n<\/ul>\n<\/li>\n<\/ul>\n<figure id=\"attachment_64286\" aria-describedby=\"caption-attachment-64286\" style=\"width: 800px\" class=\"wp-caption alignnone\"><img loading=\"lazy\" decoding=\"async\" class=\"wp-image-64286 size-large\" src=\"https:\/\/livinghome.vn\/thiet-bi\/wp-content\/uploads\/loc-nuoc\/3m\/may-loc-nuoc-dau-nguon-3m\/combo-loc-khu-sat-lam-mem-nuoc-tong-dau-nguon\/combo-loc-khu-sat-lam-mem-nuoc-tong-dau-nguon-2-800x800.jpg\" alt=\"Combo l\u1ecdc kh\u1eed s\u1eaft v\u00e0 l\u00e0m m\u1ec1m n\u01b0\u1edbc t\u1ed5ng \u0111\u1ea7u ngu\u1ed3n 3M\" width=\"800\" height=\"800\" title=\"\"><figcaption id=\"caption-attachment-64286\" class=\"wp-caption-text\">Combo l\u1ecdc kh\u1eed s\u1eaft v\u00e0 l\u00e0m m\u1ec1m n\u01b0\u1edbc t\u1ed5ng \u0111\u1ea7u ngu\u1ed3n 3M &#8211; Thi\u1ebft B\u1ecb L\u00e0m M\u1ec1m N\u01b0\u1edbc Gia \u0110\u00ecnh 3M WTS150<\/figcaption><\/figure>\n<p id=\"input_line_27\"><span id=\"input_part_0\" class=\"\" data-mention=\"\u0110i\u1ec1u ki\u1ec7n s\u1eed d\u1ee5ng v\u00e0 l\u1eafp \u0111\u1eb7t \"><strong>H\u01b0\u1edbng d\u1eabn s\u1eed d\u1ee5ng v\u00e0 l\u1eafp \u0111\u1eb7t<\/strong> <\/span><\/p>\n<ul>\n<li style=\"list-style-type: none;\">\n<ul>\n<li id=\"input_line_28\"><span id=\"input_part_0\" class=\"\" data-mention=\"X\u1ea3 n\u01b0\u1edbc \u00edt nh\u1ea5t 10 ph\u00fat ho\u1eb7c \u0111\u1ebfn khi n\u01b0\u1edbc trong tr\u01b0\u1edbc l\u1ea7n s\u1eed d\u1ee5ng \u0111\u1ea7u ti\u00ean\">X\u1ea3 n\u01b0\u1edbc \u00edt nh\u1ea5t 10 ph\u00fat ho\u1eb7c \u0111\u1ebfn khi n\u01b0\u1edbc trong tr\u01b0\u1edbc l\u1ea7n s\u1eed d\u1ee5ng \u0111\u1ea7u ti\u00ean<\/span><\/li>\n<li id=\"input_line_30\"><span id=\"input_part_0\" class=\"\" data-mention=\"Kh\u00f4ng l\u1eafp h\u1ec7 th\u1ed1ng l\u1ecdc d\u01b0\u1edbi \u00e1nh s\u00e1ng m\u1eb7t tr\u1eddi tr\u1ef1c ti\u1ebfp\">Kh\u00f4ng l\u1eafp h\u1ec7 th\u1ed1ng l\u1ecdc d\u01b0\u1edbi \u00e1nh s\u00e1ng m\u1eb7t tr\u1eddi tr\u1ef1c ti\u1ebfp<\/span><\/li>\n<li id=\"input_line_32\"><span id=\"input_part_0\" class=\"\" data-mention=\"Nhi\u1ec7t \u0111\u1ed9 n\u01b0\u1edbc \u0111\u1ea7u v\u00e0o: cao nh\u1ea5t 43.3\u00b0C\">Nhi\u1ec7t \u0111\u1ed9 n\u01b0\u1edbc \u0111\u1ea7u v\u00e0o: cao nh\u1ea5t 43.3\u00b0C<\/span><\/li>\n<li id=\"input_line_34\"><span id=\"input_part_0\" class=\"\" data-mention=\"\u00c1p su\u1ea5t n\u01b0\u1edbc \u0111\u1ea7u v\u00e0o: 138 - 862 Kpa (t\u01b0\u01a1ng \u0111\u01b0\u01a1ng 17 - 86 m\u00e9t)\">\u00c1p su\u1ea5t n\u01b0\u1edbc \u0111\u1ea7u v\u00e0o: 138 &#8211; 862 Kpa (t\u01b0\u01a1ng \u0111\u01b0\u01a1ng 17 &#8211; 86 m\u00e9t)<\/span><\/li>\n<li><span id=\"input_part_0\" class=\"\" data-mention=\"C\u00f3 th\u1ec3 \u0111i\u1ec1u ch\u1ec9nh l\u01b0\u1ee3ng mu\u1ed1i \u0111\u1ec3 t\u0103ng c\u00f4ng su\u1ea5t m\u00e1y\">C\u00f3 th\u1ec3 \u0111i\u1ec1u ch\u1ec9nh l\u01b0\u1ee3ng mu\u1ed1i \u0111\u1ec3 t\u0103ng c\u00f4ng su\u1ea5t m\u00e1y<\/span><\/li>\n<li id=\"input_line_38\"><span id=\"input_part_0\" class=\"\" data-mention=\"K\u00edch th\u01b0\u1edbc l\u1eafp \u0111\u1eb7t: A= 89cm, B=135cm, C=38.1cm\">K\u00edch th\u01b0\u1edbc l\u1eafp \u0111\u1eb7t: A= 89cm, B=135cm, C=38.1cm<\/span><\/li>\n<li id=\"input_line_59\"><span id=\"input_part_0\" class=\"\" data-mention=\"Th\u1eddi gian thay mu\u1ed1i 12 th\u00e1ng\">Th\u1eddi gian thay mu\u1ed1i 12 th\u00e1ng<\/span><\/li>\n<li><span id=\"input_part_0\" class=\"\" data-mention=\"Xu\u1ea5t x\u1ee9 M\u1ef9\">Xu\u1ea5t x\u1ee9 M\u1ef9<\/span><\/li>\n<\/ul>\n<\/li>\n<\/ul>\n<h3>M\u00e1y l\u1ecdc n\u01b0\u1edbc t\u1ed5ng \u0111\u1ea7u ngu\u1ed3n 3M AP904 + L\u1ecdc th\u00f4 3M AP102T-110<\/h3>\n<h4><strong>Th\u00f4ng s\u1ed1 l\u1ecdc tinh 3M AP904<\/strong><\/h4>\n<ul>\n<li style=\"list-style-type: none;\">\n<ul>\n<li>Tr\u1ecdng l\u01b0\u1ee3ng: 3,4kg<\/li>\n<li>L\u01b0u l\u01b0\u1ee3ng: 4,5 m3\/h<\/li>\n<li>C\u00f4ng su\u1ea5t: 378.541 L\u00edt<\/li>\n<li>\u00c1p su\u1ea5t l\u00e0m vi\u1ec7c: 172 &#8211; 862kPa<\/li>\n<li>Nhi\u1ec7t \u0111\u1ed9 ho\u1ea1t \u0111\u1ed9ng t\u1ed1i \u0111a: 37,8 \u0111\u1ed9 C<\/li>\n<\/ul>\n<\/li>\n<\/ul>\n<h4><strong>Th\u00f4ng tin l\u1ecdc th\u00f4 3M AP102T-110<\/strong><\/h4>\n<ul>\n<li style=\"list-style-type: none;\">\n<ul>\n<li>Tr\u1ecdng l\u01b0\u1ee3ng: 2,3kg<\/li>\n<li>\u00c1p su\u1ea5t l\u00e0m vi\u1ec7c: 172 &#8211; 862kPa<\/li>\n<li>Nhi\u1ec7t \u0111\u1ed9 n\u01b0\u1edbc \u0111\u1ea7u v\u00e0o: 4,4 \u0111\u1ed9 C &#8211; cao nh\u1ea5t 37,8 \u0111\u1ed9 C<\/li>\n<\/ul>\n<\/li>\n<\/ul>\n<figure id=\"attachment_64282\" aria-describedby=\"caption-attachment-64282\" style=\"width: 800px\" class=\"wp-caption alignnone\"><img loading=\"lazy\" decoding=\"async\" class=\"wp-image-64282 size-large\" src=\"https:\/\/livinghome.vn\/thiet-bi\/wp-content\/uploads\/loc-nuoc\/3m\/may-loc-nuoc-dau-nguon-3m\/combo-loc-khu-sat-lam-mem-nuoc-tong-dau-nguon\/combo-loc-khu-sat-lam-mem-nuoc-tong-dau-nguon-3-800x800.jpg\" alt=\"Combo l\u1ecdc kh\u1eed s\u1eaft v\u00e0 l\u00e0m m\u1ec1m n\u01b0\u1edbc t\u1ed5ng \u0111\u1ea7u ngu\u1ed3n 3M\" width=\"800\" height=\"800\" title=\"\"><figcaption id=\"caption-attachment-64282\" class=\"wp-caption-text\">Combo l\u1ecdc kh\u1eed s\u1eaft v\u00e0 l\u00e0m m\u1ec1m n\u01b0\u1edbc t\u1ed5ng \u0111\u1ea7u ngu\u1ed3n 3M &#8211; M\u00e1y l\u1ecdc n\u01b0\u1edbc t\u1ed5ng \u0111\u1ea7u ngu\u1ed3n 3M AP904<\/figcaption><\/figure>\n<h4><strong>C\u00f4ng d\u1ee5ng<\/strong><\/h4>\n<ul>\n<li style=\"list-style-type: none;\">\n<ul>\n<li>Kh\u1eed Clo, m\u00f9i v\u00e0 v\u1ecb<\/li>\n<li>L\u01b0u gi\u1eef kho\u00e1ng ch\u1ea5t<\/li>\n<li>L\u1ecdc c\u1eb7n b\u1ea9n v\u00e0 g\u1ec9 s\u00e9t, t\u1ea1p ch\u1ea5t l\u1edbn h\u01a1n 5 micro<\/li>\n<li>Kh\u00f4ng \u0111i\u1ec7n, kh\u00f4ng n\u01b0\u1edbc th\u1ea3i<\/li>\n<li>B\u1ea3o v\u1ec7 c\u00e1c thi\u1ebft b\u1ecb s\u1eed d\u1ee5ng n\u01b0\u1edbc v\u00e0 \u0111\u01b0\u1eddng \u1ed1ng kh\u1ecfi t\u00ecnh tr\u1ea1ng b\u1ecb \u0103n m\u00f2n v\u1edbi c\u00f4ng ngh\u1ec7 ch\u1ed1ng b\u00e1m c\u1eb7n<\/li>\n<li>Thay l\u00f5i sau 12 th\u00e1ng ho\u1eb7c h\u1ebft c\u00f4ng su\u1ea5t<\/li>\n<li>B\u1ea3o h\u00e0nh 12 th\u00e1ng<\/li>\n<li>Xu\u1ea5t s\u1ee9 M\u1ef9<\/li>\n<\/ul>\n<\/li>\n<\/ul>\n<div class=\"mceTemp\"><\/div>\n<h3>H\u1ec7 th\u1ed1ng x\u1eed l\u00fd n\u01b0\u1edbc nhi\u1ec5m s\u1eaft k\u00e9p 3M APPM150<\/h3>\n<h4><strong><span id=\"cong-nghe-vat-lieu-ben-bi-an-toan-tuyet-doi\">C\u00f4ng ngh\u1ec7 &amp; V\u1eadt li\u1ec7u b\u1ec3n b\u1ec9 an to\u00e0n tuy\u1ec7t \u0111\u1ed1i<\/span><\/strong><\/h4>\n<ul>\n<li style=\"list-style-type: none;\">\n<ul>\n<li id=\"input_line_0\"><span id=\"input_part_0\" class=\"\" data-mention=\"C\u00f4ng ngh\u1ec7 l\u1ecdc C\u00f4ng ngh\u1ec7 trao \u0111\u1ed5i I-on (C\u00e1c h\u1ea1t nh\u1ef1a trao \u0111\u1ed5i ion ch\u1ea5t l\u01b0\u1ee3ng cao, ho\u1ea1t \u0111\u1ed9ng b\u1ec1n b\u1ec9)\">C\u00f4ng ngh\u1ec7 l\u1ecdc C\u00f4ng ngh\u1ec7 trao \u0111\u1ed5i I-on (C\u00e1c h\u1ea1t nh\u1ef1a trao \u0111\u1ed5i ion ch\u1ea5t l\u01b0\u1ee3ng cao, ho\u1ea1t \u0111\u1ed9ng b\u1ec1n b\u1ec9)<\/span><\/li>\n<li id=\"input_line_1\"><span id=\"input_part_0\" class=\"\" data-mention=\"V\u1eadt li\u1ec7u l\u1ecdc V\u1eadt li\u1ec7u l\u1ecdc bao g\u1ed3m mu\u1ed1i l\u1ecdc v\u00e0 s\u1ecfi l\u1ecdc chuy\u00ean d\u1ee5ng chu\u1ea9n M\u1ef9\">V\u1eadt li\u1ec7u l\u1ecdc V\u1eadt li\u1ec7u l\u1ecdc bao g\u1ed3m mu\u1ed1i l\u1ecdc v\u00e0 s\u1ecfi l\u1ecdc chuy\u00ean d\u1ee5ng chu\u1ea9n M\u1ef9<\/span><\/li>\n<li id=\"input_line_2\"><span id=\"input_part_0\" class=\"\" data-mention=\"C\u00f4ng su\u1ea5t l\u1ecdc\">C\u00f4ng su\u1ea5t l\u1ecdc: <\/span><span id=\"input_part_0\" class=\"\" data-mention=\"170.343 L\u00edt\">170.343 L\u00edt<\/span><\/li>\n<li id=\"input_line_6\"><span id=\"input_part_0\" class=\"\" data-mention=\"L\u01b0u l\u01b0\u1ee3ng n\u01b0\u1edbc\">L\u01b0u l\u01b0\u1ee3ng n\u01b0\u1edbc: <\/span><span id=\"input_part_0\" class=\"\" data-mention=\"26.5 L\u00edt\/ph\u00fat\">26.5 L\u00edt\/ph\u00fat<\/span><\/li>\n<li id=\"input_line_9\"><span id=\"input_part_0\" class=\"\" data-mention=\"L\u01b0u l\u01b0\u1ee3ng backwash (r\u1eeda ng\u01b0\u1ee3c) \">L\u01b0u l\u01b0\u1ee3ng backwash (r\u1eeda ng\u01b0\u1ee3c): <\/span><span id=\"input_part_0\" class=\"\" data-mention=\"20 L\u00edt\/ph\u00fat\">20 L\u00edt\/ph\u00fat<\/span><\/li>\n<li id=\"input_line_12\"><span id=\"input_part_0\" class=\"\" data-mention=\"Tr\u1ecdng l\u01b0\u1ee3ng (kg) \">Tr\u1ecdng l\u01b0\u1ee3ng (kg): <\/span><span id=\"input_part_0\" class=\"\" data-mention=\"91 kg\">91 kg<\/span><\/li>\n<\/ul>\n<\/li>\n<\/ul>\n<figure id=\"attachment_64284\" aria-describedby=\"caption-attachment-64284\" style=\"width: 800px\" class=\"wp-caption alignnone\"><img loading=\"lazy\" decoding=\"async\" class=\"wp-image-64284 size-large\" src=\"https:\/\/livinghome.vn\/thiet-bi\/wp-content\/uploads\/loc-nuoc\/3m\/may-loc-nuoc-dau-nguon-3m\/combo-loc-khu-sat-lam-mem-nuoc-tong-dau-nguon\/combo-loc-khu-sat-lam-mem-nuoc-tong-dau-nguon-5a-800x800.jpg\" alt=\"Combo l\u1ecdc kh\u1eed s\u1eaft v\u00e0 l\u00e0m m\u1ec1m n\u01b0\u1edbc t\u1ed5ng \u0111\u1ea7u ngu\u1ed3n 3M\" width=\"800\" height=\"800\" title=\"\"><figcaption id=\"caption-attachment-64284\" class=\"wp-caption-text\">Combo l\u1ecdc kh\u1eed s\u1eaft v\u00e0 l\u00e0m m\u1ec1m n\u01b0\u1edbc t\u1ed5ng \u0111\u1ea7u ngu\u1ed3n 3M &#8211; H\u1ec7 th\u1ed1ng x\u1eed l\u00fd n\u01b0\u1edbc nhi\u1ec5m s\u1eaft k\u00e9p 3M APPM150<\/figcaption><\/figure>\n<h4><span id=\"input_part_0\" class=\"\" data-mention=\"C\u00f4ng d\u1ee5ng \"><strong>C\u00f4ng d\u1ee5ng<\/strong> <\/span><\/h4>\n<ul>\n<li style=\"list-style-type: none;\">\n<ul>\n<li id=\"input_line_16\"><span id=\"input_part_0\" class=\"\" data-mention=\"\u0110i\u1ec1u ch\u1ec9nh \u0111\u1ed9 pH, gi\u1ea3m l\u01b0\u1ee3ng kh\u00ed hydro sunfua v\u00e0 s\u1eaft cao\">\u0110i\u1ec1u ch\u1ec9nh \u0111\u1ed9 pH, gi\u1ea3m l\u01b0\u1ee3ng kh\u00ed hydro sunfua v\u00e0 s\u1eaft cao<\/span><\/li>\n<li id=\"input_line_18\"><span id=\"input_part_0\" class=\"\" data-mention=\"Kh\u00f4ng d\u00f9ng h\u00f3a ch\u1ea5t \u0111\u1ec3 gi\u1ea3m s\u1eaft k\u1ebft t\u1ee7a (s\u1eaft), s\u1eaft h\u00f2a tan ho\u1eb7c vi khu\u1ea9n b\u1eb1ng c\u1ea3m \u1ee9ng kh\u00f4ng kh\u00ed\">Kh\u00f4ng d\u00f9ng h\u00f3a ch\u1ea5t \u0111\u1ec3 gi\u1ea3m s\u1eaft k\u1ebft t\u1ee7a (s\u1eaft), s\u1eaft h\u00f2a tan ho\u1eb7c vi khu\u1ea9n b\u1eb1ng c\u1ea3m \u1ee9ng kh\u00f4ng kh\u00ed<\/span><\/li>\n<li id=\"input_line_20\"><span id=\"input_part_0\" class=\"\" data-mention=\"Thi\u1ebft b\u1ecb h\u00f2a tr\u1ed9n l\u00e0m t\u0103ng \u0111\u1ed9 pH \u0111\u1ec3 t\u0103ng c\u01b0\u1eddng kh\u1eed s\u1eaft\">Thi\u1ebft b\u1ecb h\u00f2a tr\u1ed9n l\u00e0m t\u0103ng \u0111\u1ed9 pH \u0111\u1ec3 t\u0103ng c\u01b0\u1eddng kh\u1eed s\u1eaft<\/span><\/li>\n<\/ul>\n<\/li>\n<\/ul>\n<h4><span id=\"input_part_0\" class=\"\" data-mention=\"Chi ti\u1ebft ph\u1ee5 ki\u1ec7n \"><strong>Chi ti\u1ebft ph\u1ee5 ki\u1ec7n<\/strong> <\/span><\/h4>\n<ul>\n<li style=\"list-style-type: none;\">\n<ul>\n<li id=\"input_line_23\"><span id=\"input_part_0\" class=\"\" data-mention=\"B\u1ed9 ph\u1ee5 ki\u1ec7n ti\u00eau chu\u1ea9n \u0111i k\u00e8m m\u00e1y\">B\u1ed9 ph\u1ee5 ki\u1ec7n ti\u00eau chu\u1ea9n \u0111i k\u00e8m m\u00e1y<\/span><\/li>\n<li id=\"input_line_25\"><span id=\"input_part_0\" class=\"\" data-mention=\"Van \u0111i\u1ec1u khi\u1ec3n hi\u1ec7n \u0111\u1ea1i c\u1ef1c k\u1ef3 d\u1ec5 s\u1eed d\u1ee5ng, ho\u00e0n to\u00e0n t\u1ef1 \u0111\u1ed9ng v\u00e0 ti\u1ebft ki\u1ec7m n\u01b0\u1edbc\">Van \u0111i\u1ec1u khi\u1ec3n hi\u1ec7n \u0111\u1ea1i c\u1ef1c k\u1ef3 d\u1ec5 s\u1eed d\u1ee5ng, ho\u00e0n to\u00e0n t\u1ef1 \u0111\u1ed9ng v\u00e0 ti\u1ebft ki\u1ec7m n\u01b0\u1edbc<\/span><\/li>\n<li id=\"input_line_27\"><span id=\"input_part_0\" class=\"\" data-mention=\"Van bypass \u0111\u1ed9c \u0111\u00e1o c\u00f3 c\u00e1c t\u00ednh n\u0103ng thi\u1ebft k\u1ebf hi\u1ec7n \u0111\u1ea1i\">Van bypass \u0111\u1ed9c \u0111\u00e1o c\u00f3 c\u00e1c t\u00ednh n\u0103ng thi\u1ebft k\u1ebf hi\u1ec7n \u0111\u1ea1i<\/span><\/li>\n<li id=\"input_line_28\"><span id=\"input_part_0\" class=\"\" data-mention=\"Thi\u1ebft b\u1ecb c\u00f3 l\u1ed7 m\u00e1i v\u00f2m \u0111\u01b0\u1ee3c thi\u1ebft k\u1ebf \u0111\u1ec3 thay th\u1ebf \/ b\u1ed5 sung b\u1ed9t thay th\u1ebf d\u1ec5 d\u00e0ng h\u01a1n\">Thi\u1ebft b\u1ecb c\u00f3 l\u1ed7 m\u00e1i v\u00f2m \u0111\u01b0\u1ee3c thi\u1ebft k\u1ebf \u0111\u1ec3 thay th\u1ebf \/ b\u1ed5 sung b\u1ed9t thay th\u1ebf d\u1ec5 d\u00e0ng h\u01a1n<\/span><\/li>\n<\/ul>\n<\/li>\n<\/ul>\n<h4><span id=\"input_part_0\" class=\"\" data-mention=\"\u0110i\u1ec1u ki\u1ec7n s\u1eed d\u1ee5ng v\u00e0 l\u1eafp \u0111\u1eb7t \"><strong>H\u01b0\u1edbng d\u1eabn s\u1eed d\u1ee5ng v\u00e0 l\u1eafp \u0111\u1eb7t<\/strong> <\/span><\/h4>\n<ul>\n<li style=\"list-style-type: none;\">\n<ul>\n<li id=\"input_line_31\"><span id=\"input_part_0\" class=\"\" data-mention=\"K\u00edch th\u01b0\u1edbc (D x R x C): 40.6 x 76.2 x 160 cm\">K\u00edch th\u01b0\u1edbc (D x R x C): 40.6 x 76.2 x 160 cm<\/span><\/li>\n<li><span id=\"input_part_0\" class=\"\" data-mention=\"X\u1ea3 n\u01b0\u1edbc \u00edt nh\u1ea5t 10 ph\u00fat ho\u1eb7c \u0111\u1ebfn khi n\u01b0\u1edbc trong tr\u01b0\u1edbc l\u1ea7n s\u1eed d\u1ee5ng \u0111\u1ea7u ti\u00ean\">X\u1ea3 n\u01b0\u1edbc \u00edt nh\u1ea5t 10 ph\u00fat ho\u1eb7c \u0111\u1ebfn khi n\u01b0\u1edbc trong tr\u01b0\u1edbc l\u1ea7n s\u1eed d\u1ee5ng \u0111\u1ea7u ti\u00ean<\/span><\/li>\n<li id=\"input_line_35\"><span id=\"input_part_0\" class=\"\" data-mention=\"Kh\u00f4ng l\u1eafp h\u1ec7 th\u1ed1ng l\u1ecdc d\u01b0\u1edbi \u00e1nh s\u00e1ng m\u1eb7t tr\u1eddi tr\u1ef1c ti\u1ebfp\">Kh\u00f4ng l\u1eafp h\u1ec7 th\u1ed1ng l\u1ecdc d\u01b0\u1edbi \u00e1nh s\u00e1ng m\u1eb7t tr\u1eddi tr\u1ef1c ti\u1ebfp<\/span><\/li>\n<li id=\"input_line_37\"><span id=\"input_part_0\" class=\"\" data-mention=\"L\u1edbp trong c\u00f9ng l\u00e0 v\u1eadt li\u1ec7u v\u00e0 s\u1ecfi l\u1ecdc chuy\u00ean d\u1ee5ng gi\u00fap l\u1ecdc s\u1ea1ch h\u01a1n v\u00e0 h\u1ed7 tr\u1ee3 ch\u1ee9c n\u0103ng s\u00fac r\u1eeda b\u1ed9 l\u1ecdc (chu tr\u00ecnh t\u00e1i t\u1ea1o)\">L\u1edbp trong c\u00f9ng l\u00e0 v\u1eadt li\u1ec7u v\u00e0 s\u1ecfi l\u1ecdc chuy\u00ean d\u1ee5ng gi\u00fap l\u1ecdc s\u1ea1ch h\u01a1n v\u00e0 h\u1ed7 tr\u1ee3 ch\u1ee9c n\u0103ng s\u00fac r\u1eeda b\u1ed9 l\u1ecdc (chu tr\u00ecnh t\u00e1i t\u1ea1o)<\/span><\/li>\n<\/ul>\n<\/li>\n<\/ul>\n<h3><span id=\"input_part_0\" class=\"\" data-mention=\"B\u1ea3o h\u00e0nh\">B\u1ea3o h\u00e0nh<\/span><\/h3>\n<ul>\n<li style=\"list-style-type: none;\">\n<ul>\n<li id=\"input_line_41\"><span id=\"input_part_0\" class=\"\" data-mention=\"\u0110\u1ea7u van \u0111i\u1ec7n t\u1eed: 5 n\u0103m\">\u0110\u1ea7u van \u0111i\u1ec7n t\u1eed: 5 n\u0103m<\/span><\/li>\n<li id=\"input_line_42\"><span id=\"input_part_0\" class=\"\" data-mention=\"H\u1ec7 th\u1ed1ng x\u1eed l\u00fd n\u01b0\u1edbc: 2 n\u0103m\">H\u1ec7 th\u1ed1ng x\u1eed l\u00fd n\u01b0\u1edbc: 2 n\u0103m<\/span><\/li>\n<li id=\"input_line_44\"><span id=\"input_part_0\" class=\"\" data-mention=\"Th\u1eddi gian thay mu\u1ed1i v\u00e0 s\u1ecfi 12 th\u00e1ng\">Th\u1eddi gian thay mu\u1ed1i v\u00e0 s\u1ecfi 12 th\u00e1ng<\/span><\/li>\n<\/ul>\n<\/li>\n<\/ul>\n<h3><span id=\"xuat-xu\">Xu\u1ea5t x\u1ee9<\/span><\/h3>\n<ul>\n<li style=\"list-style-type: none;\">\n<ul>\n<li>S\u1ea3n xu\u1ea5t t\u1ea1i M\u1ef9<\/li>\n<li>M\u00e3 h\u00e0ng qu\u1ed1c t\u1ebf<\/li>\n<\/ul>\n<\/li>\n<\/ul>\n<h2><span id=\"huong-dan-bao-quan-loi-loc-nuoc-3m\">H\u01b0\u1edbng d\u1eabn b\u1ea3o qu\u1ea3n l\u00f5i l\u1ecdc n\u01b0\u1edbc 3M<\/span><\/h2>\n<ul>\n<li style=\"list-style-type: none;\">\n<ul>\n<li>N\u1ebfu b\u1ed9 l\u1ecdc n\u01b0\u1edbc kh\u00f4ng \u0111\u01b0\u1ee3c s\u1eed d\u1ee5ng trong m\u1ed9t th\u1eddi gian ng\u1eafn, b\u1ea1n n\u00ean th\u00e1o b\u1ed9 l\u1ecdc ra v\u00e0 b\u1ea3o qu\u1ea3n trong t\u1ee7 m\u00e1t<\/li>\n<\/ul>\n<\/li>\n<\/ul>\n<h2><span id=\"cong-nghe-loc-nuoc-truc-tiep-la-gi\">C\u00f4ng ngh\u1ec7 l\u1ecdc n\u01b0\u1edbc tr\u1ef1c ti\u1ebfp l\u00e0 g\u00ec?<\/span><\/h2>\n<ul>\n<li style=\"list-style-type: none;\">\n<ul>\n<li>N\u00f3i \u0111\u01a1n gi\u1ea3n c\u00f4ng ngh\u1ec7 l\u1ecdc n\u01b0\u1edbc tr\u1ef1c ti\u1ebfp l\u00e0 c\u00f4ng ngh\u1ec7 ch\u1ec9 s\u1eed d\u1ee5ng \u00e1p l\u1ef1c n\u01b0\u1edbc t\u1ef1 nhi\u00ean \u0111\u1ec3 l\u1ecdc c\u00e1c t\u1ea1p ch\u1ea5t vi khu\u1ea9n v\u00e0 gi\u1eef l\u1ea1i to\u00e0n b\u1ed9 kho\u00e1ng ch\u1ea5t c\u00f3 l\u1ee3i cho s\u1ee9c kh\u1ecfe m\u00e0 kh\u00f4ng c\u1ea7n d\u00f9ng \u0111\u1ebfn qu\u00e1 nhi\u1ec1u c\u1ea5p l\u1ecdc n\u01b0\u1edbc kh\u00e1c nhau,kh\u00f4ng ph\u1ea3i d\u00f9ng \u0111i\u1ec7n v\u00e0 ho\u00e0n kh\u00f4ng kh\u00f4ng c\u00f3 n\u01b0\u1edbc th\u1ea3i ra.<\/li>\n<li>Hi\u1ec7n c\u00f4ng ngh\u1ec7 l\u1ecdc n\u01b0\u1edbc tr\u1ef1c ti\u1ebfp d\u1ea1ng nh\u01b0 c\u1ee7a l\u1ecdc n\u01b0\u1edbc 3M hi\u1ec7n \u0111\u01b0\u1ee3c s\u1eed d\u1ee5ng r\u1ed9ng r\u00e3i \u1edf c\u00e1c n\u01b0\u1edbc Ch\u00e2u \u00c2u v\u00e0 B\u1eafc M\u1ef9.<\/li>\n<\/ul>\n<\/li>\n<\/ul>\n<h2>H\u00ecnh \u1ea3nh th\u1ef1c t\u1ebf c\u1ee7a s\u1ea3n ph\u1ea9m l\u1ecdc n\u01b0\u1edbc 3M t\u1ea1i showroom<\/h2>\n","protected":false},"excerpt":{"rendered":"<p><span id=\"input_part_0\" class=\"\" data-mention=\"M\u00e1y chuy\u00ean l\u00e0m m\u1ec1m cho n\u01b0\u1edbc c\u00f3 \u0111\u1ed9 c\u1ee9ng kh\u00e1c nhau b\u1eb1ng c\u00f4ng ngh\u1ec7 trao \u0111\u1ed5i ion s\u1eed d\u1ee5ng c\u00e1c h\u1ea1t resin cao c\u1ea5p\">Chuy\u00ean l\u00e0m m\u1ec1m cho n\u01b0\u1edbc c\u00f3 \u0111\u1ed9 c\u1ee9ng kh\u00e1c nhau b\u1eb1ng c\u00f4ng ngh\u1ec7 trao \u0111\u1ed5i ion s\u1eed d\u1ee5ng c\u00e1c h\u1ea1t resin cao c\u1ea5p<\/span><\/p>\n<p><span id=\"input_part_0\" class=\"\" data-mention=\"\u0110\u01b0\u1ee3c t\u1ed1i \u01b0u h\u00f3a \u0111\u1ec3 kh\u1eed s\u1eaft, maggie, hydrogen sulfate \">\u0110\u01b0\u1ee3c t\u1ed1i \u01b0u h\u00f3a \u0111\u1ec3 kh\u1eed s\u1eaft, maggie, hydrogen sulfate<\/span><\/p>\n<p><span id=\"input_part_0\" class=\"\" data-mention=\"\u0110i\u1ec1u ch\u1ec9nh \u0111\u1ed9 pH, gi\u1ea3m l\u01b0\u1ee3ng kh\u00ed hydro sunfua v\u00e0 s\u1eaft cao\">\u0110i\u1ec1u ch\u1ec9nh \u0111\u1ed9 pH, gi\u1ea3m l\u01b0\u1ee3ng kh\u00ed hydro sunfua v\u00e0 s\u1eaft cao<\/span><\/p>\n<p><span id=\"input_part_0\" class=\"\" data-mention=\"Kh\u00f4ng d\u00f9ng h\u00f3a ch\u1ea5t \u0111\u1ec3 gi\u1ea3m s\u1eaft k\u1ebft t\u1ee7a (s\u1eaft), s\u1eaft h\u00f2a tan ho\u1eb7c vi khu\u1ea9n b\u1eb1ng c\u1ea3m \u1ee9ng kh\u00f4ng kh\u00ed\">Kh\u00f4ng d\u00f9ng h\u00f3a ch\u1ea5t \u0111\u1ec3 gi\u1ea3m s\u1eaft k\u1ebft t\u1ee7a (s\u1eaft), s\u1eaft h\u00f2a tan ho\u1eb7c vi khu\u1ea9n b\u1eb1ng c\u1ea3m \u1ee9ng kh\u00f4ng kh\u00ed<\/span><\/p>\n<p><span id=\"input_part_0\" class=\"\" data-mention=\"Thi\u1ebft b\u1ecb h\u00f2a tr\u1ed9n l\u00e0m t\u0103ng \u0111\u1ed9 pH \u0111\u1ec3 t\u0103ng c\u01b0\u1eddng kh\u1eed s\u1eaft\">Thi\u1ebft b\u1ecb h\u00f2a tr\u1ed9n l\u00e0m t\u0103ng \u0111\u1ed9 pH \u0111\u1ec3 t\u0103ng c\u01b0\u1eddng kh\u1eed s\u1eaft<\/span><\/p>\n<p>Kh\u1eed Clo, m\u00f9i v\u00e0 v\u1ecb<\/p>\n<p>L\u01b0u gi\u1eef kho\u00e1ng ch\u1ea5t<\/p>\n<p>L\u1ecdc c\u1eb7n b\u1ea9n v\u00e0 g\u1ec9 s\u00e9t, t\u1ea1p ch\u1ea5t l\u1edbn h\u01a1n 5 micro<\/p>\n<p>Kh\u00f4ng \u0111i\u1ec7n, kh\u00f4ng n\u01b0\u1edbc th\u1ea3i<\/p>\n<p>B\u1ea3o v\u1ec7 c\u00e1c thi\u1ebft b\u1ecb s\u1eed d\u1ee5ng n\u01b0\u1edbc v\u00e0 \u0111\u01b0\u1eddng \u1ed1ng kh\u1ecfi t\u00ecnh tr\u1ea1ng b\u1ecb \u0103n m\u00f2n v\u1edbi c\u00f4ng ngh\u1ec7 ch\u1ed1ng b\u00e1m c\u1eb7n<\/p>\n<p><span id=\"input_part_0\" class=\"\" data-mention=\"B\u1ea3o v\u1ec7 \u0111\u01b0\u1eddng \u1ed1ng, qu\u1ea7n \u00e1o, b\u00e1t \u0111\u0129a, ti\u1ebft ki\u1ec7m ch\u1ea5t t\u1ea9y r\u1eeda v\u00e0 s\u1ee9c kh\u1ecfe \">B\u1ea3o v\u1ec7 \u0111\u01b0\u1eddng \u1ed1ng, qu\u1ea7n \u00e1o, b\u00e1t \u0111\u0129a, ti\u1ebft ki\u1ec7m ch\u1ea5t t\u1ea9y r\u1eeda v\u00e0 s\u1ee9c kh\u1ecfe<\/span><\/p>\n","protected":false},"featured_media":3474,"comment_status":"open","ping_status":"closed","template":"","meta":[],"product_brand":[],"product_cat":[400,401],"product_tag":[402,403],"class_list":{"0":"post-3317","1":"product","2":"type-product","3":"status-publish","4":"has-post-thumbnail","6":"product_cat-may-loc-nuoc-3m","7":"product_cat-thuong-hieu-may-loc-nuoc-3m","8":"product_tag-3m","9":"product_tag-may-loc-nuoc-3m","11":"first","12":"instock","13":"shipping-taxable","14":"purchasable","15":"product-type-simple"},"_links":{"self":[{"href":"https:\/\/livinghome.vn\/thiet-bi\/wp-json\/wp\/v2\/product\/3317","targetHints":{"allow":["GET"]}}],"collection":[{"href":"https:\/\/livinghome.vn\/thiet-bi\/wp-json\/wp\/v2\/product"}],"about":[{"href":"https:\/\/livinghome.vn\/thiet-bi\/wp-json\/wp\/v2\/types\/product"}],"replies":[{"embeddable":true,"href":"https:\/\/livinghome.vn\/thiet-bi\/wp-json\/wp\/v2\/comments?post=3317"}],"wp:featuredmedia":[{"embeddable":true,"href":"https:\/\/livinghome.vn\/thiet-bi\/wp-json\/wp\/v2\/media\/3474"}],"wp:attachment":[{"href":"https:\/\/livinghome.vn\/thiet-bi\/wp-json\/wp\/v2\/media?parent=3317"}],"wp:term":[{"taxonomy":"product_brand","embeddable":true,"href":"https:\/\/livinghome.vn\/thiet-bi\/wp-json\/wp\/v2\/product_brand?post=3317"},{"taxonomy":"product_cat","embeddable":true,"href":"https:\/\/livinghome.vn\/thiet-bi\/wp-json\/wp\/v2\/product_cat?post=3317"},{"taxonomy":"product_tag","embeddable":true,"href":"https:\/\/livinghome.vn\/thiet-bi\/wp-json\/wp\/v2\/product_tag?post=3317"}],"curies":[{"name":"wp","href":"https:\/\/api.w.org\/{rel}","templated":true}]}}