{"id":3301,"date":"2023-01-12T18:01:00","date_gmt":"2023-01-12T18:01:00","guid":{"rendered":"https:\/\/livinghome.vn\/thiet-bi\/?post_type=product&#038;p=3301"},"modified":"2024-11-29T14:20:20","modified_gmt":"2024-11-29T07:20:20","slug":"may-loc-nuoc-nong-lanh-de-ban-3m-hcd2","status":"publish","type":"product","link":"https:\/\/livinghome.vn\/thiet-bi\/may-loc-nuoc-nong-lanh-de-ban-3m-hcd2\/","title":{"rendered":"M\u00e1y l\u1ecdc n\u01b0\u1edbc n\u00f3ng l\u1ea1nh \u0111\u1ec3 b\u00e0n 3M HCD2 cao c\u1ea5p nh\u1eadp kh\u1ea9u M\u1ef9"},"content":{"rendered":"<h2>M\u00e1y l\u1ecdc n\u01b0\u1edbc n\u00f3ng l\u1ea1nh \u0111\u1ec3 b\u00e0n 3M HCD2 cao c\u1ea5p c\u00f3 g\u00ec n\u1ed5i b\u1eadt<\/h2>\n<div>\n<ul>\n<li id=\"input_line_0\"><span id=\"input_part_0\" class=\"\" data-mention=\"V\u1ecb tr\u00ed l\u1eafp \u0111\u1eb7t L\u1ecdc n\u01b0\u1edbc n\u00f3ng l\u1ea1nh \u0111\u1eb7t tr\u00ean b\u00e0n, u\u1ed1ng tr\u1ef1c ti\u1ebfp t\u1eeb v\u00f2i\">V\u1ecb tr\u00ed l\u1eafp \u0111\u1eb7t L\u1ecdc n\u01b0\u1edbc n\u00f3ng l\u1ea1nh \u0111\u1eb7t tr\u00ean b\u00e0n, u\u1ed1ng tr\u1ef1c ti\u1ebfp t\u1eeb v\u00f2i<\/span><\/li>\n<li id=\"input_line_1\"><span id=\"input_part_0\" class=\"\" data-mention=\"C\u00f4ng su\u1ea5t l\u1ecdc 4.000 L\u00edt (th\u1ef1c t\u1ebf c\u00f3 th\u1ec3 t\u0103ng gi\u1ea3m tu\u1ef3 ch\u1ea5t l\u01b0\u1ee3ng n\u01b0\u1edbc m\u00e1y \u0111\u1ea7u v\u00e0o)\">C\u00f4ng su\u1ea5t l\u1ecdc 4.000 L\u00edt (th\u1ef1c t\u1ebf c\u00f3 th\u1ec3 t\u0103ng gi\u1ea3m tu\u1ef3 ch\u1ea5t l\u01b0\u1ee3ng n\u01b0\u1edbc m\u00e1y \u0111\u1ea7u v\u00e0o)<\/span><\/li>\n<li id=\"input_line_2\"><span id=\"input_part_0\" class=\"\" data-mention=\"Tr\u1ecdng l\u01b0\u1ee3ng 18kg\">Tr\u1ecdng l\u01b0\u1ee3ng 18kg<\/span><\/li>\n<li id=\"input_line_3\"><span class=\"\" data-mention=\"L\u01b0u l\u01b0\u1ee3ng n\u01b0\u1edbc qua b\u1ed9 l\u1ecdc 2 L\u00edt\/ph\u00fat\"><span class=\"\" data-mention=\"L\u01b0u l\u01b0\u1ee3ng n\u01b0\u1edbc qua b\u1ed9 l\u1ecdc 2 L\u00edt\/ph\u00fat\">L\u01b0u l\u01b0\u1ee3ng n\u01b0\u1edbc qua b\u1ed9 l\u1ecdc 2 L\u00edt\/ph\u00fat<\/span><\/span><\/li>\n<li>L\u01b0\u1ee3ng n\u01b0\u1edbc nhi\u1ec7t \u0111\u1ed9 ph\u00f2ng: 4,6 L\u00edt<\/li>\n<li>L\u01b0\u1ee3ng n\u01b0\u1edbc l\u1ea1nh: 3,0 L\u00edt<\/li>\n<li>L\u01b0\u1ee3ng n\u01b0\u1edbc n\u00f3ng: 0,6 L\u00edt<\/li>\n<\/ul>\n<h3>K\u00edch th\u01b0\u1edbc s\u1ea3n ph\u1ea9m<\/h3>\n<ul>\n<li id=\"input_line_4\"><span id=\"input_part_0\" class=\"\" data-mention=\"K\u00edch th\u01b0\u1edbc 29 x 49,7 x 47,4 cm\">K\u00edch th\u01b0\u1edbc 29 x 49,7 x 47,4 cm<\/span><\/li>\n<\/ul>\n<\/div>\n<figure id=\"attachment_64463\" aria-describedby=\"caption-attachment-64463\" style=\"width: 800px\" class=\"wp-caption alignnone\"><img loading=\"lazy\" decoding=\"async\" class=\"wp-image-64463 size-large\" src=\"https:\/\/livinghome.vn\/thiet-bi\/wp-content\/uploads\/loc-nuoc\/3m\/may-loc-nuoc-nong-lanh-3m\/may-loc-nuoc-nong-lanh-3m-hcd2\/may-loc-nuoc-nong-lanh-3m-hcd2-2-800x800.jpg\" alt=\"M\u00e1y l\u1ecdc n\u01b0\u1edbc n\u00f3ng l\u1ea1nh \u0111\u1ec3 b\u00e0n 3M HCD2 cao c\u1ea5p\" width=\"800\" height=\"800\" title=\"\"><figcaption id=\"caption-attachment-64463\" class=\"wp-caption-text\">M\u00e1y l\u1ecdc n\u01b0\u1edbc n\u00f3ng l\u1ea1nh \u0111\u1ec3 b\u00e0n 3M HCD2 thi\u1ebft k\u1ebf sang tr\u1ecdng, d\u1ec5 s\u1eed d\u1ee5ng<\/figcaption><\/figure>\n<div>\n<h3><span id=\"chat-luong-nuoc-thanh-pham-sau-khi-duoc-loc\">Ch\u1ea5t l\u01b0\u1ee3ng n\u01b0\u1edbc th\u00e0nh ph\u1ea9m sau khi \u0111\u01b0\u1ee3c l\u1ecdc<\/span><\/h3>\n<\/div>\n<ul>\n<li>C\u00e1c th\u00e0nh ph\u1ea7n lo\u1ea1i b\u1ecf\n<ul>\n<li>Clo d\u01b0, m\u00f9i clo, m\u00f9i h\u00f4i n\u1ea5m m\u1ed1c<\/li>\n<li>C\u1eb7n b\u1ea9n t\u1ea1p ch\u1ea5t<\/li>\n<li>M\u1ea7m u nang, k\u00fd sinh tr\u00f9ng<\/li>\n<\/ul>\n<\/li>\n<\/ul>\n<figure id=\"attachment_64464\" aria-describedby=\"caption-attachment-64464\" style=\"width: 800px\" class=\"wp-caption alignnone\"><img loading=\"lazy\" decoding=\"async\" class=\"size-large wp-image-64464\" src=\"https:\/\/livinghome.vn\/thiet-bi\/wp-content\/uploads\/loc-nuoc\/3m\/may-loc-nuoc-nong-lanh-3m\/may-loc-nuoc-nong-lanh-3m-hcd2\/may-loc-nuoc-nong-lanh-3m-hcd2-4-800x800.jpg\" alt=\"M\u00e1y l\u1ecdc n\u01b0\u1edbc n\u00f3ng l\u1ea1nh \u0111\u1ec3 b\u00e0n 3M HCD2 cao c\u1ea5p\" width=\"800\" height=\"800\" title=\"\"><figcaption id=\"caption-attachment-64464\" class=\"wp-caption-text\">M\u00e1y l\u1ecdc n\u01b0\u1edbc n\u00f3ng l\u1ea1nh \u0111\u1ec3 b\u00e0n 3M HCD2 cao c\u1ea5p v\u1edbi 3 ch\u1ebf \u0111\u1ed9 u\u1ed1ng n\u00f3ng l\u1ea1nh<\/figcaption><\/figure>\n<div>\n<div>\n<h3><span id=\"cong-nghe-vat-lieu-ben-bi-an-toan-tuyet-doi\">C\u00f4ng ngh\u1ec7 &amp; V\u1eadt li\u1ec7u b\u1ec3n b\u1ec9 an to\u00e0n tuy\u1ec7t \u0111\u1ed1i<\/span><\/h3>\n<\/div>\n<\/div>\n<ul>\n<li>H\u1ec7 th\u1ed1ng l\u1ecdc n\u01b0\u1edbc 3M HCD2 k\u1ebft h\u1ee3p \u0111\u00e8n UV<\/li>\n<li>B\u1ea3o v\u1ec7 k\u00e9p v\u1edbi c\u00f4ng ngh\u1ec7 \u0111\u00e8n c\u1ef1c t\u00edm v\u00e0 l\u00f5i l\u1ecdc carbon l\u1ecdc s\u1ea1ch c\u1eb7n b\u1ea9n, tri\u1ec7t ti\u00eau c\u1ea3 vi khu\u1ea9n &amp; vi r\u00fat.<\/li>\n<li>\u0110\u1ea1t ch\u1ee9ng nh\u1eadn\u00a0<strong>BPA FREE.<\/strong><\/li>\n<\/ul>\n<figure id=\"attachment_64460\" aria-describedby=\"caption-attachment-64460\" style=\"width: 800px\" class=\"wp-caption alignnone\"><img loading=\"lazy\" decoding=\"async\" class=\"size-large wp-image-64460\" src=\"https:\/\/livinghome.vn\/thiet-bi\/wp-content\/uploads\/loc-nuoc\/3m\/may-loc-nuoc-nong-lanh-3m\/may-loc-nuoc-nong-lanh-3m-hcd2\/may-loc-nuoc-nong-lanh-3m-hcd2-7-800x800.jpg\" alt=\"M\u00e1y l\u1ecdc n\u01b0\u1edbc n\u00f3ng l\u1ea1nh \u0111\u1ec3 b\u00e0n 3M HCD2 cao c\u1ea5p\" width=\"800\" height=\"800\" title=\"\"><figcaption id=\"caption-attachment-64460\" class=\"wp-caption-text\">M\u00e1y l\u1ecdc n\u01b0\u1edbc n\u00f3ng l\u1ea1nh \u0111\u1ec3 b\u00e0n 3M HCD2 l\u1ecdc s\u1ea1ch s\u00e2u- si\u00eau ti\u1ec7n l\u1ee3i<\/figcaption><\/figure>\n<h3>Chi ti\u1ebft ph\u1ee5 ki\u1ec7n<\/h3>\n<ul>\n<li>B\u1ed9 l\u1ecdc \u0111\u1ea7u ti\u00ean<\/li>\n<li>B\u1ed9 chia n\u01b0\u1edbc,<\/li>\n<li>D\u00e2y d\u1eabn v\u00e0 co n\u1ed1i theo ti\u00eau chu\u1ea9n NSF<\/li>\n<\/ul>\n<p>(B\u1ed9 ph\u1ee5 ki\u1ec7n ti\u00eau chu\u1ea9n \u0111i k\u00e8m m\u00e1y. C\u00f3 th\u1ec3 ph\u00e1t sinh th\u00eam ph\u1ee5 ki\u1ec7n t\u00f9y theo \u0111i\u1ec1u ki\u1ec7n l\u1eafp \u0111\u1eb7t t\u1ea1i nh\u00e0 kh\u00e1ch. Kh\u00e1ch tr\u1ea3 ph\u00ed cho ph\u1ea7n ph\u1ee5 ki\u1ec7n ph\u00e1t sinh)<\/p>\n<figure id=\"attachment_64468\" aria-describedby=\"caption-attachment-64468\" style=\"width: 800px\" class=\"wp-caption alignnone\"><img loading=\"lazy\" decoding=\"async\" class=\"size-large wp-image-64468\" src=\"https:\/\/livinghome.vn\/thiet-bi\/wp-content\/uploads\/loc-nuoc\/3m\/may-loc-nuoc-nong-lanh-3m\/may-loc-nuoc-nong-lanh-3m-hcd2\/may-loc-nuoc-nong-lanh-3m-hcd2-11-800x800.jpg\" alt=\"M\u00e1y l\u1ecdc n\u01b0\u1edbc n\u00f3ng l\u1ea1nh \u0111\u1ec3 b\u00e0n 3M HCD2 cao c\u1ea5p\" width=\"800\" height=\"800\" title=\"\"><figcaption id=\"caption-attachment-64468\" class=\"wp-caption-text\">M\u00e1y l\u1ecdc n\u01b0\u1edbc n\u00f3ng l\u1ea1nh \u0111\u1ec3 b\u00e0n 3M HCD2 cao c\u1ea5p<\/figcaption><\/figure>\n<h3>Xu\u1ea5t x\u1ee9<\/h3>\n<ul>\n<li>Xu\u1ea5t x\u1ee9 v\u1ecf m\u00e1y: H\u00e0n Qu\u1ed1c<\/li>\n<li>Xu\u1ea5t x\u1ee9 b\u1ed9 l\u1ecdc: Mexico<\/li>\n<\/ul>\n<figure id=\"attachment_64462\" aria-describedby=\"caption-attachment-64462\" style=\"width: 800px\" class=\"wp-caption alignnone\"><img loading=\"lazy\" decoding=\"async\" class=\"size-large wp-image-64462\" src=\"https:\/\/livinghome.vn\/thiet-bi\/wp-content\/uploads\/loc-nuoc\/3m\/may-loc-nuoc-nong-lanh-3m\/may-loc-nuoc-nong-lanh-3m-hcd2\/may-loc-nuoc-nong-lanh-3m-hcd2-6-800x800.jpg\" alt=\"M\u00e1y l\u1ecdc n\u01b0\u1edbc n\u00f3ng l\u1ea1nh \u0111\u1ec3 b\u00e0n 3M HCD2 cao c\u1ea5p\" width=\"800\" height=\"800\" title=\"\"><figcaption id=\"caption-attachment-64462\" class=\"wp-caption-text\">M\u00e1y l\u1ecdc n\u01b0\u1edbc n\u00f3ng l\u1ea1nh \u0111\u1ec3 b\u00e0n 3M HCD2 \u0111\u01b0\u1ee3c ng\u01b0\u1eddi ti\u00eau d\u00f9ng v\u00f4 c\u00f9ng y\u00eau th\u00edch<\/figcaption><\/figure>\n<h3>H\u01b0\u1edbng d\u1eabn s\u1eed d\u1ee5ng M\u00e1y l\u1ecdc n\u01b0\u1edbc n\u00f3ng l\u1ea1nh \u0111\u1ec3 b\u00e0n 3M HCD2<\/h3>\n<ul>\n<li>Thay l\u00f5i 6 th\u00e1ng\/l\u1ea7n<\/li>\n<\/ul>\n<h3>M\u1ed9t s\u1ed1 h\u00ecnh \u1ea3nh th\u1ef1c t\u1ebf c\u1ee7a m\u00e1y l\u1ecdc n\u01b0\u1edbc n\u00f3ng l\u1ea1nh \u0111\u1ec3 b\u00e0n 3M HCD2 cao c\u1ea5p<\/h3>\n<figure id=\"attachment_64470\" aria-describedby=\"caption-attachment-64470\" style=\"width: 1020px\" class=\"wp-caption alignnone\"><img loading=\"lazy\" decoding=\"async\" class=\"size-large wp-image-64470\" src=\"https:\/\/livinghome.vn\/thiet-bi\/wp-content\/uploads\/loc-nuoc\/3m\/may-loc-nuoc-nong-lanh-3m\/may-loc-nuoc-nong-lanh-3m-hcd2\/may-loc-nuoc-nong-lanh-3m-hcd2-8-1067x800.jpg\" alt=\"M\u00e1y l\u1ecdc n\u01b0\u1edbc n\u00f3ng l\u1ea1nh \u0111\u1ec3 b\u00e0n 3M HCD2 cao c\u1ea5p\" width=\"1020\" height=\"765\" title=\"\"><figcaption id=\"caption-attachment-64470\" class=\"wp-caption-text\">M\u1ed9t s\u1ed1 h\u00ecnh \u1ea3nh th\u1ef1c t\u1ebf c\u1ee7a m\u00e1y l\u1ecdc n\u01b0\u1edbc n\u00f3ng l\u1ea1nh \u0111\u1ec3 b\u00e0n 3M HCD2 cao c\u1ea5p<\/figcaption><\/figure>\n<p><img loading=\"lazy\" decoding=\"async\" class=\"size-large wp-image-64461\" src=\"https:\/\/livinghome.vn\/thiet-bi\/wp-content\/uploads\/loc-nuoc\/3m\/may-loc-nuoc-nong-lanh-3m\/may-loc-nuoc-nong-lanh-3m-hcd2\/may-loc-nuoc-nong-lanh-3m-hcd2-5-1067x800.jpg\" alt=\"M\u00e1y l\u1ecdc n\u01b0\u1edbc n\u00f3ng l\u1ea1nh \u0111\u1ec3 b\u00e0n 3M HCD2 cao c\u1ea5p\" width=\"1020\" height=\"765\" title=\"\"><\/p>\n<p><img loading=\"lazy\" decoding=\"async\" class=\"size-large wp-image-64465\" src=\"https:\/\/livinghome.vn\/thiet-bi\/wp-content\/uploads\/loc-nuoc\/3m\/may-loc-nuoc-nong-lanh-3m\/may-loc-nuoc-nong-lanh-3m-hcd2\/may-loc-nuoc-nong-lanh-3m-hcd2-3-1067x800.jpg\" alt=\"M\u00e1y l\u1ecdc n\u01b0\u1edbc n\u00f3ng l\u1ea1nh \u0111\u1ec3 b\u00e0n 3M HCD2 cao c\u1ea5p\" width=\"1020\" height=\"765\" title=\"\"><\/p>\n<figure id=\"attachment_64467\" aria-describedby=\"caption-attachment-64467\" style=\"width: 800px\" class=\"wp-caption alignnone\"><img loading=\"lazy\" decoding=\"async\" class=\"size-large wp-image-64467\" src=\"https:\/\/livinghome.vn\/thiet-bi\/wp-content\/uploads\/loc-nuoc\/3m\/may-loc-nuoc-nong-lanh-3m\/may-loc-nuoc-nong-lanh-3m-hcd2\/may-loc-nuoc-nong-lanh-3m-hcd2-9-800x800.jpg\" alt=\"M\u00e1y l\u1ecdc n\u01b0\u1edbc n\u00f3ng l\u1ea1nh \u0111\u1ec3 b\u00e0n 3M HCD2 cao c\u1ea5p\" width=\"800\" height=\"800\" title=\"\"><figcaption id=\"caption-attachment-64467\" class=\"wp-caption-text\">M\u00e1y l\u1ecdc n\u01b0\u1edbc n\u00f3ng l\u1ea1nh \u0111\u1ec3 b\u00e0n 3M HCD2 cao c\u1ea5p<\/figcaption><\/figure>\n<figure id=\"attachment_64466\" aria-describedby=\"caption-attachment-64466\" style=\"width: 1020px\" class=\"wp-caption alignnone\"><img loading=\"lazy\" decoding=\"async\" class=\"size-large wp-image-64466\" src=\"https:\/\/livinghome.vn\/thiet-bi\/wp-content\/uploads\/loc-nuoc\/3m\/may-loc-nuoc-nong-lanh-3m\/may-loc-nuoc-nong-lanh-3m-hcd2\/may-loc-nuoc-nong-lanh-3m-hcd2-1-1067x800.jpg\" alt=\"M\u00e1y l\u1ecdc n\u01b0\u1edbc n\u00f3ng l\u1ea1nh \u0111\u1ec3 b\u00e0n 3M HCD2 cao c\u1ea5p\" width=\"1020\" height=\"765\" title=\"\"><figcaption id=\"caption-attachment-64466\" class=\"wp-caption-text\">M\u00e1y l\u1ecdc n\u01b0\u1edbc n\u00f3ng l\u1ea1nh \u0111\u1ec3 b\u00e0n 3M HCD2 cao c\u1ea5p<\/figcaption><\/figure>\n<h3><span id=\"huong-dan-bao-quan-bo-loc-3m\"><span id=\"huong-dan-bao-quan-bo-loc-dung-cho-may-loc-nuoc-3m-dp190\"><span id=\"input_part_0\" class=\"\" data-mention=\"H\u01b0\u1edbng d\u1eabn b\u1ea3o qu\u1ea3n l\u00f5i l\u1ecdc n\u01b0\u1edbc 3M N\u1ebfu b\u1ed9 l\u1ecdc n\u01b0\u1edbc kh\u00f4ng \u0111\u01b0\u1ee3c s\u1eed d\u1ee5ng trong m\u1ed9t th\u1eddi gian ng\u1eafn, b\u1ea1n n\u00ean th\u00e1o b\u1ed9 l\u1ecdc ra, \u0111\u1ed5 s\u1ea1ch n\u01b0\u1edbc v\u00e0 gi\u1eef b\u1ed9 l\u1ecdc trong t\u00fai nh\u1ef1a m\u1edbi, ni\u00eam phong v\u00e0 \u0111\u1eb7t trong t\u1ee7 l\u1ea1nh.\">H\u01b0\u1edbng d\u1eabn b\u1ea3o qu\u1ea3n b\u1ed9 l\u1ecdc 3M<\/span><\/span><\/span><\/h3>\n<ul>\n<li><span id=\"input_part_0\" class=\"\" data-mention=\"H\u01b0\u1edbng d\u1eabn b\u1ea3o qu\u1ea3n l\u00f5i l\u1ecdc n\u01b0\u1edbc 3M N\u1ebfu b\u1ed9 l\u1ecdc n\u01b0\u1edbc kh\u00f4ng \u0111\u01b0\u1ee3c s\u1eed d\u1ee5ng trong m\u1ed9t th\u1eddi gian ng\u1eafn, b\u1ea1n n\u00ean th\u00e1o b\u1ed9 l\u1ecdc ra, \u0111\u1ed5 s\u1ea1ch n\u01b0\u1edbc v\u00e0 gi\u1eef b\u1ed9 l\u1ecdc trong t\u00fai nh\u1ef1a m\u1edbi, ni\u00eam phong v\u00e0 \u0111\u1eb7t trong t\u1ee7 l\u1ea1nh.\">N\u1ebfu b\u1ed9 l\u1ecdc n\u01b0\u1edbc kh\u00f4ng \u0111\u01b0\u1ee3c s\u1eed d\u1ee5ng trong m\u1ed9t th\u1eddi gian ng\u1eafn, b\u1ea1n n\u00ean th\u00e1o b\u1ed9 l\u1ecdc ra, \u0111\u1ed5 s\u1ea1ch n\u01b0\u1edbc v\u00e0 gi\u1eef b\u1ed9 l\u1ecdc trong t\u00fai nh\u1ef1a m\u1edbi, ni\u00eam phong v\u00e0 \u0111\u1eb7t trong t\u1ee7 l\u1ea1nh.<\/span><\/li>\n<\/ul>\n<h2><span id=\"cong-nghe-loc-nuoc-truc-tiep-la-gi\">C\u00f4ng ngh\u1ec7 l\u1ecdc n\u01b0\u1edbc tr\u1ef1c ti\u1ebfp l\u00e0 g\u00ec?<\/span><\/h2>\n<ul>\n<li>N\u00f3i \u0111\u01a1n gi\u1ea3n c\u00f4ng ngh\u1ec7 l\u1ecdc n\u01b0\u1edbc tr\u1ef1c ti\u1ebfp l\u00e0 c\u00f4ng ngh\u1ec7 ch\u1ec9 s\u1eed d\u1ee5ng \u00e1p l\u1ef1c n\u01b0\u1edbc t\u1ef1 nhi\u00ean \u0111\u1ec3 l\u1ecdc c\u00e1c t\u1ea1p ch\u1ea5t vi khu\u1ea9n v\u00e0 gi\u1eef l\u1ea1i to\u00e0n b\u1ed9 kho\u00e1ng ch\u1ea5t c\u00f3 l\u1ee3i cho s\u1ee9c kh\u1ecfe m\u00e0 kh\u00f4ng c\u1ea7n d\u00f9ng \u0111\u1ebfn qu\u00e1 nhi\u1ec1u c\u1ea5p l\u1ecdc n\u01b0\u1edbc kh\u00e1c nhau,kh\u00f4ng ph\u1ea3i d\u00f9ng \u0111i\u1ec7n v\u00e0 ho\u00e0n kh\u00f4ng kh\u00f4ng c\u00f3 n\u01b0\u1edbc th\u1ea3i ra.<\/li>\n<li>Hi\u1ec7n c\u00f4ng ngh\u1ec7 l\u1ecdc n\u01b0\u1edbc tr\u1ef1c ti\u1ebfp d\u1ea1ng nh\u01b0 c\u1ee7a l\u1ecdc n\u01b0\u1edbc 3M hi\u1ec7n \u0111\u01b0\u1ee3c s\u1eed d\u1ee5ng r\u1ed9ng r\u00e3i \u1edf c\u00e1c n\u01b0\u1edbc Ch\u00e2u \u00c2u v\u00e0 B\u1eafc M\u1ef9.<\/li>\n<\/ul>\n<h2>H\u00ecnh \u1ea3nh th\u1ef1c t\u1ebf c\u1ee7a s\u1ea3n ph\u1ea9m l\u1ecdc n\u01b0\u1edbc 3M t\u1ea1i showroom<\/h2>\n\n","protected":false},"excerpt":{"rendered":"<p style=\"text-align: left;\">C\u00f4ng su\u1ea5t l\u1ecdc: 4.000 L\u00edt<\/p>\n<p style=\"text-align: left;\">Tr\u1ecdng l\u01b0\u1ee3ng: 18kg<\/p>\n<p style=\"text-align: left;\">L\u01b0u l\u01b0\u1ee3ng n\u01b0\u1edbc qua b\u1ed9 l\u1ecdc: 2 L\u00edt\/ph\u00fat<\/p>\n<p style=\"text-align: left;\">K\u00edch th\u01b0\u1edbc: 29\u00a0x 49,7 x 47,4 cm<\/p>\n","protected":false},"featured_media":3368,"comment_status":"open","ping_status":"closed","template":"","meta":[],"product_brand":[],"product_cat":[785,400,401],"product_tag":[402,786,787,404,403,405,407],"class_list":{"0":"post-3301","1":"product","2":"type-product","3":"status-publish","4":"has-post-thumbnail","6":"product_cat-may-loc-nuoc-nong-lanh","7":"product_cat-may-loc-nuoc-3m","8":"product_cat-thuong-hieu-may-loc-nuoc-3m","9":"product_tag-3m","10":"product_tag-cay-loc-nuoc-nong-lanh","11":"product_tag-cay-nong-lanh","12":"product_tag-may-loc-nuoc","13":"product_tag-may-loc-nuoc-3m","14":"product_tag-may-loc-nuoc-nong-lanh","15":"product_tag-may-loc-nuoc-nong-lanh-de-ban","17":"first","18":"instock","19":"shipping-taxable","20":"purchasable","21":"product-type-simple"},"_links":{"self":[{"href":"https:\/\/livinghome.vn\/thiet-bi\/wp-json\/wp\/v2\/product\/3301","targetHints":{"allow":["GET"]}}],"collection":[{"href":"https:\/\/livinghome.vn\/thiet-bi\/wp-json\/wp\/v2\/product"}],"about":[{"href":"https:\/\/livinghome.vn\/thiet-bi\/wp-json\/wp\/v2\/types\/product"}],"replies":[{"embeddable":true,"href":"https:\/\/livinghome.vn\/thiet-bi\/wp-json\/wp\/v2\/comments?post=3301"}],"wp:featuredmedia":[{"embeddable":true,"href":"https:\/\/livinghome.vn\/thiet-bi\/wp-json\/wp\/v2\/media\/3368"}],"wp:attachment":[{"href":"https:\/\/livinghome.vn\/thiet-bi\/wp-json\/wp\/v2\/media?parent=3301"}],"wp:term":[{"taxonomy":"product_brand","embeddable":true,"href":"https:\/\/livinghome.vn\/thiet-bi\/wp-json\/wp\/v2\/product_brand?post=3301"},{"taxonomy":"product_cat","embeddable":true,"href":"https:\/\/livinghome.vn\/thiet-bi\/wp-json\/wp\/v2\/product_cat?post=3301"},{"taxonomy":"product_tag","embeddable":true,"href":"https:\/\/livinghome.vn\/thiet-bi\/wp-json\/wp\/v2\/product_tag?post=3301"}],"curies":[{"name":"wp","href":"https:\/\/api.w.org\/{rel}","templated":true}]}}