{"id":308,"date":"2023-01-12T10:05:53","date_gmt":"2023-01-12T10:05:53","guid":{"rendered":"https:\/\/livinghome.vn\/thiet-bi\/?post_type=product&#038;p=308"},"modified":"2024-11-29T14:21:06","modified_gmt":"2024-11-29T07:21:06","slug":"may-hut-mui-dmestik-ml2170-dmk-thiet-ke-sang-trong-2","status":"publish","type":"product","link":"https:\/\/livinghome.vn\/thiet-bi\/may-hut-mui-dmestik-ml2170-dmk-thiet-ke-sang-trong-2\/","title":{"rendered":"M\u00e1y h\u00fat m\u00f9i Dmestik ML2170 DMK thi\u1ebft k\u1ebf sang tr\u1ecdng"},"content":{"rendered":"<h2><strong>M\u00e1y h\u00fat m\u00f9i Dmestik ML2170 DMK thi\u1ebft k\u1ebf sang tr\u1ecdng v\u1eadn h\u00e0nh \u00eam \u00e1i, b\u1ec1n b\u1ec9 v\u1edbi gi\u00e1 t\u1ed1t nh\u1ea5t th\u1ecb tr\u01b0\u1eddng.<\/strong><\/h2>\n<h3>Gi\u1eddi thi\u1ec7u s\u1ea3n ph\u1ea9m<\/h3>\n<ul>\n<li><a href=\"https:\/\/livinghome.vn\/thiet-bi\/may-hut-mui\/\">M\u00e1y h\u00fat m\u00f9i<\/a> Dmestik\u00a0ML2170 DMK<\/li>\n<li>H\u00fat m\u00f9i k\u00ednh cong<\/li>\n<li>K\u00ednh c\u01b0\u1eddng l\u1ef1c<\/li>\n<li>\u0110\u00e8n led chi\u1ebfu s\u00e1ng<\/li>\n<li>B\u1ea3ng \u0111i\u1ec1u khi\u1ec3n c\u1ea3m \u1ee9ng 3 m\u1ee9c th\u00f4ng minh<\/li>\n<li>H\u00fat kh\u1eed m\u00f9i tr\u1ef1c ti\u1ebfp b\u1eb1ng than ho\u1ea1t t\u00ednh<\/li>\n<li>D\u1ec5 d\u00e0ng l\u1eafp \u0111\u1eb7t<\/li>\n<li>H\u1ea1n ch\u1ebf ti\u1ebfng \u1ed3n m\u1ee9c t\u1ed1i \u0111a<\/li>\n<li>Th\u00e2n m\u00e1y s\u01a1n t\u0129nh \u0111i\u1ec7n<\/li>\n<li>L\u01b0\u1edbi l\u1ecdc b\u1eb1ng inox b\u1ec1n b\u1ec9 d\u1ec5 d\u00e0ng th\u00e1o l\u1eafp v\u1ec7 sinh<\/li>\n<li>H\u1eb9n gi\u1edd 100 ph\u00fat<\/li>\n<\/ul>\n<p>M\u00e1y h\u00fat m\u00f9i k\u00ednh cong th\u01b0\u1eddng c\u00f3 c\u00f4ng su\u1ea5t h\u00fat cao, h\u00fat kh\u1eed m\u00f9i s\u1ebd tri\u1ec7t \u0111\u1ec3 h\u01a1n n\u00ean c\u00f4ng su\u1ea5t l\u1edbn h\u01a1n h\u1eb3n so v\u1edbi h\u00fat m\u00f9i \u00e2m t\u1ee7 v\u00e0 h\u00fat m\u00f9i c\u1ed5 \u0111i\u1ec3n. V\u1edbi m\u00e1y h\u00fat m\u00f9i Dmestik ML2170 DMK hi\u1ec7n \u0111\u1ea1i, sang tr\u1ecdng, l\u00e0 d\u00f2ng m\u00e1y h\u00fat m\u00f9i m\u1ea1nh m\u1ebd v\u1edbi \u0111\u1ed9ng c\u01a1 tua-bin, thi\u1ebft k\u1ebf 3 m\u1ee9c c\u00f4ng su\u1ea5t gi\u00fap kh\u00e1ch h\u00e0ng d\u1ec5 d\u00e0ng \u0111i\u1ec1u ch\u1ec9nh m\u1ee9c c\u00f4ng su\u1ea5t h\u00fat m\u00f9i h\u1ee3p v\u1edbi nhu c\u1ea7u s\u1eed d\u1ee5ng.<\/p>\n<p>M\u00e1y h\u00fat m\u00f9i Dmestik c\u00f3 c\u00f4ng su\u1ea5t h\u00fat l\u1edbn v\u00e0 \u0111\u1ed9 \u1ed3n si\u00eau \u00eam \u0111\u1ea3m b\u1ea3o h\u00fat s\u1ea1ch m\u00f9i hi\u1ec7u qu\u1ea3 mang l\u1ea1i kh\u00f4ng gian tho\u00e1ng m\u00e1t cho c\u0103n b\u1ebfp m\u00e0 kh\u00f4ng h\u1ec1 nghe th\u1ea5y ti\u1ebfng \u1ed3n trong khi m\u00e1y \u0111ang ho\u1ea1t \u0111\u1ed9ng. Ti\u00eau th\u1ee5 n\u0103ng l\u01b0\u1ee3ng h\u00e0ng n\u0103m kh\u00e1 th\u1ea5p, ti\u1ebft ki\u1ec7m chi ph\u00ed cho gia \u0111\u00ecnh b\u1ea1n.<\/p>\n<figure id=\"attachment_57669\" aria-describedby=\"caption-attachment-57669\" style=\"width: 1067px\" class=\"wp-caption aligncenter\"><img loading=\"lazy\" decoding=\"async\" class=\"wp-image-57669 size-large\" src=\"https:\/\/livinghome.vn\/thiet-bi\/wp-content\/uploads\/nha-bep\/dmestik\/may-hut-mui\/may-hut-mui-dmestik-ml-2170-dmk\/may-hut-mui-dmestik-ml-2170-dmk-1-1067x800.jpg\" alt=\"M\u00e1y h\u00fat m\u00f9i Dmestik ML2170 DMK thi\u1ebft k\u1ebf sang tr\u1ecdng\" width=\"1067\" height=\"800\" title=\"\"><figcaption id=\"caption-attachment-57669\" class=\"wp-caption-text\">M\u00e1y h\u00fat m\u00f9i Dmestik ML2170 DMK thi\u1ebft k\u1ebf sang tr\u1ecdng<\/figcaption><\/figure>\n<h3>Th\u00f4ng tin k\u1ef9 thu\u1eadt<\/h3>\n<ul>\n<li>\u0110\u00e8n led chi\u1ebfu s\u00e1ng:\u00a02*1,5w<\/li>\n<li>K\u00edch th\u01b0\u1edbc:\u00a0700*500<\/li>\n<li>\u1ed0ng x\u1ea3: \u00d8150mm<\/li>\n<li>C\u00f4ng su\u1ea5t \u0111\u1ed9ng c\u01a1: 200W<\/li>\n<li>\u00c1p su\u1ea5t (t\u1ed1i \u0111a):\u00a0430Pa<\/li>\n<li>\u0110\u1ed9ng c\u01a1:\u00a0tua-bin<\/li>\n<li>C\u00f4ng su\u1ea5t h\u00fat: 1100m\u00b3\/h<\/li>\n<li>\u0110\u1ed9 \u1ed3n ( t\u1ed1i \u0111a): =&lt; 50 dBA<\/li>\n<li>Xu\u1ea5t x\u1ee9: Ch\u00ednh H\u00e3ng<\/li>\n<li>B\u1ea3o h\u00e0nh ch\u00ednh h\u00e3ng: 3 n\u0103m<\/li>\n<\/ul>\n","protected":false},"excerpt":{"rendered":"<p style=\"text-align: center;\">L\u01b0\u1edbi l\u1ecdc b\u1eb1ng inox b\u1ec1n b\u1ec9 d\u1ec5 d\u00e0ng th\u00e1o l\u1eafp v\u1ec7 sinh<\/p>\n<p style=\"text-align: center;\">B\u1ea3ng \u0111i\u1ec1u khi\u1ec3n c\u1ea3m \u1ee9ng 3 m\u1ee9c th\u00f4ng minh<\/p>\n<p style=\"text-align: center;\">K\u00edch th\u01b0\u1edbc:\u00a0700*500<\/p>\n<p style=\"text-align: center;\">\u1ed0ng x\u1ea3: \u00d8150mm<\/p>\n<p style=\"text-align: center;\">C\u00f4ng su\u1ea5t \u0111\u1ed9ng c\u01a1: 200W<\/p>\n<p style=\"text-align: center;\">\u00c1p su\u1ea5t (t\u1ed1i \u0111a):\u00a0430Pa<\/p>\n<p style=\"text-align: center;\">\u0110\u1ed9ng c\u01a1:\u00a0tua-bin<\/p>\n<p style=\"text-align: center;\">C\u00f4ng su\u1ea5t h\u00fat: 1100m\u00b3\/h<\/p>\n<p style=\"text-align: center;\">\u0110\u1ed9 \u1ed3n ( t\u1ed1i \u0111a): =&lt; 50 dBA<\/p>\n<p style=\"text-align: center;\">\u0110\u00e8n led chi\u1ebfu s\u00e1ng:\u00a02*1,5w<\/p>\n<p style=\"text-align: center;\">\n","protected":false},"featured_media":383,"comment_status":"open","ping_status":"closed","template":"","meta":[],"product_brand":[],"product_cat":[84,89,72],"product_tag":[74,86,88,90],"class_list":{"0":"post-308","1":"product","2":"type-product","3":"status-publish","4":"has-post-thumbnail","6":"product_cat-may-hut-mui","7":"product_cat-may-hut-mui-gan-tuong","8":"product_cat-thuong-hieu-dmestik","9":"product_tag-dmestik","10":"product_tag-may-hut-mui","11":"product_tag-may-hut-mui-dmestik","12":"product_tag-may-hut-mui-gan-tuong","14":"first","15":"instock","16":"sale","17":"shipping-taxable","18":"purchasable","19":"product-type-simple"},"_links":{"self":[{"href":"https:\/\/livinghome.vn\/thiet-bi\/wp-json\/wp\/v2\/product\/308","targetHints":{"allow":["GET"]}}],"collection":[{"href":"https:\/\/livinghome.vn\/thiet-bi\/wp-json\/wp\/v2\/product"}],"about":[{"href":"https:\/\/livinghome.vn\/thiet-bi\/wp-json\/wp\/v2\/types\/product"}],"replies":[{"embeddable":true,"href":"https:\/\/livinghome.vn\/thiet-bi\/wp-json\/wp\/v2\/comments?post=308"}],"wp:featuredmedia":[{"embeddable":true,"href":"https:\/\/livinghome.vn\/thiet-bi\/wp-json\/wp\/v2\/media\/383"}],"wp:attachment":[{"href":"https:\/\/livinghome.vn\/thiet-bi\/wp-json\/wp\/v2\/media?parent=308"}],"wp:term":[{"taxonomy":"product_brand","embeddable":true,"href":"https:\/\/livinghome.vn\/thiet-bi\/wp-json\/wp\/v2\/product_brand?post=308"},{"taxonomy":"product_cat","embeddable":true,"href":"https:\/\/livinghome.vn\/thiet-bi\/wp-json\/wp\/v2\/product_cat?post=308"},{"taxonomy":"product_tag","embeddable":true,"href":"https:\/\/livinghome.vn\/thiet-bi\/wp-json\/wp\/v2\/product_tag?post=308"}],"curies":[{"name":"wp","href":"https:\/\/api.w.org\/{rel}","templated":true}]}}