{"id":3072,"date":"2023-01-12T17:38:37","date_gmt":"2023-01-12T17:38:37","guid":{"rendered":"https:\/\/livinghome.vn\/thiet-bi\/?post_type=product&#038;p=3072"},"modified":"2024-11-29T14:20:22","modified_gmt":"2024-11-29T07:20:22","slug":"may-giat-whirlpool-fwmd10502fg-supreme-oxycare-10-5kg-xam","status":"publish","type":"product","link":"https:\/\/livinghome.vn\/thiet-bi\/may-giat-whirlpool-fwmd10502fg-supreme-oxycare-10-5kg-xam\/","title":{"rendered":"M\u00e1y gi\u1eb7t Whirlpool FWMD10502FG Supreme OxyCare 10.5kg x\u00e1m"},"content":{"rendered":"<h2><strong>Xin gi\u1edbi thi\u1ec7u M\u00e1y gi\u1eb7t Whirlpool FWMD10502FG Supreme OxyCare 10.5kg x\u00e1m v\u1edbi thi\u1ebft k\u1ebf hi\u1ec7n \u0111\u1ea1i, ti\u1ec7n d\u1ee5ng ph\u00f9 h\u1ee3p v\u1edbi m\u1ecdi gia \u0111\u00ecnh Vi\u1ec7t.<\/strong><\/h2>\n<h3><strong>\u0110\u1ed9ng c\u01a1 truy\u1ec1n \u0111\u1ed9ng tr\u1ef1c ti\u1ebfp Zen Inverter<\/strong><\/h3>\n<p>\u0110\u1ed9ng c\u01a1 truy\u1ec1n \u0111\u1ed9ng tr\u1ef1c ti\u1ebfp quay l\u1ed3ng gi\u1eb7t tr\u1ef1c ti\u1ebfp m\u00e0 kh\u00f4ng c\u1ea7n d\u00e2y curoa v\u00e0 ch\u1ed5i than, gi\u00fap m\u00e1y gi\u1eb7t ho\u1ea1t \u0111\u1ed9ng \u1ed5n \u0111\u1ecbnh, v\u1eadn h\u00e0nh t\u1ed1i \u01b0u si\u00eau \u00eam \u00e1i (ch\u1ec9 68dBA)<\/p>\n<figure id=\"attachment_56485\" aria-describedby=\"caption-attachment-56485\" style=\"width: 1020px\" class=\"wp-caption alignnone\"><img loading=\"lazy\" decoding=\"async\" class=\"size-large wp-image-56485\" src=\"https:\/\/livinghome.vn\/thiet-bi\/wp-content\/uploads\/nha-bep\/whirlpool\/may-giat-whirlpool\/may-giat-whirlpool-fwmd10502fg\/may-giat-whirlpool-fwmd10502fg-7-1067x800.jpg\" alt=\"M\u00e1y gi\u1eb7t Whirlpool FWMD10502FG Supreme OxyCare 10.5kg x\u00e1m\" width=\"1020\" height=\"765\" title=\"\"><figcaption id=\"caption-attachment-56485\" class=\"wp-caption-text\">M\u00e1y gi\u1eb7t Whirlpool FWMD10502FG Supreme OxyCare 10.5kg x\u00e1m<\/figcaption><\/figure>\n<h3><strong>Khay n\u01b0\u1edbc gi\u1eb7t v\u00e0 \u0111\u1ec7m c\u1eeda kh\u00e1ng khu\u1ea9n<\/strong><\/h3>\n<p>Khay n\u01b0\u1edbc gi\u1eb7t v\u00e0 \u0111\u1ec7m c\u1eeda \u0111\u01b0\u1ee3c b\u1ed5 sung ch\u1ea5t kh\u1eed khu\u1ea9n gi\u00fap ng\u0103n ch\u1eb7n 99% * vi khu\u1ea9n v\u00e0 n\u1ea5m m\u1ed1c ph\u00e1t tri\u1ec3n ngay c\u1ea3 sau khi s\u1eed d\u1ee5ng trong th\u1eddi gian d\u00e0i<\/p>\n<figure id=\"attachment_56489\" aria-describedby=\"caption-attachment-56489\" style=\"width: 1020px\" class=\"wp-caption alignnone\"><img loading=\"lazy\" decoding=\"async\" class=\"size-large wp-image-56489\" src=\"https:\/\/livinghome.vn\/thiet-bi\/wp-content\/uploads\/nha-bep\/whirlpool\/may-giat-whirlpool\/may-giat-whirlpool-fwmd10502fg\/may-giat-whirlpool-fwmd10502fg-3-1067x800.jpg\" alt=\"M\u00e1y gi\u1eb7t Whirlpool FWMD10502FG Supreme OxyCare 10.5kg x\u00e1m\" width=\"1020\" height=\"765\" title=\"\"><figcaption id=\"caption-attachment-56489\" class=\"wp-caption-text\">M\u00e1y gi\u1eb7t Whirlpool FWMD10502FG Supreme OxyCare 10.5kg x\u00e1m<\/figcaption><\/figure>\n<h3><strong>Gi\u1eb7t s\u1ea1ch th\u01a1m l\u00ean \u0111\u1ebfn 6 gi\u1edd<\/strong><\/h3>\n<p>Kh\u00f4ng c\u1ea7n ph\u1ea3i lo l\u1eafng n\u1ebfu b\u1ea1n qu\u00ean l\u1ea5y \u0111\u1ed3 gi\u1eb7t ra ngay sau khi gi\u1eb7t.<br \/>\nCh\u1ee9c n\u0103ng Final Care* phun h\u01a1i n\u01b0\u1edbc \u0111\u1ecbnh k\u1ef3 v\u00e0 xoay nh\u1eb9 l\u1ed3ng gi\u1eb7t l\u00ean \u0111\u1ebfn 6 gi\u1edd sau khi gi\u1eb7t xong, gi\u1eef cho qu\u1ea7n \u00e1o lu\u00f4n s\u1ea1ch th\u01a1m v\u00e0 kh\u00f4ng b\u1ecb nh\u0103n.<\/p>\n<p>*Ch\u1ee9c n\u0103ng t\u1ef1 \u0111\u1ed9ng khi l\u1ef1a ch\u1ecdn gi\u1eb7t k\u00e9p ho\u1eb7c h\u01a1i n\u01b0\u1edbc. \u0110\u1ec3 d\u1eebng ch\u1ee9c n\u0103ng n\u00e0y, nh\u1ea5n n\u00fat B\u1eaft \u0111\u1ea7u\/T\u1ea1m d\u1eebng ho\u1eb7c v\u1eb7n n\u00fam.<\/p>\n<h3><strong>Ch\u1ebf \u0111\u1ed9 t\u1ef1 \u0111\u1ed9ng 6th Sense<\/strong><\/h3>\n<p>C\u00f4ng ngh\u1ec7 6th Sense\u00a0 \u0111\u01b0\u1ee3c c\u1ea5p b\u1eb1ng s\u00e1ng ch\u1ebf c\u1ee7a Whirlpool, \u0111\u01b0\u1ee3c x\u00e2y d\u1ef1ng trong ch\u1ebf \u0111\u1ed9 kh\u1edfi \u0111\u1ed9ng t\u1ef1 \u0111\u1ed9ng. C\u00f4ng ngh\u1ec7 tr\u1ef1c quan n\u00e0y c\u1ea3m nh\u1eadn \u0111\u01b0\u1ee3c t\u1ea3i \u0111\u1ed3 gi\u1eb7t c\u1ee7a b\u1ea1n v\u00e0 t\u1ef1 \u0111\u1ed9ng ch\u1ecdn m\u1ed9t ch\u01b0\u01a1ng tr\u00ecnh gi\u1eb7t ph\u00f9 h\u1ee3p ch\u1ec9 b\u1eb1ng c\u00e1ch nh\u1ea5n v\u00e0 gi\u1eef n\u00fam v\u1eb7n trong v\u00f2ng 3 gi\u00e2y<\/p>\n<p>*Kh\u00f4ng \u0111\u01b0\u1ee3c khuy\u1ebfn ngh\u1ecb cho qu\u1ea7n \u00e1o tinh x\u1ea3o<\/p>\n<figure id=\"attachment_56487\" aria-describedby=\"caption-attachment-56487\" style=\"width: 1020px\" class=\"wp-caption alignnone\"><img loading=\"lazy\" decoding=\"async\" class=\"size-large wp-image-56487\" src=\"https:\/\/livinghome.vn\/thiet-bi\/wp-content\/uploads\/nha-bep\/whirlpool\/may-giat-whirlpool\/may-giat-whirlpool-fwmd10502fg\/may-giat-whirlpool-fwmd10502fg-5-1067x800.jpg\" alt=\"M\u00e1y gi\u1eb7t Whirlpool FWMD10502FG Supreme OxyCare 10.5kg x\u00e1m\" width=\"1020\" height=\"765\" title=\"\"><figcaption id=\"caption-attachment-56487\" class=\"wp-caption-text\">M\u00e1y gi\u1eb7t Whirlpool FWMD10502FG Supreme OxyCare 10.5kg x\u00e1m<\/figcaption><\/figure>\n<h3><strong>Gi\u1eb7t s\u1ea1ch v\u1ebft b\u1ea9n d\u1ec5 d\u00e0ng<\/strong><\/h3>\n<p>Ch\u01b0\u01a1ng tr\u00ecnh Gi\u1eb7t s\u1ea1ch V\u1ebft b\u1ea9n chuy\u00ean d\u1ee5ng c\u1ee7a ch\u00fang t\u00f4i \u0111\u01b0\u1ee3c thi\u1ebft k\u1ebf \u0111\u1ec3 lo\u1ea1i b\u1ecf hi\u1ec7u qu\u1ea3 l\u00ean \u0111\u1ebfn 25 v\u1ebft b\u1ea9n kh\u00f3 gi\u1eb7t trong m\u1ed9t l\u1ea7n gi\u1eb7t. Ngo\u00e0i ra, ch\u1ee9c n\u0103ng Gi\u1eb7t nhanh gi\u00fap nhanh ch\u00f3ng l\u00e0m s\u1ea1ch c\u00e1c v\u1ebft b\u1ea9n th\u00f4ng th\u01b0\u1eddng t\u1eeb r\u01b0\u1ee3u vang, th\u1ef1c ph\u1ea9m ho\u1eb7c m\u1ef9 ph\u1ea9m ch\u1ec9 trong v\u00f2ng 40 ph\u00fat *.<\/p>\n<p>C\u1ea3 hai t\u00f9y ch\u1ecdn gi\u1eb7t s\u1ea1ch v\u1ebft b\u1ea9n \u0111\u1ec1u s\u1eed d\u1ee5ng m\u1ef1c n\u01b0\u1edbc v\u00e0 nhi\u1ec7t \u0111\u1ed9, th\u1eddi gian gi\u1eb7t v\u00e0 x\u1ea3 c\u0169ng nh\u01b0 c\u00f4ng su\u1ea5t quay c\u1ee5 th\u1ec3 ph\u00f9 h\u1ee3p x\u1eed l\u00fd t\u1eebng lo\u1ea1i v\u1ebft b\u1ea9n. * D\u1ef1a tr\u00ean ch\u01b0\u01a1ng tr\u00ecnh Duvet v\u1edbi t\u00f9y ch\u1ecdn v\u1ebft b\u1ea9n r\u01b0\u1ee3u vang \u0111\u1ecf.<\/p>\n<figure id=\"attachment_56488\" aria-describedby=\"caption-attachment-56488\" style=\"width: 1020px\" class=\"wp-caption alignnone\"><img loading=\"lazy\" decoding=\"async\" class=\"size-large wp-image-56488\" src=\"https:\/\/livinghome.vn\/thiet-bi\/wp-content\/uploads\/nha-bep\/whirlpool\/may-giat-whirlpool\/may-giat-whirlpool-fwmd10502fg\/may-giat-whirlpool-fwmd10502fg-4-1067x800.jpg\" alt=\"M\u00e1y gi\u1eb7t Whirlpool FWMD10502FG Supreme OxyCare 10.5kg x\u00e1m\" width=\"1020\" height=\"765\" title=\"\"><figcaption id=\"caption-attachment-56488\" class=\"wp-caption-text\">M\u00e1y gi\u1eb7t Whirlpool FWMD10502FG Supreme OxyCare 10.5kg x\u00e1m<\/figcaption><\/figure>\n<h3><strong>Lo\u1ea1i b\u1ecf ch\u1ea5t g\u00e2y d\u1ecb \u1ee9ng v\u1edbi ch\u01b0\u01a1ng tr\u00ecnh Ch\u1ed1ng d\u1ecb \u1ee9ng<\/strong><\/h3>\n<p>\u0110\u01b0\u1ee3c l\u00e0m n\u00f3ng l\u00ean \u0111\u1ebfn 90 \u00b0 C, ch\u01b0\u01a1ng tr\u00ecnh Ch\u1ed1ng d\u1ecb \u1ee9ng \u0111\u01b0\u1ee3c thi\u1ebft k\u1ebf \u0111\u1ec3 lo\u1ea1i b\u1ecf c\u00e1c ch\u1ea5t g\u00e2y d\u1ecb \u1ee9ng v\u00e0 b\u1ee5i m\u1ecbn. \u0110\u1ea3m b\u1ea3o \u0111\u1ed3 gi\u1eb7t c\u1ee7a b\u1ea1n \u0111\u01b0\u1ee3c l\u00e0m s\u1ea1ch m\u1ed9t c\u00e1ch t\u1ef1 nhi\u00ean, ph\u00f9 h\u1ee3p ngay c\u1ea3 ng\u01b0\u1eddi c\u00f3 l\u00e0n da m\u1ecfng manh<\/p>\n<h3><strong>Gi\u1eb7t h\u00e0ng ng\u00e0y v\u1edbi kh\u1ed1i l\u01b0\u1ee3ng 7kg ch\u1ec9 trong 44 ph\u00fat<\/strong><\/h3>\n<p>B\u1ea1n \u0111ang c\u1ea7n gi\u1eb7t nhanh? Ch\u1ec9 c\u1ea7n s\u1eed d\u1ee5ng t\u00f9y ch\u1ecdn Gi\u1eb7t nhanh \u0111\u1ec3 gi\u1eb7t h\u00e0ng ng\u00e0y v\u1edbi kh\u1ed1i l\u01b0\u1ee3ng qu\u1ea7n \u00e1o 7kg ch\u1ec9 trong 44 ph\u00fat *.<br \/>\n* D\u1ef1a tr\u00ean ch\u01b0\u01a1ng tr\u00ecnh Gi\u1eb7t h\u1ed7n h\u1ee3p.<\/p>\n<div class=\"mceTemp\"><\/div>\n<figure id=\"attachment_56486\" aria-describedby=\"caption-attachment-56486\" style=\"width: 1020px\" class=\"wp-caption alignnone\"><img loading=\"lazy\" decoding=\"async\" class=\"size-large wp-image-56486\" src=\"https:\/\/livinghome.vn\/thiet-bi\/wp-content\/uploads\/nha-bep\/whirlpool\/may-giat-whirlpool\/may-giat-whirlpool-fwmd10502fg\/may-giat-whirlpool-fwmd10502fg-6-1070x800.jpg\" alt=\"M\u00e1y gi\u1eb7t Whirlpool FWMD10502FG Supreme OxyCare 10.5kg x\u00e1m\" width=\"1020\" height=\"763\" title=\"\"><figcaption id=\"caption-attachment-56486\" class=\"wp-caption-text\">M\u00e1y gi\u1eb7t Whirlpool FWMD10502FG Supreme OxyCare 10.5kg x\u00e1m<\/figcaption><\/figure>\n<h3><strong>Th\u00f4ng s\u1ed1 k\u1ef9 thu\u1eadt<\/strong><\/h3>\n<ul>\n<li>M\u00e0u <a href=\"https:\/\/livinghome.vn\/thiet-bi\/gia-dung-khac\/may-giat\/\">m\u00e1y gi\u1eb7t<\/a>: x\u00e1m<\/li>\n<li>\u0110\u1ed9ng c\u01a1: Truy\u1ec1n \u0111\u1ed9ng tr\u1ef1c ti\u1ebfp Zen Inverter<\/li>\n<li>C\u00f4ng su\u1ea5t gi\u1eb7t: 10,5kg<\/li>\n<li>T\u1ed1c \u0111\u1ed9 quay v\u1eaft t\u1ed1i \u0111a: 1400 v\u00f2ng \/ ph\u00fat<\/li>\n<li>Ph\u1ea1m vi nhi\u1ec7t \u0111\u1ed9 : 20 \u00b0 C &#8211; 90 \u00b0 C<\/li>\n<li>\u0110i\u1ec1u khi\u1ec3n: C\u1ea3m \u1ee9ng v\u00e0 n\u00fam v\u1eb7n t\u01b0\u01a1ng t\u00e1c<\/li>\n<li>K\u00edch th\u01b0\u1edbc s\u1ea3n ph\u1ea9m WxDxH: 595 x 605 x 845mm<\/li>\n<li>M\u00e0n h\u00ecnh: LED<\/li>\n<li>Kh\u00f3a tr\u1ebb em: c\u00f3<\/li>\n<li>Th\u1ec3 t\u00edch l\u1ed3ng gi\u1eb7t: 64L<\/li>\n<li>K\u00edch th\u01b0\u1edbc \u0111\u00f3ng th\u00f9ng WxDxH: 690 x 730 x 890mm<\/li>\n<li>Ch\u1ec9 b\u00e1o: Th\u1eddi gian c\u00f2n l\u1ea1i, t\u00f9y ch\u1ecdn \u0111\u01b0\u1ee3c ch\u1ecdn<\/li>\n<li>T\u00ednh n\u0103ng an to\u00e0n: Kh\u00f3a tr\u1ebb em, Kh\u00f3a c\u1eeda<\/li>\n<li>\u0110i\u1ec7n \u00e1p: 220-240 V<\/li>\n<li>T\u1ea7n s\u1ed1: 50 Hz<\/li>\n<li>K\u1ebft n\u1ed1i \u0111i\u1ec7n: 1800W<\/li>\n<li>Lo\u1ea1i ph\u00edch c\u1eafm: Lo\u1ea1i F<\/li>\n<li>Chi\u1ec1u d\u00e0i c\u1ee7a \u1ed1ng: \u0110\u1ea7u v\u00e0o 1100mm \/ \u0110\u1ea7u ra 1650mm<\/li>\n<li>Chi\u1ec1u d\u00e0i c\u1ee7a d\u00e2y: 2000mm<\/li>\n<li>T\u1ed5ng kh\u1ed1i l\u01b0\u1ee3ng (kg): 85<\/li>\n<li>Kh\u1ed1i l\u01b0\u1ee3ng t\u1ecbnh (kg): 79<\/li>\n<\/ul>\n<h3><strong>Ch\u01b0\u01a1ng tr\u00ecnh<\/strong><\/h3>\n<ul>\n<li>H\u1ed7n h\u1ee3p<\/li>\n<li>Nhanh<\/li>\n<li>Ch\u1ed1ng d\u1ecb \u1ee9ng<\/li>\n<li>Gi\u1eb7t s\u00e1t khu\u1ea9n<\/li>\n<li>Nh\u1eb9 nh\u00e0ng<\/li>\n<li>Ch\u0103n ga g\u1ed1i \u0111\u1ec7m<\/li>\n<li>Gi\u1eb7t h\u1ea5p<\/li>\n<li>Len<\/li>\n<li>Eco cotton<\/li>\n<li>V\u1ec7 sinh l\u1ed3ng gi\u1eb7t<\/li>\n<li>Quay v\u1eaft<\/li>\n<li>X\u1ea3 + quay v\u1eaft<\/li>\n<\/ul>\n<h3><strong>T\u00f9y ch\u1ecdn<\/strong><\/h3>\n<ul>\n<li>K\u00e9p<\/li>\n<li>Nhanh<\/li>\n<li>X\u1ea3<\/li>\n<li>Gi\u1eb7t s\u1ea1ch nhanh<\/li>\n<li>Gi\u1eb7t s\u1ea1ch<\/li>\n<li>Nhi\u1ec7t \u0111\u1ed9<\/li>\n<li>Tr\u00ec ho\u00e3n k\u1ebft th\u00fac<\/li>\n<li>T\u1ef1 \u0111\u1ed9ng kh\u1edfi \u0111\u1ed9ng<\/li>\n<li>Th\u00eam qu\u1ea7n \u00e1o<\/li>\n<\/ul>\n","protected":false},"excerpt":{"rendered":"<h2 style=\"text-align: left;\">M\u00e1y gi\u1eb7t Whirlpool FWMD10502FG<\/h2>\n<h3 style=\"text-align: left;\"><strong>Gi\u1eb7t k\u00e9p h\u01a1i n\u01b0\u1edbc v\u00e0 kh\u1eed ozon<\/strong><\/h3>\n<p style=\"text-align: left;\">Lo\u1ea1i b\u1ecf 99,99% vi khu\u1ea9n b\u1eb1ng c\u00f4ng ngh\u00ea h\u01a1i n\u01b0\u1edbc v\u00e0 ozone..<\/p>\n<h3 style=\"text-align: left;\"><strong>L\u00e0m m\u1edbi b\u1eb1ng h\u01a1i n\u01b0\u1edbc v\u00e0 kh\u1eed ozon<\/strong><\/h3>\n<p style=\"text-align: left;\">Kh\u1eed khu\u1ea9n m\u00e0 kh\u00f4ng c\u1ea7n gi\u1eb7t b\u1eb1ng n\u01b0\u1edbc..<\/p>\n<h3 style=\"text-align: left;\"><strong>\u0110\u1ed9ng c\u01a1 truy\u1ec1n \u0111\u1ed9ng tr\u1ef1c ti\u1ebfp ZEN<\/strong><\/h3>\n<p style=\"text-align: left;\">V\u1eadn h\u00e0nh \u00eam v\u00e0 t\u0129nh l\u1eb7ng, ti\u1ebft ki\u1ec7m \u0111i\u1ec7n n\u0103ng.<\/p>\n","protected":false},"featured_media":3224,"comment_status":"open","ping_status":"closed","template":"","meta":[],"product_brand":[],"product_cat":[213,940,380],"product_tag":[209,394,382],"class_list":{"0":"post-3072","1":"product","2":"type-product","3":"status-publish","4":"has-post-thumbnail","6":"product_cat-may-giat","7":"product_cat-may-giat-whirlpool","8":"product_cat-thuong-hieu-whirlpool","9":"product_tag-may-giat","10":"product_tag-may-giat-whirlpool","11":"product_tag-whirlpool","13":"first","14":"instock","15":"sale","16":"shipping-taxable","17":"purchasable","18":"product-type-simple"},"_links":{"self":[{"href":"https:\/\/livinghome.vn\/thiet-bi\/wp-json\/wp\/v2\/product\/3072","targetHints":{"allow":["GET"]}}],"collection":[{"href":"https:\/\/livinghome.vn\/thiet-bi\/wp-json\/wp\/v2\/product"}],"about":[{"href":"https:\/\/livinghome.vn\/thiet-bi\/wp-json\/wp\/v2\/types\/product"}],"replies":[{"embeddable":true,"href":"https:\/\/livinghome.vn\/thiet-bi\/wp-json\/wp\/v2\/comments?post=3072"}],"wp:featuredmedia":[{"embeddable":true,"href":"https:\/\/livinghome.vn\/thiet-bi\/wp-json\/wp\/v2\/media\/3224"}],"wp:attachment":[{"href":"https:\/\/livinghome.vn\/thiet-bi\/wp-json\/wp\/v2\/media?parent=3072"}],"wp:term":[{"taxonomy":"product_brand","embeddable":true,"href":"https:\/\/livinghome.vn\/thiet-bi\/wp-json\/wp\/v2\/product_brand?post=3072"},{"taxonomy":"product_cat","embeddable":true,"href":"https:\/\/livinghome.vn\/thiet-bi\/wp-json\/wp\/v2\/product_cat?post=3072"},{"taxonomy":"product_tag","embeddable":true,"href":"https:\/\/livinghome.vn\/thiet-bi\/wp-json\/wp\/v2\/product_tag?post=3072"}],"curies":[{"name":"wp","href":"https:\/\/api.w.org\/{rel}","templated":true}]}}