{"id":2909,"date":"2023-01-12T17:05:15","date_gmt":"2023-01-12T17:05:15","guid":{"rendered":"https:\/\/livinghome.vn\/thiet-bi\/?post_type=product&#038;p=2909"},"modified":"2025-07-24T00:46:37","modified_gmt":"2025-07-23T17:46:37","slug":"may-rua-chen-bat-tomate-tom-4303-w12-12-bo-doc-lap","status":"publish","type":"product","link":"https:\/\/livinghome.vn\/thiet-bi\/may-rua-chen-bat-tomate-tom-4303-w12-12-bo-doc-lap\/","title":{"rendered":"M\u00e1y R\u1eeda Ch\u00e9n B\u00e1t Tomate TOM 4303-W12, 12 B\u1ed9, \u0110\u1ed9c L\u1eadp"},"content":{"rendered":"<h2>M\u00e1y r\u1eeda ch\u00e9n Tomate Tom 4303-W12 12 b\u1ed9 ch\u00e9n b\u00e1t c\u00f3 g\u00ec n\u1ed5i b\u1eadt<\/h2>\n<figure id=\"attachment_44770\" aria-describedby=\"caption-attachment-44770\" style=\"width: 800px\" class=\"wp-caption alignnone\"><img loading=\"lazy\" decoding=\"async\" class=\"size-large wp-image-44770\" src=\"https:\/\/livinghome.vn\/thiet-bi\/wp-content\/uploads\/nha-bep\/tomate\/may-rua-chen\/may-rua-chen-doc-lap\/may-rua-chen-doc-lap-tomate-tom-4303-w12\/may-rua-chen-doc-lap-tomate-tom-4303-w12-4-800x800.jpg\" alt=\"M\u00e1y r\u1eeda ch\u00e9n Tomate Tom 4303-W12 12 b\u1ed9 ch\u00e9n b\u00e1t\" width=\"800\" height=\"800\" title=\"\"><figcaption id=\"caption-attachment-44770\" class=\"wp-caption-text\">Ki\u1ec3u d\u00e1ng: M\u00e1y r\u1eeda ch\u00e9n Tomate Tom 4303-W12 12 b\u1ed9 ch\u00e9n b\u00e1t<\/figcaption><\/figure>\n<h3><strong>Th\u00f4ng tin s\u1ea3n ph\u1ea9m<\/strong><\/h3>\n<ul>\n<li><a href=\"https:\/\/livinghome.vn\/thiet-bi\/may-rua-chen-bat\/\">M\u00e1y r\u1eeda ch\u00e9n b\u00e1t<\/a> TOM 4303-W12 c\u00f3 kh\u1ea3 n\u0103ng r\u1eeda \u0111\u01b0\u1ee3c 12 b\u1ed9 ch\u00e9n b\u00e1t, \u0111\u00e1p \u1ee9ng nhu c\u1ea7u s\u1eed d\u1ee5ng cho gia \u0111\u00ecnh t\u1eeb 4 \u0111\u1ebfn 10 th\u00e0nh vi\u00ean. Ti\u1ec7n \u00edch t\u1ef1 m\u1edf c\u1eeda sau khi r\u1eeda. Ho\u1ea1t \u0111\u1ed9ng \u00eam \u00e1i v\u00e0 ti\u1ebft ki\u1ec7m \u0111i\u1ec7n, n\u01b0\u1edbc. Thi\u1ebft k\u1ebf \u0111\u1eb9p, Inox ph\u1ed1i m\u00e0u b\u1ea1c sang tr\u1ecdng.<\/li>\n<li>S\u1ee9c ch\u1ee9a: 12 b\u1ed9 ch\u00e9n \u0111\u0129a, 03 ng\u0103n ch\u1ee9a<\/li>\n<li>T\u1ef1 \u0111\u1ed9ng m\u1edf c\u1eeda khi k\u1ebft th\u00fac ch\u01b0\u01a1ng tr\u00ecnh r\u1eeda<\/li>\n<li>6 ch\u01b0\u01a1ng tr\u00ecnh r\u1eeda<\/li>\n<li>M\u00e0n h\u00ecnh LED tr\u1eafng hi\u1ec3n th\u1ecb<\/li>\n<li>H\u1ec7 th\u1ed1ng \u0111i\u1ec1u khi\u1ec3n \u0111i\u1ec7n t\u1eed<\/li>\n<li>Th\u00e2n m\u00e1y b\u1eb1ng th\u00e9p kh\u00f4ng g\u1ec9 m\u1ea1 m\u00e0u b\u1ea1c (silver) sang tr\u1ecdng<\/li>\n<li>C\u1eeda l\u00e0m b\u1eb1ng th\u00e9p kh\u00f4ng g\u1ec9, ch\u1ed1ng d\u1ea5u v\u00e2n tay<\/li>\n<li>Kh\u00f3a ph\u00edm an to\u00e0n tr\u1ebb em<\/li>\n<li>\u0110i\u1ec1u ch\u1ec9nh khay r\u1eeda d\u1ec5 d\u00e0ng<\/li>\n<li>H\u1eb9n gi\u1edd kh\u1edfi \u0111\u1ed9ng 1-24 ti\u1ebfng<\/li>\n<li>Ch\u1ebf \u0111\u1ed9 s\u1ea5y t\u1ef1 \u0111\u1ed9ng.<\/li>\n<li>H\u1ec7 th\u1ed1ng ty phun c\u00f3 th\u1ec3 \u0111i\u1ec1u ch\u1ec9nh (tr\u00ean + d\u01b0\u1edbi)<\/li>\n<\/ul>\n<figure id=\"attachment_44769\" aria-describedby=\"caption-attachment-44769\" style=\"width: 800px\" class=\"wp-caption alignnone\"><img loading=\"lazy\" decoding=\"async\" class=\"size-large wp-image-44769\" src=\"https:\/\/livinghome.vn\/thiet-bi\/wp-content\/uploads\/nha-bep\/tomate\/may-rua-chen\/may-rua-chen-doc-lap\/may-rua-chen-doc-lap-tomate-tom-4303-w12\/may-rua-chen-doc-lap-tomate-tom-4303-w12-5-800x800.jpg\" alt=\"M\u00e1y r\u1eeda ch\u00e9n Tomate Tom 4303-W12 12 b\u1ed9 ch\u00e9n b\u00e1t\" width=\"800\" height=\"800\" title=\"\"><figcaption id=\"caption-attachment-44769\" class=\"wp-caption-text\">Ki\u1ec3u d\u00e1ng : M\u00e1y r\u1eeda ch\u00e9n Tomate Tom 4303-W12 12 b\u1ed9 ch\u00e9n b\u00e1t<\/figcaption><\/figure>\n<h3><strong>Th\u00f4ng s\u1ed1 k\u1ef9 thu\u1eadt:<\/strong><\/h3>\n<ul>\n<li>K\u00edch th\u01b0\u1edbc: W600 x D598 x H845mm<\/li>\n<li>\u0110i\u1ec7n \u00e1p: 220-240\/50Hz<\/li>\n<li>C\u00f4ng su\u1ea5t ti\u00eau th\u1ee5: 0.93 KWh\/ l\u1ea7n r\u1eeda<\/li>\n<li>\u0110\u1ed9 \u1ed3n: 49dB<\/li>\n<li>Hi\u1ec7u su\u1ea5t n\u0103ng l\u01b0\u1ee3ng: A++<\/li>\n<\/ul>\n<p>&nbsp;<\/p>\n<figure id=\"attachment_16468\" aria-describedby=\"caption-attachment-16468\" style=\"width: 1067px\" class=\"wp-caption alignnone\"><img loading=\"lazy\" decoding=\"async\" class=\"size-full wp-image-16468\" src=\"https:\/\/livinghome.vn\/thiet-bi\/wp-content\/uploads\/catalog-hang\/tomate\/catalog-tomate-07-2023-63.jpg\" alt=\"M\u00e1y R\u1eeda Ch\u00e9n Tomate Mang \u0110\u1ebfn S\u1ef1 Ti\u1ec7n L\u1ee3i Ti\u1ebft Ki\u1ec7m Th\u1eddi Gian v\u00e0 C\u00f4ng S\u1ee9c Cho Cu\u1ed9c S\u1ed1ng Hi\u1ec7n \u0110\u1ea1i\" width=\"1067\" height=\"1702\" title=\"\" srcset=\"https:\/\/livinghome.vn\/thiet-bi\/wp-content\/uploads\/catalog-hang\/tomate\/catalog-tomate-07-2023-63.jpg 1067w, https:\/\/livinghome.vn\/thiet-bi\/wp-content\/uploads\/catalog-hang\/tomate\/catalog-tomate-07-2023-63-600x957.jpg 600w, https:\/\/livinghome.vn\/thiet-bi\/wp-content\/uploads\/catalog-hang\/tomate\/catalog-tomate-07-2023-63-251x400.jpg 251w, https:\/\/livinghome.vn\/thiet-bi\/wp-content\/uploads\/catalog-hang\/tomate\/catalog-tomate-07-2023-63-502x800.jpg 502w, https:\/\/livinghome.vn\/thiet-bi\/wp-content\/uploads\/catalog-hang\/tomate\/catalog-tomate-07-2023-63-768x1225.jpg 768w, https:\/\/livinghome.vn\/thiet-bi\/wp-content\/uploads\/catalog-hang\/tomate\/catalog-tomate-07-2023-63-963x1536.jpg 963w\" sizes=\"auto, (max-width: 1067px) 100vw, 1067px\" \/><figcaption id=\"caption-attachment-16468\" class=\"wp-caption-text\">M\u00e1y R\u1eeda Ch\u00e9n Tomate Mang \u0110\u1ebfn S\u1ef1 Ti\u1ec7n L\u1ee3i Ti\u1ebft Ki\u1ec7m Th\u1eddi Gian v\u00e0 C\u00f4ng S\u1ee9c Cho Cu\u1ed9c S\u1ed1ng Hi\u1ec7n \u0110\u1ea1i<\/figcaption><\/figure>\n<figure id=\"attachment_16467\" aria-describedby=\"caption-attachment-16467\" style=\"width: 1067px\" class=\"wp-caption alignnone\"><img loading=\"lazy\" decoding=\"async\" class=\"size-full wp-image-16467\" src=\"https:\/\/livinghome.vn\/thiet-bi\/wp-content\/uploads\/catalog-hang\/tomate\/catalog-tomate-07-2023-64.jpg\" alt=\"C\u00e1c T\u00ednh N\u0103ng N\u1ed5i Tr\u1ecdi C\u1ee7a M\u00e1y R\u1eeda Ch\u00e9n B\u00e1t Tomate\" width=\"1067\" height=\"1702\" title=\"\" srcset=\"https:\/\/livinghome.vn\/thiet-bi\/wp-content\/uploads\/catalog-hang\/tomate\/catalog-tomate-07-2023-64.jpg 1067w, https:\/\/livinghome.vn\/thiet-bi\/wp-content\/uploads\/catalog-hang\/tomate\/catalog-tomate-07-2023-64-600x957.jpg 600w, https:\/\/livinghome.vn\/thiet-bi\/wp-content\/uploads\/catalog-hang\/tomate\/catalog-tomate-07-2023-64-251x400.jpg 251w, https:\/\/livinghome.vn\/thiet-bi\/wp-content\/uploads\/catalog-hang\/tomate\/catalog-tomate-07-2023-64-502x800.jpg 502w, https:\/\/livinghome.vn\/thiet-bi\/wp-content\/uploads\/catalog-hang\/tomate\/catalog-tomate-07-2023-64-768x1225.jpg 768w, https:\/\/livinghome.vn\/thiet-bi\/wp-content\/uploads\/catalog-hang\/tomate\/catalog-tomate-07-2023-64-963x1536.jpg 963w\" sizes=\"auto, (max-width: 1067px) 100vw, 1067px\" \/><figcaption id=\"caption-attachment-16467\" class=\"wp-caption-text\">C\u00e1c T\u00ednh N\u0103ng N\u1ed5i Tr\u1ecdi C\u1ee7a M\u00e1y R\u1eeda Ch\u00e9n B\u00e1t Tomate<\/figcaption><\/figure>\n","protected":false},"excerpt":{"rendered":"<p>S\u1ee9c ch\u1ee9a: 12 b\u1ed9 ch\u00e9n \u0111\u0129a, 03 ng\u0103n ch\u1ee9a<\/p>\n<p>6 ch\u01b0\u01a1ng tr\u00ecnh r\u1eeda<\/p>\n<p>K\u00edch th\u01b0\u1edbc: W600 x D598 x H845mm<\/p>\n<p>\u0110i\u1ec7n \u00e1p: 220-240\/50Hz<\/p>\n<p>C\u00f4ng su\u1ea5t ti\u00eau th\u1ee5: 0.93 KWh\/ l\u1ea7n r\u1eeda<\/p>\n<p>Kh\u00f3a ph\u00edm an to\u00e0n tr\u1ebb em<\/p>\n<p>&nbsp;<\/p>\n","protected":false},"featured_media":16408,"comment_status":"open","ping_status":"closed","template":"","meta":[],"product_brand":[],"product_cat":[611,92,820,867,826,364],"product_tag":[480,205,371,372],"class_list":{"0":"post-2909","1":"product","2":"type-product","3":"status-publish","4":"has-post-thumbnail","6":"product_cat-may-rua-chen-bat-tomate","7":"product_cat-may-rua-chen-bat","8":"product_cat-may-rua-chen-bat-12-bo","9":"product_cat-may-rua-chen-bat-chau-au","10":"product_cat-may-rua-chen-bat-doc-lap","11":"product_cat-thuong-hieu-tomate","12":"product_tag-may-rua-chen-12-bo","13":"product_tag-may-rua-chen-doc-lap","14":"product_tag-may-rua-chen-tomate","15":"product_tag-tomate","17":"first","18":"instock","19":"sale","20":"shipping-taxable","21":"purchasable","22":"product-type-simple"},"_links":{"self":[{"href":"https:\/\/livinghome.vn\/thiet-bi\/wp-json\/wp\/v2\/product\/2909","targetHints":{"allow":["GET"]}}],"collection":[{"href":"https:\/\/livinghome.vn\/thiet-bi\/wp-json\/wp\/v2\/product"}],"about":[{"href":"https:\/\/livinghome.vn\/thiet-bi\/wp-json\/wp\/v2\/types\/product"}],"replies":[{"embeddable":true,"href":"https:\/\/livinghome.vn\/thiet-bi\/wp-json\/wp\/v2\/comments?post=2909"}],"wp:featuredmedia":[{"embeddable":true,"href":"https:\/\/livinghome.vn\/thiet-bi\/wp-json\/wp\/v2\/media\/16408"}],"wp:attachment":[{"href":"https:\/\/livinghome.vn\/thiet-bi\/wp-json\/wp\/v2\/media?parent=2909"}],"wp:term":[{"taxonomy":"product_brand","embeddable":true,"href":"https:\/\/livinghome.vn\/thiet-bi\/wp-json\/wp\/v2\/product_brand?post=2909"},{"taxonomy":"product_cat","embeddable":true,"href":"https:\/\/livinghome.vn\/thiet-bi\/wp-json\/wp\/v2\/product_cat?post=2909"},{"taxonomy":"product_tag","embeddable":true,"href":"https:\/\/livinghome.vn\/thiet-bi\/wp-json\/wp\/v2\/product_tag?post=2909"}],"curies":[{"name":"wp","href":"https:\/\/api.w.org\/{rel}","templated":true}]}}