{"id":2891,"date":"2023-01-12T17:04:47","date_gmt":"2023-01-12T17:04:47","guid":{"rendered":"https:\/\/livinghome.vn\/thiet-bi\/?post_type=product&#038;p=2891"},"modified":"2025-07-24T00:45:06","modified_gmt":"2025-07-23T17:45:06","slug":"may-rua-chen-tomate-tom-4301-w08-8-bo-mini-doc-lap","status":"publish","type":"product","link":"https:\/\/livinghome.vn\/thiet-bi\/may-rua-chen-tomate-tom-4301-w08-8-bo-mini-doc-lap\/","title":{"rendered":"M\u00e1y R\u1eeda Ch\u00e9n Tomate TOM 4301-W08, 8 B\u1ed9, Mini \u0110\u1ed9c L\u1eadp"},"content":{"rendered":"<h2>M\u00e1y r\u1eeda ch\u00e9n Tomate Tom 4301-W08, G\u1ecdn Nh\u1eb9, R\u1eeda S\u1ea1ch M\u1ecdi V\u1ebft B\u1ea9n<\/h2>\n<ul>\n<li>L\u00e0 d\u00f2ng m\u00e1y r\u1eeda b\u00e1t nh\u1ecf g\u1ecdn cho 8 b\u1ed9 ch\u00e9n \u0111\u0129a c\u00f3 k\u00edch th\u01b0\u1edbc nh\u1ecf ph\u00f9 h\u1ee3p v\u1edbi \u0111a s\u1ed1 nhu c\u1ea7u s\u1eed d\u1ee5ng c\u1ee7a ng\u01b0\u1eddi d\u00f9ng.<\/li>\n<li>\u0110\u1eb7c bi\u1ec7t v\u1edbi nh\u1eefng nh\u00e0 c\u00f3 di\u1ec7n t\u00edch b\u1ebfp nh\u1ecf, c\u00f3 th\u1ec3 l\u1eafp \u00e2m t\u1ee7 nh\u01b0 l\u00f2 n\u01b0\u1edbng.<\/li>\n<li>M\u00e1y r\u1eeda ch\u00e9n Tomate TOM 4301-W08 r\u1eeda \u0111\u01b0\u1ee3c 8 b\u1ed9 b\u00e1t \u0111\u0129a theo phong c\u00e1ch \u0103n c\u1ee7a ch\u00e2u \u00c2u t\u01b0\u01a1ng \u0111\u01b0\u01a1ng v\u1edbi 25 chi\u1ebfc b\u00e1t, \u0111\u0129a c\u1ee7a ng\u01b0\u1eddi Vi\u1ec7t.<\/li>\n<\/ul>\n<figure id=\"attachment_44762\" aria-describedby=\"caption-attachment-44762\" style=\"width: 800px\" class=\"wp-caption alignnone\"><img loading=\"lazy\" decoding=\"async\" class=\"size-large wp-image-44762\" src=\"https:\/\/livinghome.vn\/thiet-bi\/wp-content\/uploads\/nha-bep\/tomate\/may-rua-chen\/may-rua-chen-doc-lap\/may-rua-chen-doc-lap-tomate-tom-4301-w08\/may-rua-chen-doc-lap-tomate-tom-4301-w08-3-800x800.jpg\" alt=\" M\u00e1y r\u1eeda ch\u00e9n Tomate Tom 4301-W08 8 b\u1ed9 ch\u00e9n d\u0129a\" width=\"800\" height=\"800\" title=\"\"><figcaption id=\"caption-attachment-44762\" class=\"wp-caption-text\">M\u00e1y r\u1eeda ch\u00e9n Tomate Tom 4301-W08 8 b\u1ed9 g\u1ecdn x\u1ecbnh tr\u00ean k\u1ec7 nh\u00e0 b\u1ea1n<\/figcaption><\/figure>\n<h3>Th\u00f4ng tin s\u1ea3n ph\u1ea9m<\/h3>\n<ul>\n<li>Ph\u00e2n lo\u1ea1i : <a href=\"https:\/\/livinghome.vn\/thiet-bi\/may-rua-chen-bat\/\">M\u00e1y r\u1eeda ch\u00e9n<\/a> \u0111\u1ed9c l\u1eadp, \u0111\u1ec3 b\u00e0n linh ho\u1ea1t nhi\u1ec1u kh\u00f4ng gian<\/li>\n<li>C\u1eeda, th\u00e2n m\u00e1y b\u1eb1ng th\u00e9p kh\u00f4ng g\u1ec9 m\u1ea1 m\u00e0u b\u1ea1c (silver) sang tr\u1ecdng<\/li>\n<li>Kh\u00f3a ph\u00edm an to\u00e0n tr\u1ebb em<\/li>\n<li>\u0110i\u1ec1u ch\u1ec9nh khay r\u1eeda d\u1ec5 d\u00e0ng<\/li>\n<li>H\u1eb9n gi\u1edd kh\u1edfi \u0111\u1ed9ng 1-24 ti\u1ebfng<\/li>\n<li>Ch\u1ebf \u0111\u1ed9 s\u1ea5y t\u1ef1 \u0111\u1ed9ng<\/li>\n<li>H\u1ec7 th\u1ed1ng tay phun c\u00f3 th\u1ec3 \u0111i\u1ec1u ch\u1ec9nh<\/li>\n<li>S\u1ee9c ch\u1ee9a:\u00a0<strong>8 b\u1ed9 ch\u00e9n \u0111\u0129a, 02 ng\u0103n ch\u1ee9a<\/strong><\/li>\n<li>6 ch\u01b0\u01a1ng tr\u00ecnh r\u1eeda<\/li>\n<li>M\u00e0n h\u00ecnh LED tr\u1eafng hi\u1ec3n th\u1ecb<\/li>\n<li>H\u1ec7 th\u1ed1ng \u0111i\u1ec1u khi\u1ec3n \u0111i\u1ec7n t\u1eed<\/li>\n<li>S\u1ea3n xu\u1ea5t theo ti\u00eau chu\u1ea9n thi\u1ebft k\u1ebf v\u00e0 \u1ee7y quy\u1ec1n c\u1ee7a TOMATE Electrodom\u00e9sticos T\u00e2y Ban Nha.<\/li>\n<\/ul>\n<figure id=\"attachment_44765\" aria-describedby=\"caption-attachment-44765\" style=\"width: 800px\" class=\"wp-caption alignnone\"><img loading=\"lazy\" decoding=\"async\" class=\"size-large wp-image-44765\" src=\"https:\/\/livinghome.vn\/thiet-bi\/wp-content\/uploads\/nha-bep\/tomate\/may-rua-chen\/may-rua-chen-doc-lap\/may-rua-chen-doc-lap-tomate-tom-4301-w08\/may-rua-chen-doc-lap-tomate-tom-4301-w08-4-800x800.jpg\" alt=\" M\u00e1y r\u1eeda ch\u00e9n Tomate Tom 4301-W08 8 b\u1ed9 ch\u00e9n d\u0129a\" width=\"800\" height=\"800\" title=\"\"><figcaption id=\"caption-attachment-44765\" class=\"wp-caption-text\">Ki\u1ec3u d\u00e1ng: M\u00e1y r\u1eeda ch\u00e9n Tomate Tom 4301-W08 8 b\u1ed9, phong c\u00e1ch Ch\u00e2u \u00c2u<\/figcaption><\/figure>\n<h3>Th\u00f4ng s\u1ed1 k\u1ef9 thu\u1eadt<\/h3>\n<ul>\n<li>K\u00edch th\u01b0\u1edbc: W550 x D500 x H595mm<\/li>\n<li>\u0110i\u1ec7n \u00e1p: 220-240\/50Hz<\/li>\n<li>C\u00f4ng su\u1ea5t ti\u00eau th\u1ee5: 0.65Kwh\/ l\u1ea7n r\u1eeda<\/li>\n<li>\u0110\u1ed9 \u1ed3n: 49Db<\/li>\n<li>Hi\u1ec7u su\u1ea5t n\u0103ng l\u01b0\u1ee3ng: A++<\/li>\n<\/ul>\n<h2>Th\u00f4ng Tin Ch\u00ednh H\u00e3ng M\u00e1y R\u1eeda Ch\u00e9n Tomate TOM 4301 &#8211; W08<\/h2>\n<figure id=\"attachment_16462\" aria-describedby=\"caption-attachment-16462\" style=\"width: 1067px\" class=\"wp-caption alignnone\"><img loading=\"lazy\" decoding=\"async\" class=\"size-full wp-image-16462\" src=\"https:\/\/livinghome.vn\/thiet-bi\/wp-content\/uploads\/catalog-hang\/tomate\/catalog-tomate-07-2023-69.jpg\" alt=\"M\u00e1y R\u1eeda Ch\u00e9n Tomate TOM 4301-W08, 8 B\u1ed9, 6 Ch\u01b0\u01a1ng Tr\u00ecnh\" width=\"1067\" height=\"1702\" title=\"\" srcset=\"https:\/\/livinghome.vn\/thiet-bi\/wp-content\/uploads\/catalog-hang\/tomate\/catalog-tomate-07-2023-69.jpg 1067w, https:\/\/livinghome.vn\/thiet-bi\/wp-content\/uploads\/catalog-hang\/tomate\/catalog-tomate-07-2023-69-600x957.jpg 600w, https:\/\/livinghome.vn\/thiet-bi\/wp-content\/uploads\/catalog-hang\/tomate\/catalog-tomate-07-2023-69-251x400.jpg 251w, https:\/\/livinghome.vn\/thiet-bi\/wp-content\/uploads\/catalog-hang\/tomate\/catalog-tomate-07-2023-69-502x800.jpg 502w, https:\/\/livinghome.vn\/thiet-bi\/wp-content\/uploads\/catalog-hang\/tomate\/catalog-tomate-07-2023-69-768x1225.jpg 768w, https:\/\/livinghome.vn\/thiet-bi\/wp-content\/uploads\/catalog-hang\/tomate\/catalog-tomate-07-2023-69-963x1536.jpg 963w\" sizes=\"auto, (max-width: 1067px) 100vw, 1067px\" \/><figcaption id=\"caption-attachment-16462\" class=\"wp-caption-text\">M\u00e1y R\u1eeda Ch\u00e9n Tomate TOM 4301-W08, 8 B\u1ed9, 6 Ch\u01b0\u01a1ng Tr\u00ecnh<\/figcaption><\/figure>\n<figure id=\"attachment_16469\" aria-describedby=\"caption-attachment-16469\" style=\"width: 1067px\" class=\"wp-caption alignnone\"><img loading=\"lazy\" decoding=\"async\" class=\"size-full wp-image-16469\" src=\"https:\/\/livinghome.vn\/thiet-bi\/wp-content\/uploads\/catalog-hang\/tomate\/catalog-tomate-07-2023-62.jpg\" alt=\"M\u00e1y R\u1eeda Ch\u00e9n Tomate Nh\u1eadp Kh\u1ea9u Ch\u00ednh H\u00e3ng\" width=\"1067\" height=\"1702\" title=\"\" srcset=\"https:\/\/livinghome.vn\/thiet-bi\/wp-content\/uploads\/catalog-hang\/tomate\/catalog-tomate-07-2023-62.jpg 1067w, https:\/\/livinghome.vn\/thiet-bi\/wp-content\/uploads\/catalog-hang\/tomate\/catalog-tomate-07-2023-62-600x957.jpg 600w, https:\/\/livinghome.vn\/thiet-bi\/wp-content\/uploads\/catalog-hang\/tomate\/catalog-tomate-07-2023-62-251x400.jpg 251w, https:\/\/livinghome.vn\/thiet-bi\/wp-content\/uploads\/catalog-hang\/tomate\/catalog-tomate-07-2023-62-502x800.jpg 502w, https:\/\/livinghome.vn\/thiet-bi\/wp-content\/uploads\/catalog-hang\/tomate\/catalog-tomate-07-2023-62-768x1225.jpg 768w, https:\/\/livinghome.vn\/thiet-bi\/wp-content\/uploads\/catalog-hang\/tomate\/catalog-tomate-07-2023-62-963x1536.jpg 963w\" sizes=\"auto, (max-width: 1067px) 100vw, 1067px\" \/><figcaption id=\"caption-attachment-16469\" class=\"wp-caption-text\">M\u00e1y R\u1eeda Ch\u00e9n Tomate Nh\u1eadp Kh\u1ea9u Ch\u00ednh H\u00e3ng<\/figcaption><\/figure>\n<p>&nbsp;<\/p>\n<figure id=\"attachment_16468\" aria-describedby=\"caption-attachment-16468\" style=\"width: 1067px\" class=\"wp-caption alignnone\"><img loading=\"lazy\" decoding=\"async\" class=\"size-full wp-image-16468\" src=\"https:\/\/livinghome.vn\/thiet-bi\/wp-content\/uploads\/catalog-hang\/tomate\/catalog-tomate-07-2023-63.jpg\" alt=\"M\u00e1y R\u1eeda Ch\u00e9n Tomate Mang \u0110\u1ebfn S\u1ef1 Ti\u1ec7n L\u1ee3i Ti\u1ebft Ki\u1ec7m Th\u1eddi Gian v\u00e0 C\u00f4ng S\u1ee9c Cho Cu\u1ed9c S\u1ed1ng Hi\u1ec7n \u0110\u1ea1i\" width=\"1067\" height=\"1702\" title=\"\" srcset=\"https:\/\/livinghome.vn\/thiet-bi\/wp-content\/uploads\/catalog-hang\/tomate\/catalog-tomate-07-2023-63.jpg 1067w, https:\/\/livinghome.vn\/thiet-bi\/wp-content\/uploads\/catalog-hang\/tomate\/catalog-tomate-07-2023-63-600x957.jpg 600w, https:\/\/livinghome.vn\/thiet-bi\/wp-content\/uploads\/catalog-hang\/tomate\/catalog-tomate-07-2023-63-251x400.jpg 251w, https:\/\/livinghome.vn\/thiet-bi\/wp-content\/uploads\/catalog-hang\/tomate\/catalog-tomate-07-2023-63-502x800.jpg 502w, https:\/\/livinghome.vn\/thiet-bi\/wp-content\/uploads\/catalog-hang\/tomate\/catalog-tomate-07-2023-63-768x1225.jpg 768w, https:\/\/livinghome.vn\/thiet-bi\/wp-content\/uploads\/catalog-hang\/tomate\/catalog-tomate-07-2023-63-963x1536.jpg 963w\" sizes=\"auto, (max-width: 1067px) 100vw, 1067px\" \/><figcaption id=\"caption-attachment-16468\" class=\"wp-caption-text\">M\u00e1y R\u1eeda Ch\u00e9n Tomate Mang \u0110\u1ebfn S\u1ef1 Ti\u1ec7n L\u1ee3i Ti\u1ebft Ki\u1ec7m Th\u1eddi Gian v\u00e0 C\u00f4ng S\u1ee9c Cho Cu\u1ed9c S\u1ed1ng Hi\u1ec7n \u0110\u1ea1i<\/figcaption><\/figure>\n<figure id=\"attachment_16467\" aria-describedby=\"caption-attachment-16467\" style=\"width: 1067px\" class=\"wp-caption alignnone\"><img loading=\"lazy\" decoding=\"async\" class=\"size-full wp-image-16467\" src=\"https:\/\/livinghome.vn\/thiet-bi\/wp-content\/uploads\/catalog-hang\/tomate\/catalog-tomate-07-2023-64.jpg\" alt=\"C\u00e1c T\u00ednh N\u0103ng N\u1ed5i Tr\u1ecdi C\u1ee7a M\u00e1y R\u1eeda Ch\u00e9n B\u00e1t Tomate\" width=\"1067\" height=\"1702\" title=\"\" srcset=\"https:\/\/livinghome.vn\/thiet-bi\/wp-content\/uploads\/catalog-hang\/tomate\/catalog-tomate-07-2023-64.jpg 1067w, https:\/\/livinghome.vn\/thiet-bi\/wp-content\/uploads\/catalog-hang\/tomate\/catalog-tomate-07-2023-64-600x957.jpg 600w, https:\/\/livinghome.vn\/thiet-bi\/wp-content\/uploads\/catalog-hang\/tomate\/catalog-tomate-07-2023-64-251x400.jpg 251w, https:\/\/livinghome.vn\/thiet-bi\/wp-content\/uploads\/catalog-hang\/tomate\/catalog-tomate-07-2023-64-502x800.jpg 502w, https:\/\/livinghome.vn\/thiet-bi\/wp-content\/uploads\/catalog-hang\/tomate\/catalog-tomate-07-2023-64-768x1225.jpg 768w, https:\/\/livinghome.vn\/thiet-bi\/wp-content\/uploads\/catalog-hang\/tomate\/catalog-tomate-07-2023-64-963x1536.jpg 963w\" sizes=\"auto, (max-width: 1067px) 100vw, 1067px\" \/><figcaption id=\"caption-attachment-16467\" class=\"wp-caption-text\">C\u00e1c T\u00ednh N\u0103ng N\u1ed5i Tr\u1ecdi C\u1ee7a M\u00e1y R\u1eeda Ch\u00e9n B\u00e1t Tomate<\/figcaption><\/figure>\n","protected":false},"excerpt":{"rendered":"<p>&nbsp;<\/p>\n<ul>\n<li>S\u1ee9c ch\u1ee9a:\u00a0<strong>8 b\u1ed9 ch\u00e9n \u0111\u0129a, 02 ng\u0103n ch\u1ee9a<\/strong><\/li>\n<li>6 ch\u01b0\u01a1ng tr\u00ecnh r\u1eeda<\/li>\n<li>K\u00edch th\u01b0\u1edbc: W550 x D500 x H595mm<\/li>\n<li>\u0110i\u1ec7n \u00e1p: 220-240\/50Hz<\/li>\n<li>C\u00f4ng su\u1ea5t ti\u00eau th\u1ee5: 0.65Kwh\/ l\u1ea7n r\u1eeda<\/li>\n<li>\u0110\u1ed9 \u1ed3n: 49Db<\/li>\n<\/ul>\n","protected":false},"featured_media":16410,"comment_status":"open","ping_status":"closed","template":"","meta":[],"product_brand":[],"product_cat":[611,92,819,827,826,817,364],"product_tag":[763,765,764,762,372],"class_list":{"0":"post-2891","1":"product","2":"type-product","3":"status-publish","4":"has-post-thumbnail","6":"product_cat-may-rua-chen-bat-tomate","7":"product_cat-may-rua-chen-bat","8":"product_cat-may-rua-chen-bat-6-bo","9":"product_cat-may-rua-chen-bat-ban-am","10":"product_cat-may-rua-chen-bat-doc-lap","11":"product_cat-may-rua-chen-bat-mini","12":"product_cat-thuong-hieu-tomate","13":"product_tag-may-rua-chen-ban-mini","14":"product_tag-may-rua-chen-bat-8-bo","15":"product_tag-may-rua-chen-bat-de-ban","16":"product_tag-may-rua-chen-bat-doc-lap","17":"product_tag-tomate","19":"first","20":"instock","21":"sale","22":"shipping-taxable","23":"purchasable","24":"product-type-simple"},"_links":{"self":[{"href":"https:\/\/livinghome.vn\/thiet-bi\/wp-json\/wp\/v2\/product\/2891","targetHints":{"allow":["GET"]}}],"collection":[{"href":"https:\/\/livinghome.vn\/thiet-bi\/wp-json\/wp\/v2\/product"}],"about":[{"href":"https:\/\/livinghome.vn\/thiet-bi\/wp-json\/wp\/v2\/types\/product"}],"replies":[{"embeddable":true,"href":"https:\/\/livinghome.vn\/thiet-bi\/wp-json\/wp\/v2\/comments?post=2891"}],"wp:featuredmedia":[{"embeddable":true,"href":"https:\/\/livinghome.vn\/thiet-bi\/wp-json\/wp\/v2\/media\/16410"}],"wp:attachment":[{"href":"https:\/\/livinghome.vn\/thiet-bi\/wp-json\/wp\/v2\/media?parent=2891"}],"wp:term":[{"taxonomy":"product_brand","embeddable":true,"href":"https:\/\/livinghome.vn\/thiet-bi\/wp-json\/wp\/v2\/product_brand?post=2891"},{"taxonomy":"product_cat","embeddable":true,"href":"https:\/\/livinghome.vn\/thiet-bi\/wp-json\/wp\/v2\/product_cat?post=2891"},{"taxonomy":"product_tag","embeddable":true,"href":"https:\/\/livinghome.vn\/thiet-bi\/wp-json\/wp\/v2\/product_tag?post=2891"}],"curies":[{"name":"wp","href":"https:\/\/api.w.org\/{rel}","templated":true}]}}