{"id":289,"date":"2023-01-12T10:05:52","date_gmt":"2023-01-12T10:05:52","guid":{"rendered":"https:\/\/livinghome.vn\/thiet-bi\/?post_type=product&#038;p=289"},"modified":"2024-11-29T14:21:07","modified_gmt":"2024-11-29T07:21:07","slug":"bep-tu-dmestik-ml-288-dki-73cm-2-tu-mat-kinh-kanger","status":"publish","type":"product","link":"https:\/\/livinghome.vn\/thiet-bi\/bep-tu-dmestik-ml-288-dki-73cm-2-tu-mat-kinh-kanger\/","title":{"rendered":"B\u1ebfp T\u1eeb Dmestik ML 288 DKI, 73cm, 2 T\u1eeb, M\u1eb7t K\u00ednh Kanger"},"content":{"rendered":"<h2>B\u1ebfp t\u1eeb Dmestik ML288 DKI &#8211; Made in Malaysia<\/h2>\n<p>M\u1eb7t k\u00ednh Kanger, 9 m\u1ee9c \u0111i\u1ec1u ch\u1ec9nh nhi\u1ec7t cao c\u1ea5p \u0111\u01b0\u1ee3c nh\u1eadp kh\u1ea9u nguy\u00ean chi\u1ebfc t\u1ea1i Malaysia<\/p>\n<figure id=\"attachment_16967\" aria-describedby=\"caption-attachment-16967\" style=\"width: 1200px\" class=\"wp-caption alignnone\"><img loading=\"lazy\" decoding=\"async\" class=\"size-full wp-image-16967\" src=\"https:\/\/livinghome.vn\/thiet-bi\/wp-content\/uploads\/san-pham\/bep-tu\/bep-tu-dmestik\/dmestik-ml-288-dki-1.jpg\" alt=\"B\u1ebfp T\u1eeb Dmestik ML 288 DKI, 73cm, 2 T\u1eeb, M\u1eb7t K\u00ednh Kanger\" width=\"1200\" height=\"800\" title=\"\" srcset=\"https:\/\/livinghome.vn\/thiet-bi\/wp-content\/uploads\/san-pham\/bep-tu\/bep-tu-dmestik\/dmestik-ml-288-dki-1.jpg 1200w, https:\/\/livinghome.vn\/thiet-bi\/wp-content\/uploads\/san-pham\/bep-tu\/bep-tu-dmestik\/dmestik-ml-288-dki-1-600x400.jpg 600w, https:\/\/livinghome.vn\/thiet-bi\/wp-content\/uploads\/san-pham\/bep-tu\/bep-tu-dmestik\/dmestik-ml-288-dki-1-768x512.jpg 768w\" sizes=\"auto, (max-width: 1200px) 100vw, 1200px\" \/><figcaption id=\"caption-attachment-16967\" class=\"wp-caption-text\">B\u1ebfp T\u1eeb Dmestik ML 288 DKI, 73cm, 2 T\u1eeb, M\u1eb7t K\u00ednh Kanger<\/figcaption><\/figure>\n<h3>Gi\u1eddi thi\u1ec7u s\u1ea3n ph\u1ea9m<\/h3>\n<ul>\n<li><a href=\"https:\/\/livinghome.vn\/thiet-bi\/bep-tu\/\">B\u1ebfp t\u1eeb<\/a> Dmestik ML288 DKI c\u00f3 02 v\u00f9ng n\u1ea5u t\u1eeb<\/li>\n<li>M\u1eb7t k\u00ednh Kanger ch\u1ecbu l\u1ef1c, ch\u1ecbu nhi\u1ec7t, ch\u1ed1ng tr\u1ea7y x\u01b0\u1edbc cao<\/li>\n<li>Thi\u1ebft k\u1ebf v\u00e1t 4 c\u1ea1nh<\/li>\n<li>B\u1ea3ng \u0111i\u1ec1u khi\u1ec3n c\u1ea3m \u1ee9ng d\u1ea1ng tr\u01b0\u1ee3t \u201cSlide\u201d<\/li>\n<li>09 m\u1ee9c \u0111i\u1ec1u ch\u1ec9nh nhi\u1ec7t \u0111\u1ed9 tr\u00ean m\u1ed7i v\u00f9ng n\u1ea5u + \u201cBooster\u201d (n\u1ea5u si\u00eau nhanh)<\/li>\n<li>T\u00ednh n\u0103ng t\u1ef1 \u0111\u1ed9ng nh\u1eadn di\u1ec7n n\u1ed3i v\u00e0 k\u00edch c\u1ee1 n\u1ed3i t\u1eeb<\/li>\n<li>T\u00ednh n\u0103ng chi\u00ean, x\u00e0o th\u00f4ng minh<\/li>\n<li>Ch\u1ee9c n\u0103ng ch\u1ed1ng tr\u00e0o<\/li>\n<li>Ch\u1ee9c n\u0103ng t\u1ea1m d\u1eebng \u201cPause\u201d<\/li>\n<li>Ch\u1ee9c n\u0103ng \u1ee7 \u1ea5m<\/li>\n<li>Ch\u1ee9c n\u0103ng h\u1eb9n gi\u1edd n\u1ea5u tr\u00ean t\u1eebng b\u1ebfp<\/li>\n<li>C\u00f4ng ngh\u1ec7 Inverter ti\u1ebft ki\u1ec7m \u0111i\u1ec7n<\/li>\n<li>C\u1ea3nh b\u00e1o nhi\u1ec7t d\u01b0 tr\u00ean m\u1eb7t b\u1ebfp sau n\u1ea5u<\/li>\n<li>Kh\u00f3a an to\u00e0n cho tr\u1ebb em<\/li>\n<\/ul>\n<p>B\u1ebfp c\u00f3 b\u1ea3n \u0111i\u1ec1u khi\u1ec3n b\u00e0n ph\u00edm c\u1ea3m \u1ee9ng d\u1ea1ng tr\u01b0\u1ee3t Slider r\u1ea5t th\u00f4ng minh hi\u1ec7n \u0111\u1ea1i th\u00e2n thi\u1ec7n v\u1edbi ng\u01b0\u1eddi d\u00f9ng r\u1ea5t d\u1ec5 s\u1eed d\u1ee5ng. B\u1ebfp c\u00f2n c\u00f3 nh\u1eefng ch\u1ee9c n\u0103ng th\u00f4ng minh nh\u01b0 t\u1ef1 \u0111\u1ed9ng t\u1eaft b\u1ebfp khi ngu\u1ed3n \u0111i\u1ec7n cung c\u1ea5p cho b\u1ebfp kh\u00f4ng \u1ed5n \u0111\u1ecbnh \u0111\u1ea3m b\u1ea3o an to\u00e0n cho ng\u01b0\u1eddi s\u1eed d\u1ee5ng.<\/p>\n<h3>Th\u00f4ng s\u1ed1 k\u1ef9 thu\u1eadt<\/h3>\n<ul>\n<li>K\u00edch th\u01b0\u1edbc b\u1ec1 m\u1eb7t: 730mm x 430mm<\/li>\n<li>K\u00edch th\u01b0\u1edbc kho\u00e9t \u0111\u00e1: 680mm x 380mm<\/li>\n<li>T\u1ed5ng c\u00f4ng xu\u1ea5t t\u1ed1i \u0111a: 4.8kw<\/li>\n<li>B\u1ebfp tr\u00e1i: 2.0kw, booster 2.4kw.\u00a0\u00a0\u00d8220<\/li>\n<li>B\u1ebfp ph\u1ea3i: 2.0kw, booster 2.4kw.\u00a0\u00a0\u00d8220<\/li>\n<li>V\u00f9ng n\u1ea5u: 2 t\u1eeb<\/li>\n<li>Xu\u1ea5t x\u1ee9: Malaysia<\/li>\n<li>B\u1ea3o h\u00e0nh: ch\u00ednh h\u00e3ng 3 n\u0103m<\/li>\n<\/ul>\n","protected":false},"excerpt":{"rendered":"<p>09 m\u1ee9c \u0111i\u1ec1u ch\u1ec9nh nhi\u1ec7t \u0111\u1ed9 tr\u00ean m\u1ed7i v\u00f9ng n\u1ea5u + \u201cBooster\u201d (n\u1ea5u si\u00eau nhanh).<\/p>\n<p>C\u1ea3nh b\u00e1o nhi\u1ec7t d\u01b0 tr\u00ean m\u1eb7t b\u1ebfp sau n\u1ea5u.<\/p>\n<p>Kh\u00f3a an to\u00e0n cho tr\u1ebb em.<\/p>\n<p>K\u00edch th\u01b0\u1edbc b\u1ec1 m\u1eb7t: 730mm x 430mm<\/p>\n<p>T\u1ed5ng c\u00f4ng xu\u1ea5t t\u1ed1i \u0111a: 4.8kw<\/p>\n<p>Xu\u1ea5t x\u1ee9: Malaysia<\/p>\n<p>&nbsp;<\/p>\n","protected":false},"featured_media":16966,"comment_status":"open","ping_status":"closed","template":"","meta":[],"product_brand":[],"product_cat":[713,794,745,813,712,796,799,810,75,795,72],"product_tag":[76,77,168,738,74],"class_list":{"0":"post-289","1":"product","2":"type-product","3":"status-publish","4":"has-post-thumbnail","6":"product_cat-bep-tu-dmestik","7":"product_cat-bep-2-tu","8":"product_cat-bep-dien-tu","9":"product_cat-bep-dien-tu-chung-cu","10":"product_cat-bep-dien-tu-dmestik","11":"product_cat-bep-dien-tu-doi","12":"product_cat-bep-dien-tu-hinh-chu-nhat","13":"product_cat-bep-dien-tu-malaysia","14":"product_cat-bep-tu","15":"product_cat-bep-tu-doi","16":"product_cat-thuong-hieu-dmestik","17":"product_tag-bep-tu","18":"product_tag-bep-tu-2-vung-nau","19":"product_tag-bep-tu-am","20":"product_tag-bep-tu-dmestik","21":"product_tag-dmestik","23":"first","24":"instock","25":"sale","26":"shipping-taxable","27":"purchasable","28":"product-type-simple"},"_links":{"self":[{"href":"https:\/\/livinghome.vn\/thiet-bi\/wp-json\/wp\/v2\/product\/289","targetHints":{"allow":["GET"]}}],"collection":[{"href":"https:\/\/livinghome.vn\/thiet-bi\/wp-json\/wp\/v2\/product"}],"about":[{"href":"https:\/\/livinghome.vn\/thiet-bi\/wp-json\/wp\/v2\/types\/product"}],"replies":[{"embeddable":true,"href":"https:\/\/livinghome.vn\/thiet-bi\/wp-json\/wp\/v2\/comments?post=289"}],"wp:featuredmedia":[{"embeddable":true,"href":"https:\/\/livinghome.vn\/thiet-bi\/wp-json\/wp\/v2\/media\/16966"}],"wp:attachment":[{"href":"https:\/\/livinghome.vn\/thiet-bi\/wp-json\/wp\/v2\/media?parent=289"}],"wp:term":[{"taxonomy":"product_brand","embeddable":true,"href":"https:\/\/livinghome.vn\/thiet-bi\/wp-json\/wp\/v2\/product_brand?post=289"},{"taxonomy":"product_cat","embeddable":true,"href":"https:\/\/livinghome.vn\/thiet-bi\/wp-json\/wp\/v2\/product_cat?post=289"},{"taxonomy":"product_tag","embeddable":true,"href":"https:\/\/livinghome.vn\/thiet-bi\/wp-json\/wp\/v2\/product_tag?post=289"}],"curies":[{"name":"wp","href":"https:\/\/api.w.org\/{rel}","templated":true}]}}