{"id":286,"date":"2023-01-12T10:05:51","date_gmt":"2023-01-12T10:05:51","guid":{"rendered":"https:\/\/livinghome.vn\/thiet-bi\/?post_type=product&#038;p=286"},"modified":"2024-11-29T14:21:08","modified_gmt":"2024-11-29T07:21:08","slug":"bep-dien-tu-dmestik-ml-921-dkt-73cm-1-dien-1-tu-mat-kinh-kanger","status":"publish","type":"product","link":"https:\/\/livinghome.vn\/thiet-bi\/bep-dien-tu-dmestik-ml-921-dkt-73cm-1-dien-1-tu-mat-kinh-kanger\/","title":{"rendered":"B\u1ebfp \u0110i\u1ec7n T\u1eeb Dmestik ML 921 DKT, 73cm, 1 \u0110i\u1ec7n 1 T\u1eeb, M\u1eb7t K\u00ednh Kanger"},"content":{"rendered":"<h2>B\u1ebfp \u0111i\u1ec7n t\u1eeb Dmestik ML 921 DKT &#8211; Made in Malaysia<\/h2>\n<h3>Gi\u1eddi thi\u1ec7u s\u1ea3n ph\u1ea9m<\/h3>\n<ul>\n<li>Ph\u00e2n lo\u1ea1i: <strong><a href=\"https:\/\/livinghome.vn\/thiet-bi\/bep-dien-tu-ket-hop\/\">B\u1ebfp \u0111i\u1ec7n t\u1eeb<\/a><\/strong> 2 v\u00f9ng n\u1ea5u<\/li>\n<li>M\u1eb7t k\u00ednh Kanger ch\u1ecbu l\u1ef1c, ch\u1ecbu nhi\u1ec7t, ch\u1ed1ng tr\u1ea7y x\u01b0\u1edbc cao\u00a0v\u00e1t 4 m\u1eb7t<\/li>\n<li>B\u1ea3ng \u0111i\u1ec1u khi\u1ec3n c\u1ea3m \u1ee9ng d\u1ea1ng tr\u01b0\u1ee3t slider<\/li>\n<li>T\u1ef1 \u0111\u1ed9ng nh\u1eadn di\u1ec7n n\u1ed3i v\u00e0 k\u00edch th\u01b0\u1edbc n\u1ed3i<\/li>\n<li>9 m\u1ee9c \u0111i\u1ec1u ch\u1ec9nh nhi\u1ec7t + booster<\/li>\n<li>C\u00f4ng ngh\u1ec7 inverter ti\u1ebft ki\u1ec7m \u0111i\u1ec7n<\/li>\n<li>Kh\u00f3a an to\u00e0n cho tr\u1ebb em<\/li>\n<li>Ch\u1ee9c n\u0103ng h\u1eb9n gi\u1edd n\u1ea5u tr\u00ean t\u1eebng b\u1ebfp<\/li>\n<li>C\u1ea3nh b\u00e1o nhi\u1ec7t d\u01b0 tr\u00ean m\u1eb7t b\u1ebfp sau n\u1ea5u<\/li>\n<li>T\u1ef1 \u0111\u1ed9ng t\u1eaft b\u1ebfp khi qu\u00e1 nhi\u1ec7t, qu\u00e1 \u00e1p<\/li>\n<li>Kh\u00f4ng chia s\u1ebb c\u00f4ng su\u1ea5t<\/li>\n<\/ul>\n<figure id=\"attachment_16928\" aria-describedby=\"caption-attachment-16928\" style=\"width: 1200px\" class=\"wp-caption alignnone\"><img loading=\"lazy\" decoding=\"async\" class=\"size-full wp-image-16928\" src=\"https:\/\/livinghome.vn\/thiet-bi\/wp-content\/uploads\/san-pham\/bep-dien-tu-ket-hop\/bep-dien-tu-ket-hop-dmestik\/dmestik-ml-921-dkt-1.jpg\" alt=\"B\u1ebfp \u0110i\u1ec7n T\u1eeb Dmestik ML 921 DKT, 73cm, 1 \u0110i\u1ec7n 1 T\u1eeb, M\u1eb7t K\u00ednh Kanger\" width=\"1200\" height=\"800\" title=\"\" srcset=\"https:\/\/livinghome.vn\/thiet-bi\/wp-content\/uploads\/san-pham\/bep-dien-tu-ket-hop\/bep-dien-tu-ket-hop-dmestik\/dmestik-ml-921-dkt-1.jpg 1200w, https:\/\/livinghome.vn\/thiet-bi\/wp-content\/uploads\/san-pham\/bep-dien-tu-ket-hop\/bep-dien-tu-ket-hop-dmestik\/dmestik-ml-921-dkt-1-600x400.jpg 600w, https:\/\/livinghome.vn\/thiet-bi\/wp-content\/uploads\/san-pham\/bep-dien-tu-ket-hop\/bep-dien-tu-ket-hop-dmestik\/dmestik-ml-921-dkt-1-768x512.jpg 768w\" sizes=\"auto, (max-width: 1200px) 100vw, 1200px\" \/><figcaption id=\"caption-attachment-16928\" class=\"wp-caption-text\">B\u1ebfp \u0110i\u1ec7n T\u1eeb Dmestik ML 921 DKT, 73cm, 1 \u0110i\u1ec7n 1 T\u1eeb, M\u1eb7t K\u00ednh Kanger<\/figcaption><\/figure>\n<p>B\u1ebfp \u0111i\u1ec7n t\u1eeb Dmestik ML921 DKTm\u1ed9t v\u00f9ng n\u1ea5u t\u1eeb m\u1ed9t v\u00f9ng n\u1ea5u h\u1ed3ng ngo\u1ea1i \u0111\u01b0\u1ee3c nh\u1eadp kh\u1ea9u nguy\u00ean chi\u1ebfc t\u1eeb Th\u00e1i Lan tr\u00ean s\u1ef1 ki\u1ec3m \u0111\u1ecbnh nghi\u00eam ng\u1eb7t v\u1ec1 ch\u1ea5t l\u01b0\u1ee3ng c\u1ee7a t\u1eadp \u0111o\u00e0n CNA, chi\u1ebfc B\u1ebfp \u0111i\u1ec7n t\u1eeb Dmestik ML921 DKT c\u00f3 gi\u00e1 th\u00e0nh th\u1ea5p h\u01a1n nhi\u1ec1u so v\u1edbi c\u00e1c d\u00f2ng nh\u1eadp kh\u1ea9u nguy\u00ean chi\u1ebfc tuy nhi\u00ean v\u1ec1 t\u00ednh n\u0103ng v\u00e0 ch\u1ea5t l\u01b0\u1ee3ng th\u00ec kh\u00f4ng h\u1ec1 thua k\u00e9m.<\/p>\n<h3>Th\u00f4ng s\u1ed1 k\u1ef9 thu\u1eadt<\/h3>\n<ul>\n<li>K\u00edch th\u01b0\u1edbc b\u1ec1 m\u1eb7t: 730mm x 430mm<\/li>\n<li>K\u00edch th\u01b0\u1edbc kho\u00e9t \u0111\u00e1: 690mm x 390mm<\/li>\n<li>T\u1ed5ng c\u00f4ng su\u1ea5t t\u1ed1i \u0111a: 4.6kw<\/li>\n<li>B\u1ebfp tr\u00e1i: b\u1ebfp t\u1eeb 2.0kw, booster 2.4kw.\u00a0\u00a0\u00d8220<\/li>\n<li>B\u1ebfp ph\u1ea3i: b\u1ebfp \u0111i\u1ec7n highlight 2.2kw.\u00a0\u00a0\u00d8220<\/li>\n<li>V\u00f9ng n\u1ea5u: 1 t\u1eeb 1 \u0111i\u1ec7n<\/li>\n<li>Xu\u1ea5t x\u1ee9: Malaysia<\/li>\n<li>B\u1ea3o h\u00e0nh: ch\u00ednh h\u00e3ng 3 n\u0103m<\/li>\n<\/ul>\n<p>&nbsp;<\/p>\n","protected":false},"excerpt":{"rendered":"<h3>B\u1ebfp \u0110i\u1ec7n T\u1eeb Dmestik ML 921 DKT Nh\u1eadp Kh\u1ea9u<\/h3>\n<ul>\n<li>9 m\u1ee9c \u0111i\u1ec1u ch\u1ec9nh nhi\u1ec7t + booster<\/li>\n<li>C\u00f4ng ngh\u1ec7 inverter ti\u1ebft ki\u1ec7m \u0111i\u1ec7n<\/li>\n<li>Kh\u00f3a an to\u00e0n cho tr\u1ebb em<\/li>\n<li>K\u00edch th\u01b0\u1edbc b\u1ec1 m\u1eb7t: 730mm x 430mm<\/li>\n<li>T\u1ed5ng c\u00f4ng su\u1ea5t t\u1ed1i \u0111a: 4.6kw<\/li>\n<\/ul>\n","protected":false},"featured_media":16927,"comment_status":"open","ping_status":"closed","template":"","meta":[],"product_brand":[],"product_cat":[1748,793,745,813,712,796,799,80,801,810,807,795,72],"product_tag":[81,115,82,74],"class_list":{"0":"post-286","1":"product","2":"type-product","3":"status-publish","4":"has-post-thumbnail","6":"product_cat-bep-dien-tu-ket-hop-dmestik","7":"product_cat-bep-1-dien-1-tu","8":"product_cat-bep-dien-tu","9":"product_cat-bep-dien-tu-chung-cu","10":"product_cat-bep-dien-tu-dmestik","11":"product_cat-bep-dien-tu-doi","12":"product_cat-bep-dien-tu-hinh-chu-nhat","13":"product_cat-bep-dien-tu-ket-hop","14":"product_cat-bep-dien-tu-khong-ken-noi","15":"product_cat-bep-dien-tu-malaysia","16":"product_cat-bep-dien-tu-tiet-kiem-dien","17":"product_cat-bep-tu-doi","18":"product_cat-thuong-hieu-dmestik","19":"product_tag-bep-dien-tu","20":"product_tag-bep-dien-tu-am","21":"product_tag-bep-dien-tu-dmestik","22":"product_tag-dmestik","24":"first","25":"instock","26":"sale","27":"shipping-taxable","28":"purchasable","29":"product-type-simple"},"_links":{"self":[{"href":"https:\/\/livinghome.vn\/thiet-bi\/wp-json\/wp\/v2\/product\/286","targetHints":{"allow":["GET"]}}],"collection":[{"href":"https:\/\/livinghome.vn\/thiet-bi\/wp-json\/wp\/v2\/product"}],"about":[{"href":"https:\/\/livinghome.vn\/thiet-bi\/wp-json\/wp\/v2\/types\/product"}],"replies":[{"embeddable":true,"href":"https:\/\/livinghome.vn\/thiet-bi\/wp-json\/wp\/v2\/comments?post=286"}],"wp:featuredmedia":[{"embeddable":true,"href":"https:\/\/livinghome.vn\/thiet-bi\/wp-json\/wp\/v2\/media\/16927"}],"wp:attachment":[{"href":"https:\/\/livinghome.vn\/thiet-bi\/wp-json\/wp\/v2\/media?parent=286"}],"wp:term":[{"taxonomy":"product_brand","embeddable":true,"href":"https:\/\/livinghome.vn\/thiet-bi\/wp-json\/wp\/v2\/product_brand?post=286"},{"taxonomy":"product_cat","embeddable":true,"href":"https:\/\/livinghome.vn\/thiet-bi\/wp-json\/wp\/v2\/product_cat?post=286"},{"taxonomy":"product_tag","embeddable":true,"href":"https:\/\/livinghome.vn\/thiet-bi\/wp-json\/wp\/v2\/product_tag?post=286"}],"curies":[{"name":"wp","href":"https:\/\/api.w.org\/{rel}","templated":true}]}}